{"id":8595,"date":"2014-01-29T23:16:42","date_gmt":"2014-01-29T21:16:42","guid":{"rendered":"https:\/\/www.cpv-ev.com\/?page_id=8595"},"modified":"2019-12-28T20:25:40","modified_gmt":"2019-12-28T18:25:40","slug":"stutensuche","status":"publish","type":"page","link":"https:\/\/www.cpv-ev.com\/?page_id=8595","title":{"rendered":"Stutensuche"},"content":{"rendered":"<p>&nbsp;<\/p>\n<p style=\"text-align: justify;\">\n<p style=\"text-align: justify;\">Auf dieser Seite haben Sie die M\u00f6glichkeit, die in unseren Angaben vorhandenen Informationen zu einer bestimmten <strong>Stute<\/strong> abzurufen, die dann mit ihren Nachkommen dargestellt wird. Nat\u00fcrlich sind die Angaben nicht vollst\u00e4ndig oder fehlerfrei &#8211; bitte schicken Sie weitere Informationen an <strong><a href=\"mailto:info@connemara-pony.de\">info@connemara-pony.de&nbsp; <\/a><\/strong><\/p>\n<p>&nbsp;<br \/>\n<strong>Legende der Abk\u00fcrzungen:<\/strong><\/p>\n<p><strong>Fohlen:<\/strong> PF = Pr\u00e4mienfohlen, PFG = Pr\u00e4mienfohlen Goldmedallie, WN = Wertnote<\/p>\n<p><strong>Stuten:<\/strong> StPrSt = Staatspr\u00e4mienstute, VbPrSt = Verbandspr\u00e4mienstute (= Pr\u00e4mienstute), E = Elitestute, HM = Hengstmutter<\/p>\n<p>LP = Leistungsgepr\u00fcft, FN (A) = eingetragen in FN Leistungsstutbuch Abteilung A (B, C, D entsprechend), FNBP = FN Bundespr\u00e4mie<\/p>\n<p><strong>Hengste*:<\/strong> bitte nutzen Sie den Link im Namen, um auf die Hengstseite zu gelangen<\/p>\n<p><strong>Sport:<\/strong> LGS = Lebensgewinnsumme, NLGS = Nachkommen-Lebensgewinnsumme<br \/>\n&nbsp;<\/p>\n<p style=\"text-align: justify;\"><strong>Zur Suchfunktion:<\/strong> bitte tippen Sie den Namen der gesuchten Stute in das Suchfeld und best\u00e4tigen Sie die Suche. Bei <strong>Namensgleichheit<\/strong> werden Ihnen die gleichnamigen Ponys angezeigt sowie Namen als Teilbegriffe (z.B. Lilo &#8211; Lilofee).<\/p>\n<p>&nbsp;<\/p>\n<p style=\"text-align: justify;\">Bitte w\u00e4hlen Sie im <strong>zweiten Schritt<\/strong> durch Anklicken des Namens im Auswahlfeld die Stute, deren Nachzucht Sie angezeigt bekommen m\u00f6chten.<\/p>\n<p style=\"text-align: justify;\">Dieser Schritt ist <strong>auch bei einzelnen<\/strong> Stuten erforderlich.<\/p>\n<p>&nbsp;<\/p>\n<p style=\"text-align: justify;\">Bitte beachten Sie, dass bei <strong>Namensgleichheit<\/strong> auch <strong>Nachkommen der anderen Stuten<\/strong> angezeigt werden. Nutzen Sie die Sortier-funktion nach <strong>Mutter<\/strong>, um die Nachzucht geordnet anzeigen zu lassen.<\/p>\n<p>&nbsp;<br \/>\nF\u00fcr eine <strong>neue Suche<\/strong> nutzen Sie den Button rechts \u00fcber der Tabelle.<br \/>\n&nbsp;<\/p>\n<hr>\n","protected":false},"excerpt":{"rendered":"<p>&nbsp; Auf dieser Seite haben Sie die M\u00f6glichkeit, die in unseren Angaben vorhandenen Informationen zu einer bestimmten Stute abzurufen, die dann mit ihren Nachkommen dargestellt wird. Nat\u00fcrlich sind die Angaben nicht vollst\u00e4ndig oder fehlerfrei &#8211; bitte schicken Sie weitere Informationen <a class=\"more-link\" href=\"https:\/\/www.cpv-ev.com\/?page_id=8595\"><span class=\"screen-reader-text\">  Stutensuche<\/span> weiterlesen<span class=\"meta-nav\">&rarr;<\/span><\/a><\/p>\n","protected":false},"author":2,"featured_media":0,"parent":7381,"menu_order":0,"comment_status":"closed","ping_status":"closed","template":"","meta":{"ngg_post_thumbnail":0,"footnotes":""},"class_list":["post-8595","page","type-page","status-publish","hentry"],"_links":{"self":[{"href":"https:\/\/www.cpv-ev.com\/index.php?rest_route=\/wp\/v2\/pages\/8595","targetHints":{"allow":["GET"]}}],"collection":[{"href":"https:\/\/www.cpv-ev.com\/index.php?rest_route=\/wp\/v2\/pages"}],"about":[{"href":"https:\/\/www.cpv-ev.com\/index.php?rest_route=\/wp\/v2\/types\/page"}],"author":[{"embeddable":true,"href":"https:\/\/www.cpv-ev.com\/index.php?rest_route=\/wp\/v2\/users\/2"}],"replies":[{"embeddable":true,"href":"https:\/\/www.cpv-ev.com\/index.php?rest_route=%2Fwp%2Fv2%2Fcomments&post=8595"}],"version-history":[{"count":0,"href":"https:\/\/www.cpv-ev.com\/index.php?rest_route=\/wp\/v2\/pages\/8595\/revisions"}],"up":[{"embeddable":true,"href":"https:\/\/www.cpv-ev.com\/index.php?rest_route=\/wp\/v2\/pages\/7381"}],"wp:attachment":[{"href":"https:\/\/www.cpv-ev.com\/index.php?rest_route=%2Fwp%2Fv2%2Fmedia&parent=8595"}],"curies":[{"name":"wp","href":"https:\/\/api.w.org\/{rel}","templated":true}]}}