{"id":8301,"date":"2014-01-24T17:23:49","date_gmt":"2014-01-24T15:23:49","guid":{"rendered":"https:\/\/www.cpv-ev.com\/?page_id=8301"},"modified":"2018-05-02T11:18:36","modified_gmt":"2018-05-02T09:18:36","slug":"gaeltacht-ciarain","status":"publish","type":"page","link":"https:\/\/www.cpv-ev.com\/?page_id=8301","title":{"rendered":"Gaeltacht Ciarain"},"content":{"rendered":"<p>&nbsp;<\/p>\n<table cellspacing=\"0\" cellpadding=\"0\" border=\"1\">\n<tbody>\n<tr>\n<td width=\"359\" valign=\"top\"><strong>Farbe:<\/strong> Schimmel<\/td>\n<td width=\"359\" valign=\"top\"><strong>Hengstbuch:<\/strong> Rheinland Pfalz Saar HB II<\/td>\n<\/tr>\n<tr>\n<td width=\"359\" valign=\"top\"><strong>Geboren:<\/strong> 2003<\/td>\n<td width=\"359\" valign=\"top\"><strong>Leistungspr\u00fcfung: <\/strong>bisher keine<strong><br \/>\n<\/strong><\/td>\n<\/tr>\n<tr>\n<td width=\"359\" valign=\"top\"><strong>Stockma\u00df:&nbsp;<\/strong><\/td>\n<td width=\"359\" valign=\"top\"><strong>Tr\u00e4ger des Creme-Faktors:<\/strong> unbekannt<\/td>\n<\/tr>\n<tr>\n<td width=\"359\" valign=\"top\"><strong>R\u00f6hrbein: <\/strong><strong><br \/>\n<\/strong><\/td>\n<td width=\"359\" valign=\"top\"><strong>Tr\u00e4ger des Fuchsgens:<\/strong> unbekannt<\/td>\n<\/tr>\n<tr>\n<td width=\"359\" valign=\"top\"><strong>Ausgeschieden:<\/strong>&nbsp;2016 abgemeldet<\/td>\n<td width=\"359\" valign=\"top\">&nbsp;<\/td>\n<\/tr>\n<tr>\n<td width=\"359\" valign=\"top\"><img loading=\"lazy\" decoding=\"async\" class=\"alignnone size-full wp-image-232\" src=\"https:\/\/www.cpv-ev.com\/wp-content\/uploads\/2012\/07\/trans240x10.gif\" alt=\"trans240x10\" width=\"240\" height=\"10\" srcset=\"https:\/\/www.cpv-ev.com\/wp-content\/uploads\/2012\/07\/trans240x10.gif 240w, https:\/\/www.cpv-ev.com\/wp-content\/uploads\/2012\/07\/trans240x10-225x10.gif 225w\" sizes=\"auto, (max-width: 240px) 100vw, 240px\" \/><\/td>\n<td width=\"359\" valign=\"top\">&nbsp;<\/td>\n<\/tr>\n<tr>\n<td width=\"359\" valign=\"top\"><strong>Gek\u00f6rte S\u00f6hne: <\/strong>bisher keine<\/td>\n<td width=\"359\" valign=\"top\"><strong>Eingetragene Stuten:<\/strong> &#8211;<strong><br \/>\n<\/strong><\/td>\n<\/tr>\n<tr>\n<td width=\"359\" valign=\"top\">&nbsp;<\/td>\n<td width=\"359\" valign=\"top\"><strong>davon StPrSt: <\/strong>&#8211;<strong><br \/>\n<\/strong><\/td>\n<\/tr>\n<tr>\n<td width=\"359\" valign=\"top\"><img loading=\"lazy\" decoding=\"async\" src=\"https:\/\/www.cpv-ev.com\/wp-content\/uploads\/2012\/07\/trans240x10.gif\" alt=\"trans240x10\" width=\"240\" height=\"10\"><\/td>\n<td width=\"359\" valign=\"top\">&nbsp;<\/td>\n<\/tr>\n<tr>\n<td width=\"359\" valign=\"top\"><strong>Lebensgewinnsumme:<\/strong> &#8211;<img loading=\"lazy\" decoding=\"async\" class=\"alignnone size-full wp-image-232\" title=\"trans240x10\" src=\"https:\/\/www.cpv-ev.com\/wp-content\/uploads\/2012\/07\/trans240x10.gif\" alt=\"\" width=\"100\" height=\"20\"><\/td>\n<td width=\"359\" valign=\"top\"><strong>Nachkommen-LGS: <\/strong>&#8211;<strong><br \/>\n<\/strong><\/td>\n<\/tr>\n<tr>\n<td colspan=\"2\" width=\"717\" valign=\"top\"><img loading=\"lazy\" decoding=\"async\" src=\"https:\/\/www.cpv-ev.com\/wp-content\/uploads\/2012\/07\/trans240x10.gif\" alt=\"trans240x10\" width=\"240\" height=\"10\"><\/td>\n<\/tr>\n<tr>\n<td colspan=\"2\" width=\"717\" valign=\"top\"><strong><strong>Z\u00fcchter &amp; <\/strong>Besitzer: <\/strong>Elke-Wendel-Lander, Neuhemsbach<\/td>\n<\/tr>\n<tr>\n<td width=\"359\" valign=\"top\">&nbsp;<\/td>\n<td width=\"359\" valign=\"top\">&nbsp;<\/td>\n<\/tr>\n<tr>\n<td width=\"307\" valign=\"top\">&nbsp;<\/td>\n<td width=\"307\" valign=\"top\">&nbsp;<\/td>\n<\/tr>\n<\/tbody>\n<\/table>\n<h5>Pedigree<\/h5>\n<p><img loading=\"lazy\" decoding=\"async\" class=\"alignnone size-full wp-image-11926\" src=\"https:\/\/www.cpv-ev.com\/wp-content\/uploads\/2014\/06\/Gaeltacht-Ciarain.jpg\" alt=\"Gaeltacht Ciarain\" width=\"680\" height=\"310\" srcset=\"https:\/\/www.cpv-ev.com\/wp-content\/uploads\/2014\/06\/Gaeltacht-Ciarain.jpg 680w, https:\/\/www.cpv-ev.com\/wp-content\/uploads\/2014\/06\/Gaeltacht-Ciarain-241x110.jpg 241w, https:\/\/www.cpv-ev.com\/wp-content\/uploads\/2014\/06\/Gaeltacht-Ciarain-300x136.jpg 300w, https:\/\/www.cpv-ev.com\/wp-content\/uploads\/2014\/06\/Gaeltacht-Ciarain-500x227.jpg 500w\" sizes=\"auto, (max-width: 680px) 100vw, 680px\" \/><\/p>\n<h5>Galerie<\/h5>\n<p>&nbsp;<\/p>\n<h5>Nachkommen<\/h5>\n\n<table id=\"tablepress-18\" class=\"tablepress tablepress-id-18\">\n<thead>\n<tr class=\"row-1\">\n\t<th class=\"column-1\">FOTO<\/th><th class=\"column-2\">NAME<\/th><th class=\"column-3\">JAHR<\/th><th class=\"column-4\">VATER<\/th><th class=\"column-5\">MUTTER<\/th><th class=\"column-6\">Z\u00dcCHTER<\/th>\n<\/tr>\n<\/thead>\n<tbody class=\"row-striping row-hover\">\n<\/tbody>\n<\/table>\n\n","protected":false},"excerpt":{"rendered":"<p>&nbsp; Farbe: Schimmel Hengstbuch: Rheinland Pfalz Saar HB II Geboren: 2003 Leistungspr\u00fcfung: bisher keine Stockma\u00df:&nbsp; Tr\u00e4ger des Creme-Faktors: unbekannt R\u00f6hrbein: Tr\u00e4ger des Fuchsgens: unbekannt Ausgeschieden:&nbsp;2016 abgemeldet &nbsp; &nbsp; Gek\u00f6rte S\u00f6hne: bisher keine Eingetragene Stuten: &#8211; &nbsp; davon StPrSt: &#8211; &nbsp; <a class=\"more-link\" href=\"https:\/\/www.cpv-ev.com\/?page_id=8301\"><span class=\"screen-reader-text\">  Gaeltacht Ciarain<\/span> weiterlesen<span class=\"meta-nav\">&rarr;<\/span><\/a><\/p>\n","protected":false},"author":2,"featured_media":0,"parent":11813,"menu_order":0,"comment_status":"closed","ping_status":"closed","template":"","meta":{"ngg_post_thumbnail":0,"footnotes":""},"class_list":["post-8301","page","type-page","status-publish","hentry"],"_links":{"self":[{"href":"https:\/\/www.cpv-ev.com\/index.php?rest_route=\/wp\/v2\/pages\/8301","targetHints":{"allow":["GET"]}}],"collection":[{"href":"https:\/\/www.cpv-ev.com\/index.php?rest_route=\/wp\/v2\/pages"}],"about":[{"href":"https:\/\/www.cpv-ev.com\/index.php?rest_route=\/wp\/v2\/types\/page"}],"author":[{"embeddable":true,"href":"https:\/\/www.cpv-ev.com\/index.php?rest_route=\/wp\/v2\/users\/2"}],"replies":[{"embeddable":true,"href":"https:\/\/www.cpv-ev.com\/index.php?rest_route=%2Fwp%2Fv2%2Fcomments&post=8301"}],"version-history":[{"count":0,"href":"https:\/\/www.cpv-ev.com\/index.php?rest_route=\/wp\/v2\/pages\/8301\/revisions"}],"up":[{"embeddable":true,"href":"https:\/\/www.cpv-ev.com\/index.php?rest_route=\/wp\/v2\/pages\/11813"}],"wp:attachment":[{"href":"https:\/\/www.cpv-ev.com\/index.php?rest_route=%2Fwp%2Fv2%2Fmedia&parent=8301"}],"curies":[{"name":"wp","href":"https:\/\/api.w.org\/{rel}","templated":true}]}}

<p>&nbsp;</p>
<table cellspacing="0" cellpadding="0" border="1">
<tbody>
<tr>
<td width="359" valign="top"><strong>Farbe:</strong> Schimmel</td>
<td width="359" valign="top"><strong>Hengstbuch:</strong> Rheinland Pfalz Saar HB II</td>
</tr>
<tr>
<td width="359" valign="top"><strong>Geboren:</strong> 2003</td>
<td width="359" valign="top"><strong>Leistungsprüfung: </strong>bisher keine<strong><br />
</strong></td>
</tr>
<tr>
<td width="359" valign="top"><strong>Stockmaß:&nbsp;</strong></td>
<td width="359" valign="top"><strong>Träger des Creme-Faktors:</strong> unbekannt</td>
</tr>
<tr>
<td width="359" valign="top"><strong>Röhrbein: </strong><strong><br />
</strong></td>
<td width="359" valign="top"><strong>Träger des Fuchsgens:</strong> unbekannt</td>
</tr>
<tr>
<td width="359" valign="top"><strong>Ausgeschieden:</strong>&nbsp;2016 abgemeldet</td>
<td width="359" valign="top">&nbsp;</td>
</tr>
<tr>
<td width="359" valign="top"><img loading="lazy" decoding="async" class="alignnone size-full wp-image-232" src="https://www.cpv-ev.com/wp-content/uploads/2012/07/trans240x10.gif" alt="trans240x10" width="240" height="10" srcset="https://www.cpv-ev.com/wp-content/uploads/2012/07/trans240x10.gif 240w, https://www.cpv-ev.com/wp-content/uploads/2012/07/trans240x10-225x10.gif 225w" sizes="auto, (max-width: 240px) 100vw, 240px" /></td>
<td width="359" valign="top">&nbsp;</td>
</tr>
<tr>
<td width="359" valign="top"><strong>Gekörte Söhne: </strong>bisher keine</td>
<td width="359" valign="top"><strong>Eingetragene Stuten:</strong> &#8211;<strong><br />
</strong></td>
</tr>
<tr>
<td width="359" valign="top">&nbsp;</td>
<td width="359" valign="top"><strong>davon StPrSt: </strong>&#8211;<strong><br />
</strong></td>
</tr>
<tr>
<td width="359" valign="top"><img loading="lazy" decoding="async" src="https://www.cpv-ev.com/wp-content/uploads/2012/07/trans240x10.gif" alt="trans240x10" width="240" height="10"></td>
<td width="359" valign="top">&nbsp;</td>
</tr>
<tr>
<td width="359" valign="top"><strong>Lebensgewinnsumme:</strong> &#8211;<img loading="lazy" decoding="async" class="alignnone size-full wp-image-232" title="trans240x10" src="https://www.cpv-ev.com/wp-content/uploads/2012/07/trans240x10.gif" alt="" width="100" height="20"></td>
<td width="359" valign="top"><strong>Nachkommen-LGS: </strong>&#8211;<strong><br />
</strong></td>
</tr>
<tr>
<td colspan="2" width="717" valign="top"><img loading="lazy" decoding="async" src="https://www.cpv-ev.com/wp-content/uploads/2012/07/trans240x10.gif" alt="trans240x10" width="240" height="10"></td>
</tr>
<tr>
<td colspan="2" width="717" valign="top"><strong><strong>Züchter &amp; </strong>Besitzer: </strong>Elke-Wendel-Lander, Neuhemsbach</td>
</tr>
<tr>
<td width="359" valign="top">&nbsp;</td>
<td width="359" valign="top">&nbsp;</td>
</tr>
<tr>
<td width="307" valign="top">&nbsp;</td>
<td width="307" valign="top">&nbsp;</td>
</tr>
</tbody>
</table>
<h5>Pedigree</h5>
<p><img loading="lazy" decoding="async" class="alignnone size-full wp-image-11926" src="https://www.cpv-ev.com/wp-content/uploads/2014/06/Gaeltacht-Ciarain.jpg" alt="Gaeltacht Ciarain" width="680" height="310" srcset="https://www.cpv-ev.com/wp-content/uploads/2014/06/Gaeltacht-Ciarain.jpg 680w, https://www.cpv-ev.com/wp-content/uploads/2014/06/Gaeltacht-Ciarain-241x110.jpg 241w, https://www.cpv-ev.com/wp-content/uploads/2014/06/Gaeltacht-Ciarain-300x136.jpg 300w, https://www.cpv-ev.com/wp-content/uploads/2014/06/Gaeltacht-Ciarain-500x227.jpg 500w" sizes="auto, (max-width: 680px) 100vw, 680px" /></p>
<h5>Galerie</h5>
<p>&nbsp;</p>
<h5>Nachkommen</h5>

<table id="tablepress-18" class="tablepress tablepress-id-18">
<thead>
<tr class="row-1">
	<th class="column-1">FOTO</th><th class="column-2">NAME</th><th class="column-3">JAHR</th><th class="column-4">VATER</th><th class="column-5">MUTTER</th><th class="column-6">ZÜCHTER</th>
</tr>
</thead>
<tbody class="row-striping row-hover">
</tbody>
</table>

<p>&nbsp; Farbe: Schimmel Hengstbuch: Rheinland Pfalz Saar HB II Geboren: 2003 Leistungsprüfung: bisher keine Stockmaß:&nbsp; Träger des Creme-Faktors: unbekannt Röhrbein: Träger des Fuchsgens: unbekannt Ausgeschieden:&nbsp;2016 abgemeldet &nbsp; &nbsp; Gekörte Söhne: bisher keine Eingetragene Stuten: &#8211; &nbsp; davon StPrSt: &#8211; &nbsp; <a class="more-link" href="https://www.cpv-ev.com/?page_id=8301"><span class="screen-reader-text">  Gaeltacht Ciarain</span> weiterlesen<span class="meta-nav">&rarr;</span></a></p>
