{"id":7667,"date":"2014-01-11T13:06:12","date_gmt":"2014-01-11T11:06:12","guid":{"rendered":"https:\/\/www.cpv-ev.com\/?page_id=7667"},"modified":"2019-03-17T13:13:55","modified_gmt":"2019-03-17T11:13:55","slug":"fohlenregistrierung","status":"publish","type":"page","link":"https:\/\/www.cpv-ev.com\/?page_id=7667","title":{"rendered":"Fohlenregistrierung"},"content":{"rendered":"<p>&nbsp;<\/p>\n<p style=\"text-align: justify;\">F\u00fcr alle Connemara Fohlen ist die <strong>Abstammungs\u00fcberpr\u00fcfung<\/strong> und die <strong>\u00dcberpr\u00fcfung auf den HWSD-Status<\/strong> Voraussetzung f\u00fcr die Registrierung. Bitte achten Sie bei der Registrierung Ihrer Fohlen darauf, dass die Haarwurzelprobe, ggfs. auch von der Stute, zur \u00dcberpr\u00fcfung genommen wird.<\/p>\n<p style=\"text-align: justify;\">Das Ergebnis der best\u00e4tigten Abstammungs\u00fcberpr\u00fcfung wird sp\u00e4ter mit der Nummer der Probenregistratur im Equidenpass ver\u00f6ffentlicht, ebenso wird das Ergebnis des HWSD-Tests im Pass vermerkt.<\/p>\n<p>&nbsp;<\/p>\n<p style=\"text-align: justify;\">Bei <strong>Stuten<\/strong>, die tragend <strong>ohne<\/strong> Deckschein aus dem <strong>Ausland<\/strong> (vor allem Irland, dort werden seit einigen Jahren keine Deckscheine mehr ausgestellt) imporiert wurden, ist die Connemarapony Vereinigung e.V. gern bei der Abstammungs\u00fcberpr\u00fcfung behilflich:<\/p>\n<p style=\"text-align: justify;\">auch bei diesen Fohlen muss die Haarprobe genommen werden, die spezielle Haart\u00fcte zum Einschicken der Proben kann unter <strong><a href=\"mailto:zucht@connemara-pony.de\">zucht@connemara-pony.de <\/a><\/strong>angefordert werden.<\/p>\n<p style=\"text-align: justify;\">Mit Hilfe der CPBS in Irland kann, falls der Vater des Fohlens nicht bekannt sein sollte, die Abstammung recherchiert werden. Von dort erfolgt die Untersuchung der Probe, da die Eltern in Irland genetisch registriert sind. Das Ergebnis wird dann an den jeweiligen Zuchtverband in Deutschland \u00fcbermittelt, der daraufhin den Equidenpass ausstellen kann.<\/p>\n<p style=\"text-align: justify;\">&nbsp;<\/p>\n","protected":false},"excerpt":{"rendered":"<p>&nbsp; F\u00fcr alle Connemara Fohlen ist die Abstammungs\u00fcberpr\u00fcfung und die \u00dcberpr\u00fcfung auf den HWSD-Status Voraussetzung f\u00fcr die Registrierung. Bitte achten Sie bei der Registrierung Ihrer Fohlen darauf, dass die Haarwurzelprobe, ggfs. auch von der Stute, zur \u00dcberpr\u00fcfung genommen wird. Das <a class=\"more-link\" href=\"https:\/\/www.cpv-ev.com\/?page_id=7667\"><span class=\"screen-reader-text\">  Fohlenregistrierung<\/span> weiterlesen<span class=\"meta-nav\">&rarr;<\/span><\/a><\/p>\n","protected":false},"author":2,"featured_media":0,"parent":0,"menu_order":0,"comment_status":"closed","ping_status":"closed","template":"onecolumn-page.php","meta":{"ngg_post_thumbnail":0,"footnotes":""},"class_list":["post-7667","page","type-page","status-publish","hentry"],"_links":{"self":[{"href":"https:\/\/www.cpv-ev.com\/index.php?rest_route=\/wp\/v2\/pages\/7667","targetHints":{"allow":["GET"]}}],"collection":[{"href":"https:\/\/www.cpv-ev.com\/index.php?rest_route=\/wp\/v2\/pages"}],"about":[{"href":"https:\/\/www.cpv-ev.com\/index.php?rest_route=\/wp\/v2\/types\/page"}],"author":[{"embeddable":true,"href":"https:\/\/www.cpv-ev.com\/index.php?rest_route=\/wp\/v2\/users\/2"}],"replies":[{"embeddable":true,"href":"https:\/\/www.cpv-ev.com\/index.php?rest_route=%2Fwp%2Fv2%2Fcomments&post=7667"}],"version-history":[{"count":0,"href":"https:\/\/www.cpv-ev.com\/index.php?rest_route=\/wp\/v2\/pages\/7667\/revisions"}],"wp:attachment":[{"href":"https:\/\/www.cpv-ev.com\/index.php?rest_route=%2Fwp%2Fv2%2Fmedia&parent=7667"}],"curies":[{"name":"wp","href":"https:\/\/api.w.org\/{rel}","templated":true}]}}