{"id":6323,"date":"2013-05-28T20:11:45","date_gmt":"2013-05-28T18:11:45","guid":{"rendered":"https:\/\/www.cpv-ev.com\/?page_id=6323"},"modified":"2015-12-30T18:34:58","modified_gmt":"2015-12-30T16:34:58","slug":"g-hengstschau-wickrath-2013-2","status":"publish","type":"page","link":"https:\/\/www.cpv-ev.com\/?page_id=6323","title":{"rendered":"G &#8211; Hengstschau Wickrath 2013"},"content":{"rendered":"<h5 class=\"art-archive\">Impressionen der Hengstschau Wickrath 2013<\/h5>\n<p>&nbsp;<\/p>\n<p><strong>Hengstschaubild mit Nachzucht von Ulrike Schmitt, M\u00f6nchengladbach<br \/>\n<\/strong><\/p>\n<p>&nbsp;<\/p>\n<p>Auf der 28. Hengstschau der Pony-, Kleinpferde- und Spezialrassen des Rheinischen Pferdestammbuchs e.V. im Pferdezentrum Schloss Wickrath pr\u00e4sentierte Familie Schmitt aus M\u00f6nchengladbach (Lokalmatadoren sozusagen) ihre vier Hengste: in blendender Form kam Sassan S, inzwischen 18-j\u00e4hrig, daher und machte an der Tete den jungen Hengsten vor, wie die Sache lief: gefolgt von den heimisch gezogenen Hengsten TC Cracker, TC Bourbon Boy und TC McKinley, die sich in einer immer wieder in einer aus mobilen, beidseitig bedruckten Werbebannern neu gestalteten Springquadrille zeigten.<\/p>\n<p>&nbsp;<\/p>\n<p>Zur Einleitung wurden die Hengste durch drei Nachkommen unterst\u00fctzt. Mit dabei war der Dunkelschimmel Kilkenny von McKinley &#8211; Caja van de Leliaard v. Brimstone van Graaf Janshof, unter dem Westernsattel wurde TC Liberty von McKinley &#8211; Stutenhof Lynn v. Lincoln vorgestellt und dritter im Bunde war der dunkelbraune Viller Beltain von TC Bourbon Boy &#8211; Viller Eva Luna v. Easter van de Leliaard.<\/p>\n<p>&nbsp;<\/p>\n<p>Ein Schaubild, dass durch seine Vielfalt (zwischen den vielen Reitpony-Dressurvorstellungen) und energiegeladene Spannung die Zuschauer beeindruckte.<\/p>\n<p>&nbsp;<\/p>\n<p>Alle Fotos: Foto-Job.com<\/p>\n<p>&nbsp;<\/p>\nngg_shortcode_0_placeholder\n","protected":false},"excerpt":{"rendered":"<p>Impressionen der Hengstschau Wickrath 2013 &nbsp; Hengstschaubild mit Nachzucht von Ulrike Schmitt, M\u00f6nchengladbach &nbsp; Auf der 28. Hengstschau der Pony-, Kleinpferde- und Spezialrassen des Rheinischen Pferdestammbuchs e.V. im Pferdezentrum Schloss Wickrath pr\u00e4sentierte Familie Schmitt aus M\u00f6nchengladbach (Lokalmatadoren sozusagen) ihre vier <a class=\"more-link\" href=\"https:\/\/www.cpv-ev.com\/?page_id=6323\"><span class=\"screen-reader-text\">  G &#8211; Hengstschau Wickrath 2013<\/span> weiterlesen<span class=\"meta-nav\">&rarr;<\/span><\/a><\/p>\n","protected":false},"author":2,"featured_media":0,"parent":0,"menu_order":0,"comment_status":"closed","ping_status":"closed","template":"","meta":{"ngg_post_thumbnail":0,"footnotes":""},"class_list":["post-6323","page","type-page","status-publish","hentry"],"_links":{"self":[{"href":"https:\/\/www.cpv-ev.com\/index.php?rest_route=\/wp\/v2\/pages\/6323","targetHints":{"allow":["GET"]}}],"collection":[{"href":"https:\/\/www.cpv-ev.com\/index.php?rest_route=\/wp\/v2\/pages"}],"about":[{"href":"https:\/\/www.cpv-ev.com\/index.php?rest_route=\/wp\/v2\/types\/page"}],"author":[{"embeddable":true,"href":"https:\/\/www.cpv-ev.com\/index.php?rest_route=\/wp\/v2\/users\/2"}],"replies":[{"embeddable":true,"href":"https:\/\/www.cpv-ev.com\/index.php?rest_route=%2Fwp%2Fv2%2Fcomments&post=6323"}],"version-history":[{"count":0,"href":"https:\/\/www.cpv-ev.com\/index.php?rest_route=\/wp\/v2\/pages\/6323\/revisions"}],"wp:attachment":[{"href":"https:\/\/www.cpv-ev.com\/index.php?rest_route=%2Fwp%2Fv2%2Fmedia&parent=6323"}],"curies":[{"name":"wp","href":"https:\/\/api.w.org\/{rel}","templated":true}]}}