{"id":513,"date":"2012-07-16T10:42:12","date_gmt":"2012-07-16T08:42:12","guid":{"rendered":"https:\/\/www.cpv-ev.com\/?page_id=513"},"modified":"2023-11-14T21:44:47","modified_gmt":"2023-11-14T19:44:47","slug":"wirthsmuhle-delaneys","status":"publish","type":"page","link":"https:\/\/www.cpv-ev.com\/?page_id=513","title":{"rendered":"Wirt(h)sm\u00fchle Delaney&#8217;s"},"content":{"rendered":"<table border=\"1\" cellspacing=\"0\" cellpadding=\"0\">\n<tbody>\n<tr>\n<td colspan=\"2\" valign=\"top\" width=\"717\"><img loading=\"lazy\" decoding=\"async\" src=\"https:\/\/www.cpv-ev.com\/wp-content\/uploads\/2012\/07\/trans240x10.gif\" alt=\"trans240x10\" width=\"240\" height=\"10\" \/><\/td>\n<\/tr>\n<tr>\n<td valign=\"top\" width=\"359\"><strong>Farbe:<\/strong> Schimmel<br \/>\n<strong>Geburtsfarbe:<\/strong> Braun<\/td>\n<td valign=\"top\" width=\"359\"><strong>Hengstbuch:<\/strong> Schleswig-Holstein\/ Hamburg HB I, D\u00e4nemark HB I<br \/>\n<strong>K\u00f6rung:<\/strong> 13.02.2010 Neum\u00fcnster<\/td>\n<\/tr>\n<tr>\n<td valign=\"top\" width=\"359\"><strong>Geboren:<\/strong> 2007<\/td>\n<td valign=\"top\" width=\"359\"><strong>Leistungspr\u00fcfung: <\/strong>2011 Neustadt\/Dosse<br \/>\nWN 7,83 (hochgerechnet)<strong><em><br \/>\n<\/em><\/strong><\/td>\n<\/tr>\n<tr>\n<td valign=\"top\" width=\"359\"><strong>Stockma\u00df: <\/strong>148 cm<\/td>\n<td valign=\"top\" width=\"359\"><strong>Tr\u00e4ger des Creme-Faktors:<\/strong> nein<\/td>\n<\/tr>\n<tr>\n<td valign=\"top\" width=\"359\"><strong>R\u00f6hrbein: <\/strong><strong><br \/>\n<\/strong><\/td>\n<td valign=\"top\" width=\"359\"><strong>Tr\u00e4ger des Fuchsgens:<\/strong> unbekannt<\/td>\n<\/tr>\n<tr>\n<td valign=\"top\" width=\"359\"><strong style=\"line-height: 24px;\">Deckbedingungen: <\/strong>auf Anfrage<\/td>\n<td valign=\"top\" width=\"359\"><strong>Decktaxe:<\/strong> auf Anfrage<\/td>\n<\/tr>\n<tr>\n<td valign=\"top\" width=\"359\"><strong style=\"line-height: 24px;\">HWSD-Status: <\/strong>N\/N mit Abstammungs\u00fcberpr\u00fcfung<strong style=\"line-height: 24px;\"><br \/>\n<\/strong><\/td>\n<\/tr>\n<tr>\n<td valign=\"top\" width=\"359\"><img loading=\"lazy\" decoding=\"async\" class=\"alignnone size-full wp-image-232\" src=\"https:\/\/www.cpv-ev.com\/wp-content\/uploads\/2012\/07\/trans240x10.gif\" alt=\"trans240x10\" width=\"240\" height=\"10\" srcset=\"https:\/\/www.cpv-ev.com\/wp-content\/uploads\/2012\/07\/trans240x10.gif 240w, https:\/\/www.cpv-ev.com\/wp-content\/uploads\/2012\/07\/trans240x10-225x10.gif 225w\" sizes=\"auto, (max-width: 240px) 100vw, 240px\" \/><\/td>\n<td valign=\"top\" width=\"359\"><\/td>\n<\/tr>\n<tr>\n<td valign=\"top\" width=\"359\"><strong>Gek\u00f6rte S\u00f6hne: <\/strong>Skaergarden Meet Me Tonight, <a href=\"https:\/\/www.cpv-ev.com\/?page_id=24248\" target=\"_blank\" rel=\"noopener noreferrer\">Skaergarden Dark Night<\/a><\/td>\n<td valign=\"top\" width=\"359\"><strong>Eingetragene Stuten: <\/strong>&#8211;<strong><br \/>\n<\/strong><\/td>\n<\/tr>\n<tr>\n<td valign=\"top\" width=\"359\"><\/td>\n<td valign=\"top\" width=\"359\"><strong>davon StPrSt: <\/strong>&#8211;<strong><br \/>\n<\/strong><\/td>\n<\/tr>\n<tr>\n<td valign=\"top\" width=\"359\"><img loading=\"lazy\" decoding=\"async\" src=\"https:\/\/www.cpv-ev.com\/wp-content\/uploads\/2012\/07\/trans240x10.gif\" alt=\"trans240x10\" width=\"240\" height=\"10\" \/><\/td>\n<td valign=\"top\" width=\"359\"><\/td>\n<\/tr>\n<tr>\n<td valign=\"top\" width=\"359\"><strong>Lebensgewinnsumme:<\/strong> &#8211;<img loading=\"lazy\" decoding=\"async\" class=\"alignnone size-full wp-image-232\" title=\"trans240x10\" src=\"https:\/\/www.cpv-ev.com\/wp-content\/uploads\/2012\/07\/trans240x10.gif\" alt=\"\" width=\"100\" height=\"20\" \/><\/td>\n<td valign=\"top\" width=\"359\"><strong>Nachkommen-LGS: <\/strong>&#8211;<strong><br \/>\n<\/strong><\/td>\n<\/tr>\n<tr>\n<td colspan=\"2\" valign=\"top\" width=\"717\"><img loading=\"lazy\" decoding=\"async\" src=\"https:\/\/www.cpv-ev.com\/wp-content\/uploads\/2012\/07\/trans240x10.gif\" alt=\"trans240x10\" width=\"240\" height=\"10\" \/><\/td>\n<\/tr>\n<tr>\n<td colspan=\"2\" valign=\"top\" width=\"717\"><strong>Z\u00fcchter:<\/strong>\u00a0Klaus Neuhaus und Angelika Wolf, 91171 Greding<strong><strong><br \/>\n<strong>Besitzer: <\/strong><\/strong><\/strong>Brigitte Goetske, 6040 Egtved, D\u00e4nemark<strong><strong><strong><br \/>\n<\/strong><\/strong><\/strong><\/td>\n<\/tr>\n<tr>\n<td valign=\"top\" width=\"359\">Telefon: 0045-75550164<\/td>\n<td valign=\"top\" width=\"359\">Mobil:<\/td>\n<\/tr>\n<tr>\n<td valign=\"top\" width=\"307\">Email: <a href=\"mailto:info@skaergaarden.dk\">info@skaergaarden.dk<\/a><\/td>\n<td valign=\"top\" width=\"307\">Website: <a href=\"https:\/\/www.skaergaarden.dk\" target=\"_blank\" rel=\"noopener noreferrer\">www.skaergaarden.dk<\/a><\/td>\n<\/tr>\n<\/tbody>\n<\/table>\n<h5>Pedigree<\/h5>\n<p><img loading=\"lazy\" decoding=\"async\" class=\"alignnone size-full wp-image-1936\" title=\"Wirthsm\u00fchle Delaney's\" src=\"https:\/\/www.cpv-ev.com\/wp-content\/uploads\/2012\/07\/wirthsmuehle-d_ped.jpg\" alt=\"\" width=\"685\" height=\"312\" srcset=\"https:\/\/www.cpv-ev.com\/wp-content\/uploads\/2012\/07\/wirthsmuehle-d_ped.jpg 685w, https:\/\/www.cpv-ev.com\/wp-content\/uploads\/2012\/07\/wirthsmuehle-d_ped-241x110.jpg 241w, https:\/\/www.cpv-ev.com\/wp-content\/uploads\/2012\/07\/wirthsmuehle-d_ped-300x136.jpg 300w, https:\/\/www.cpv-ev.com\/wp-content\/uploads\/2012\/07\/wirthsmuehle-d_ped-500x227.jpg 500w, https:\/\/www.cpv-ev.com\/wp-content\/uploads\/2012\/07\/wirthsmuehle-d_ped-680x310.jpg 680w\" sizes=\"auto, (max-width: 685px) 100vw, 685px\" \/><\/p>\n<h5>Galerie<\/h5>\n<p><a href=\"https:\/\/www.cpv-ev.com\/wp-content\/uploads\/2012\/07\/Wirthsmuehle_Delaneys.jpg\"><img loading=\"lazy\" decoding=\"async\" class=\"alignnone size-thumbnail wp-image-1539\" title=\"Wirthsm\u00fchle Delaney&#96;s \" src=\"https:\/\/www.cpv-ev.com\/wp-content\/uploads\/2012\/07\/Wirthsmuehle_Delaneys-74x110.jpg\" alt=\"\" width=\"74\" height=\"110\" srcset=\"https:\/\/www.cpv-ev.com\/wp-content\/uploads\/2012\/07\/Wirthsmuehle_Delaneys-74x110.jpg 74w, https:\/\/www.cpv-ev.com\/wp-content\/uploads\/2012\/07\/Wirthsmuehle_Delaneys-300x441.jpg 300w, https:\/\/www.cpv-ev.com\/wp-content\/uploads\/2012\/07\/Wirthsmuehle_Delaneys-340x500.jpg 340w, https:\/\/www.cpv-ev.com\/wp-content\/uploads\/2012\/07\/Wirthsmuehle_Delaneys.jpg 510w\" sizes=\"auto, (max-width: 74px) 100vw, 74px\" \/><\/a>\u00a0 \u00a0<a href=\"https:\/\/www.cpv-ev.com\/wp-content\/uploads\/2012\/07\/Wirthsmuehle_Delaneys1.jpg\"><img loading=\"lazy\" decoding=\"async\" class=\"alignnone size-thumbnail wp-image-1540\" title=\"Wirthsm\u00fchle Delaney&#96;s \" src=\"https:\/\/www.cpv-ev.com\/wp-content\/uploads\/2012\/07\/Wirthsmuehle_Delaneys1-153x110.jpg\" alt=\"\" width=\"153\" height=\"110\" srcset=\"https:\/\/www.cpv-ev.com\/wp-content\/uploads\/2012\/07\/Wirthsmuehle_Delaneys1-153x110.jpg 153w, https:\/\/www.cpv-ev.com\/wp-content\/uploads\/2012\/07\/Wirthsmuehle_Delaneys1-300x214.jpg 300w, https:\/\/www.cpv-ev.com\/wp-content\/uploads\/2012\/07\/Wirthsmuehle_Delaneys1-500x357.jpg 500w, https:\/\/www.cpv-ev.com\/wp-content\/uploads\/2012\/07\/Wirthsmuehle_Delaneys1.jpg 750w\" sizes=\"auto, (max-width: 153px) 100vw, 153px\" \/><\/a>\u00a0 \u00a0<a href=\"https:\/\/www.cpv-ev.com\/wp-content\/uploads\/2012\/07\/Wirthsmuehle_Delaneys2.jpg\"><img loading=\"lazy\" decoding=\"async\" class=\"alignnone size-thumbnail wp-image-1541\" title=\"Wirthsm\u00fchle Delaney&#96;s \" src=\"https:\/\/www.cpv-ev.com\/wp-content\/uploads\/2012\/07\/Wirthsmuehle_Delaneys2-158x110.jpg\" alt=\"\" width=\"158\" height=\"110\" srcset=\"https:\/\/www.cpv-ev.com\/wp-content\/uploads\/2012\/07\/Wirthsmuehle_Delaneys2-158x110.jpg 158w, https:\/\/www.cpv-ev.com\/wp-content\/uploads\/2012\/07\/Wirthsmuehle_Delaneys2-300x208.jpg 300w, https:\/\/www.cpv-ev.com\/wp-content\/uploads\/2012\/07\/Wirthsmuehle_Delaneys2.jpg 496w\" sizes=\"auto, (max-width: 158px) 100vw, 158px\" \/><\/a>\u00a0 \u00a0<a href=\"https:\/\/www.cpv-ev.com\/wp-content\/uploads\/2012\/07\/Wirthsmuehle_Delaneys3.jpg\"><img loading=\"lazy\" decoding=\"async\" class=\"alignnone size-thumbnail wp-image-1542\" title=\"Wirthsm\u00fchle Delaney&#96;s \" src=\"https:\/\/www.cpv-ev.com\/wp-content\/uploads\/2012\/07\/Wirthsmuehle_Delaneys3-69x110.jpg\" alt=\"\" width=\"69\" height=\"110\" srcset=\"https:\/\/www.cpv-ev.com\/wp-content\/uploads\/2012\/07\/Wirthsmuehle_Delaneys3-69x110.jpg 69w, https:\/\/www.cpv-ev.com\/wp-content\/uploads\/2012\/07\/Wirthsmuehle_Delaneys3-300x474.jpg 300w, https:\/\/www.cpv-ev.com\/wp-content\/uploads\/2012\/07\/Wirthsmuehle_Delaneys3-316x500.jpg 316w, https:\/\/www.cpv-ev.com\/wp-content\/uploads\/2012\/07\/Wirthsmuehle_Delaneys3.jpg 474w\" sizes=\"auto, (max-width: 69px) 100vw, 69px\" \/><\/a>\u00a0 \u00a0<a href=\"https:\/\/www.cpv-ev.com\/wp-content\/uploads\/2012\/07\/Wirthsmuehle_Delaneys4.jpg\"><img loading=\"lazy\" decoding=\"async\" class=\"alignnone size-thumbnail wp-image-1543\" title=\"Wirthsm\u00fchle Delaney&#96;s \" src=\"https:\/\/www.cpv-ev.com\/wp-content\/uploads\/2012\/07\/Wirthsmuehle_Delaneys4-142x110.jpg\" alt=\"\" width=\"142\" height=\"110\" srcset=\"https:\/\/www.cpv-ev.com\/wp-content\/uploads\/2012\/07\/Wirthsmuehle_Delaneys4-142x110.jpg 142w, https:\/\/www.cpv-ev.com\/wp-content\/uploads\/2012\/07\/Wirthsmuehle_Delaneys4-300x231.jpg 300w, https:\/\/www.cpv-ev.com\/wp-content\/uploads\/2012\/07\/Wirthsmuehle_Delaneys4-500x386.jpg 500w, https:\/\/www.cpv-ev.com\/wp-content\/uploads\/2012\/07\/Wirthsmuehle_Delaneys4.jpg 522w\" sizes=\"auto, (max-width: 142px) 100vw, 142px\" \/><\/a> \u00a0 <a href=\"https:\/\/www.cpv-ev.com\/wp-content\/uploads\/2014\/04\/Wirthsm\u00fchle-DelaneysK.jpg\"><img loading=\"lazy\" decoding=\"async\" class=\"alignnone size-thumbnail wp-image-10171\" src=\"https:\/\/www.cpv-ev.com\/wp-content\/uploads\/2014\/04\/Wirthsm\u00fchle-DelaneysK-82x110.jpg\" alt=\"Wirthsm\u00fchle Delaney's\" width=\"82\" height=\"110\" srcset=\"https:\/\/www.cpv-ev.com\/wp-content\/uploads\/2014\/04\/Wirthsm\u00fchle-DelaneysK-82x110.jpg 82w, https:\/\/www.cpv-ev.com\/wp-content\/uploads\/2014\/04\/Wirthsm\u00fchle-DelaneysK-300x399.jpg 300w, https:\/\/www.cpv-ev.com\/wp-content\/uploads\/2014\/04\/Wirthsm\u00fchle-DelaneysK-375x500.jpg 375w, https:\/\/www.cpv-ev.com\/wp-content\/uploads\/2014\/04\/Wirthsm\u00fchle-DelaneysK-110x146.jpg 110w, https:\/\/www.cpv-ev.com\/wp-content\/uploads\/2014\/04\/Wirthsm\u00fchle-DelaneysK-225x300.jpg 225w, https:\/\/www.cpv-ev.com\/wp-content\/uploads\/2014\/04\/Wirthsm\u00fchle-DelaneysK.jpg 562w\" sizes=\"auto, (max-width: 82px) 100vw, 82px\" \/><\/a> \u00a0 <a href=\"https:\/\/www.cpv-ev.com\/wp-content\/uploads\/2014\/04\/Wirthsm\u00fchle-Delaneys1.jpg\"><img loading=\"lazy\" decoding=\"async\" class=\"alignnone size-vs6_thumb wp-image-10170\" src=\"https:\/\/www.cpv-ev.com\/wp-content\/uploads\/2014\/04\/Wirthsm\u00fchle-Delaneys1-150x110.jpg\" alt=\"Wirthsm\u00fchle Delaney's\" width=\"150\" height=\"110\" \/><\/a>\u00a0\u00a0 <a href=\"https:\/\/www.cpv-ev.com\/wp-content\/uploads\/2014\/04\/Wirthsm\u00fchle-Delaneys-Sattel.jpg\"><img loading=\"lazy\" decoding=\"async\" class=\"alignnone size-vs6_thumb wp-image-10169\" src=\"https:\/\/www.cpv-ev.com\/wp-content\/uploads\/2014\/04\/Wirthsm\u00fchle-Delaneys-Sattel-150x110.jpg\" alt=\"Wirthsm\u00fchle Delaney's\" width=\"150\" height=\"110\" \/><\/a><\/p>\n<h5>Nachkommen<\/h5>\n\n<table id=\"tablepress-18\" class=\"tablepress tablepress-id-18\">\n<thead>\n<tr class=\"row-1\">\n\t<th class=\"column-1\">FOTO<\/th><th class=\"column-2\">NAME<\/th><th class=\"column-3\">JAHR<\/th><th class=\"column-4\">VATER<\/th><th class=\"column-5\">MUTTER<\/th><th class=\"column-6\">Z\u00dcCHTER<\/th>\n<\/tr>\n<\/thead>\n<tbody class=\"row-striping row-hover\">\n<\/tbody>\n<\/table>\n<!-- #tablepress-18 from cache -->\n","protected":false},"excerpt":{"rendered":"<p>Farbe: Schimmel Geburtsfarbe: Braun Hengstbuch: Schleswig-Holstein\/ Hamburg HB I, D\u00e4nemark HB I K\u00f6rung: 13.02.2010 Neum\u00fcnster Geboren: 2007 Leistungspr\u00fcfung: 2011 Neustadt\/Dosse WN 7,83 (hochgerechnet) Stockma\u00df: 148 cm Tr\u00e4ger des Creme-Faktors: nein R\u00f6hrbein: Tr\u00e4ger des Fuchsgens: unbekannt Deckbedingungen: auf Anfrage Decktaxe: auf <a class=\"more-link\" href=\"https:\/\/www.cpv-ev.com\/?page_id=513\"><span class=\"screen-reader-text\">  Wirt(h)sm\u00fchle Delaney&#8217;s<\/span> weiterlesen<span class=\"meta-nav\">&rarr;<\/span><\/a><\/p>\n","protected":false},"author":1,"featured_media":0,"parent":11823,"menu_order":0,"comment_status":"closed","ping_status":"open","template":"","meta":{"ngg_post_thumbnail":0,"footnotes":""},"class_list":["post-513","page","type-page","status-publish","hentry"],"_links":{"self":[{"href":"https:\/\/www.cpv-ev.com\/index.php?rest_route=\/wp\/v2\/pages\/513","targetHints":{"allow":["GET"]}}],"collection":[{"href":"https:\/\/www.cpv-ev.com\/index.php?rest_route=\/wp\/v2\/pages"}],"about":[{"href":"https:\/\/www.cpv-ev.com\/index.php?rest_route=\/wp\/v2\/types\/page"}],"author":[{"embeddable":true,"href":"https:\/\/www.cpv-ev.com\/index.php?rest_route=\/wp\/v2\/users\/1"}],"replies":[{"embeddable":true,"href":"https:\/\/www.cpv-ev.com\/index.php?rest_route=%2Fwp%2Fv2%2Fcomments&post=513"}],"version-history":[{"count":0,"href":"https:\/\/www.cpv-ev.com\/index.php?rest_route=\/wp\/v2\/pages\/513\/revisions"}],"up":[{"embeddable":true,"href":"https:\/\/www.cpv-ev.com\/index.php?rest_route=\/wp\/v2\/pages\/11823"}],"wp:attachment":[{"href":"https:\/\/www.cpv-ev.com\/index.php?rest_route=%2Fwp%2Fv2%2Fmedia&parent=513"}],"curies":[{"name":"wp","href":"https:\/\/api.w.org\/{rel}","templated":true}]}}