{"id":27358,"date":"2022-02-27T11:59:54","date_gmt":"2022-02-27T09:59:54","guid":{"rendered":"https:\/\/www.cpv-ev.com\/?page_id=27358"},"modified":"2026-02-20T12:58:05","modified_gmt":"2026-02-20T11:58:05","slug":"ekelys-faber-2","status":"publish","type":"page","link":"https:\/\/www.cpv-ev.com\/?page_id=27358","title":{"rendered":"Ekely&#8217;s Faber"},"content":{"rendered":"<table border=\"1\" cellspacing=\"0\" cellpadding=\"0\">\n<tbody>\n<tr>\n<td colspan=\"2\" valign=\"top\" width=\"717\"><img loading=\"lazy\" decoding=\"async\" src=\"https:\/\/www.cpv-ev.com\/wp-content\/uploads\/2012\/07\/trans240x10.gif\" alt=\"trans240x10\" width=\"240\" height=\"10\"><\/td>\n<\/tr>\n<tr>\n<td valign=\"top\" width=\"359\"><strong>Farbe:<\/strong> Schimmel<br \/>\n<strong>Geburtsfarbe:&nbsp;<\/strong>Rappe<\/td>\n<td valign=\"top\" width=\"359\"><strong>Hengstbuch:<\/strong> Hannover HB I<br \/>\n<strong>K\u00f6rung:<\/strong> 26.02.2022 Adelheidsdorf<\/td>\n<\/tr>\n<tr>\n<td valign=\"top\" width=\"359\"><strong>Geboren:<\/strong> 07.05.2019<\/td>\n<td valign=\"top\" width=\"359\"><strong>Leistungspr\u00fcfung: <\/strong>noch keine<\/td>\n<\/tr>\n<tr>\n<td valign=\"top\" width=\"359\"><strong>Stockma\u00df:&nbsp;<\/strong>147 cm<\/td>\n<td valign=\"top\" width=\"359\"><strong>Tr\u00e4ger des Creme-Faktors: <\/strong>nein<strong><br \/>\n<\/strong><\/td>\n<\/tr>\n<tr>\n<td valign=\"top\" width=\"359\"><strong>R\u00f6hrbein: <\/strong><strong><br \/>\n<\/strong><\/td>\n<td valign=\"top\" width=\"359\"><strong>Tr\u00e4ger des Fuchsgens: <\/strong>nein<strong><br \/>\n<\/strong><\/td>\n<\/tr>\n<tr>\n<td valign=\"top\" width=\"359\"><strong style=\"line-height: 24px;\">Ausgeschieden:&nbsp;<\/strong>2022 kastriert<\/td>\n<td valign=\"top\" width=\"359\">&nbsp;<\/td>\n<\/tr>\n<tr>\n<td valign=\"top\" width=\"359\"><strong style=\"line-height: 24px;\">HWSD-Status: <\/strong>N\/N mit Abstammungs\u00fcberpr\u00fcfung<strong style=\"line-height: 24px;\"><br \/>\n<\/strong><\/td>\n<td valign=\"top\" width=\"359\"><strong>&nbsp;<\/strong><\/td>\n<\/tr>\n<tr>\n<td valign=\"top\" width=\"359\"><img loading=\"lazy\" decoding=\"async\" class=\"alignnone size-full wp-image-232\" src=\"https:\/\/www.cpv-ev.com\/wp-content\/uploads\/2012\/07\/trans240x10.gif\" alt=\"trans240x10\" width=\"240\" height=\"10\" srcset=\"https:\/\/www.cpv-ev.com\/wp-content\/uploads\/2012\/07\/trans240x10.gif 240w, https:\/\/www.cpv-ev.com\/wp-content\/uploads\/2012\/07\/trans240x10-225x10.gif 225w\" sizes=\"auto, (max-width: 240px) 100vw, 240px\" \/><\/td>\n<td valign=\"top\" width=\"359\">&nbsp;<\/td>\n<\/tr>\n<tr>\n<td valign=\"top\" width=\"359\"><strong>Gek\u00f6rte S\u00f6hne:&nbsp;<\/strong> &#8211;<\/td>\n<td valign=\"top\" width=\"359\"><strong>Eingetragene Stuten:<\/strong> &#8211;<br \/>\n<strong>davon StPrSt: <\/strong>&#8211;<strong><br \/>\n<\/strong><\/td>\n<\/tr>\n<tr>\n<td valign=\"top\" width=\"359\"><img loading=\"lazy\" decoding=\"async\" src=\"https:\/\/www.cpv-ev.com\/wp-content\/uploads\/2012\/07\/trans240x10.gif\" alt=\"trans240x10\" width=\"240\" height=\"10\"><\/td>\n<td valign=\"top\" width=\"359\">&nbsp;<\/td>\n<\/tr>\n<tr>\n<td valign=\"top\" width=\"359\"><strong>Lebensgewinnsumme:<\/strong> &#8211;<img loading=\"lazy\" decoding=\"async\" class=\"alignnone size-full wp-image-232\" title=\"trans240x10\" src=\"https:\/\/www.cpv-ev.com\/wp-content\/uploads\/2012\/07\/trans240x10.gif\" alt=\"\" width=\"100\" height=\"20\"><\/td>\n<td valign=\"top\" width=\"359\"><strong>Nachkommen-LGS: <\/strong>&#8211;<\/td>\n<\/tr>\n<tr>\n<td colspan=\"2\" valign=\"top\" width=\"717\"><img loading=\"lazy\" decoding=\"async\" src=\"https:\/\/www.cpv-ev.com\/wp-content\/uploads\/2012\/07\/trans240x10.gif\" alt=\"trans240x10\" width=\"240\" height=\"10\"><\/td>\n<\/tr>\n<tr>\n<td colspan=\"2\" valign=\"top\" width=\"717\"><strong>Z\u00fcchter: <\/strong>Susanne Lehmann, Ekely Connemara Ponys, 26345 Bockhorn<\/td>\n<\/tr>\n<tr>\n<td colspan=\"2\" valign=\"top\" width=\"717\"><strong><strong>Besitzer: <\/strong><\/strong>Zuchthof Krone, Johannes &amp; Doris Krone, Brockdorfer Str. 16, 49413 Dinklage<\/td>\n<\/tr>\n<tr>\n<td valign=\"top\" width=\"359\">&nbsp;<\/td>\n<td valign=\"top\" width=\"359\">&nbsp;<\/td>\n<\/tr>\n<tr>\n<td valign=\"top\" width=\"307\">&nbsp;<\/td>\n<td valign=\"top\" width=\"307\">&nbsp;<\/td>\n<\/tr>\n<\/tbody>\n<\/table>\n<h5>Pedigree<\/h5>\n<p><a href=\"https:\/\/www.cpv-ev.com\/wp-content\/uploads\/2022\/02\/Ekelys-Faber-Ped.jpg\"><img loading=\"lazy\" decoding=\"async\" class=\"alignnone size-full wp-image-27351\" src=\"https:\/\/www.cpv-ev.com\/wp-content\/uploads\/2022\/02\/Ekelys-Faber-Ped.jpg\" alt=\"\" width=\"680\" height=\"310\"><\/a><img loading=\"lazy\" decoding=\"async\" src=\"https:\/\/www.cpv-ev.com\/wp-content\/uploads\/2012\/07\/trans240x10.gif\" alt=\"trans240x10\" width=\"240\" height=\"10\"><\/p>\n<h5>Galerie<\/h5>\n<p><a href=\"https:\/\/www.cpv-ev.com\/wp-content\/uploads\/2022\/02\/Ekelys-Faber-Stand.jpg\"><img loading=\"lazy\" decoding=\"async\" class=\"alignnone size-thumbnail wp-image-27353\" src=\"https:\/\/www.cpv-ev.com\/wp-content\/uploads\/2022\/02\/Ekelys-Faber-Stand-147x110.jpg\" alt=\"\" width=\"147\" height=\"110\"><\/a> <a href=\"https:\/\/www.cpv-ev.com\/wp-content\/uploads\/2022\/02\/Ekelys-Faber-Kopf.jpg\"><img loading=\"lazy\" decoding=\"async\" class=\"alignnone size-thumbnail wp-image-27349\" src=\"https:\/\/www.cpv-ev.com\/wp-content\/uploads\/2022\/02\/Ekelys-Faber-Kopf-83x110.jpg\" alt=\"\" width=\"83\" height=\"110\"> <\/a> <a href=\"https:\/\/www.cpv-ev.com\/wp-content\/uploads\/2022\/02\/Ekelys-Faber-Trab.jpg\"><img loading=\"lazy\" decoding=\"async\" class=\"alignnone size-thumbnail wp-image-27354\" src=\"https:\/\/www.cpv-ev.com\/wp-content\/uploads\/2022\/02\/Ekelys-Faber-Trab-147x110.jpg\" alt=\"\" width=\"147\" height=\"110\"><\/a> <a href=\"https:\/\/www.cpv-ev.com\/wp-content\/uploads\/2022\/02\/Ekelys-Faber-Sprung.jpg\"><img loading=\"lazy\" decoding=\"async\" class=\"alignnone size-thumbnail wp-image-27352\" src=\"https:\/\/www.cpv-ev.com\/wp-content\/uploads\/2022\/02\/Ekelys-Faber-Sprung-147x110.jpg\" alt=\"\" width=\"147\" height=\"110\"><\/a><\/p>\n<h5>Nachkommen<\/h5>\n\n<table id=\"tablepress-18\" class=\"tablepress tablepress-id-18\">\n<thead>\n<tr class=\"row-1\">\n\t<th class=\"column-1\">FOTO<\/th><th class=\"column-2\">NAME<\/th><th class=\"column-3\">JAHR<\/th><th class=\"column-4\">VATER<\/th><th class=\"column-5\">MUTTER<\/th><th class=\"column-6\">Z\u00dcCHTER<\/th>\n<\/tr>\n<\/thead>\n<tbody class=\"row-striping row-hover\">\n<\/tbody>\n<\/table>\n<!-- #tablepress-18 from cache -->\n","protected":false},"excerpt":{"rendered":"<p>Farbe: Schimmel Geburtsfarbe:&nbsp;Rappe Hengstbuch: Hannover HB I K\u00f6rung: 26.02.2022 Adelheidsdorf Geboren: 07.05.2019 Leistungspr\u00fcfung: noch keine Stockma\u00df:&nbsp;147 cm Tr\u00e4ger des Creme-Faktors: nein R\u00f6hrbein: Tr\u00e4ger des Fuchsgens: nein Ausgeschieden:&nbsp;2022 kastriert &nbsp; HWSD-Status: N\/N mit Abstammungs\u00fcberpr\u00fcfung &nbsp; &nbsp; Gek\u00f6rte S\u00f6hne:&nbsp; &#8211; Eingetragene Stuten: <a class=\"more-link\" href=\"https:\/\/www.cpv-ev.com\/?page_id=27358\"><span class=\"screen-reader-text\">  Ekely&#8217;s Faber<\/span> weiterlesen<span class=\"meta-nav\">&rarr;<\/span><\/a><\/p>\n","protected":false},"author":2,"featured_media":0,"parent":11804,"menu_order":0,"comment_status":"closed","ping_status":"closed","template":"","meta":{"ngg_post_thumbnail":0,"footnotes":""},"class_list":["post-27358","page","type-page","status-publish","hentry"],"_links":{"self":[{"href":"https:\/\/www.cpv-ev.com\/index.php?rest_route=\/wp\/v2\/pages\/27358","targetHints":{"allow":["GET"]}}],"collection":[{"href":"https:\/\/www.cpv-ev.com\/index.php?rest_route=\/wp\/v2\/pages"}],"about":[{"href":"https:\/\/www.cpv-ev.com\/index.php?rest_route=\/wp\/v2\/types\/page"}],"author":[{"embeddable":true,"href":"https:\/\/www.cpv-ev.com\/index.php?rest_route=\/wp\/v2\/users\/2"}],"replies":[{"embeddable":true,"href":"https:\/\/www.cpv-ev.com\/index.php?rest_route=%2Fwp%2Fv2%2Fcomments&post=27358"}],"version-history":[{"count":1,"href":"https:\/\/www.cpv-ev.com\/index.php?rest_route=\/wp\/v2\/pages\/27358\/revisions"}],"predecessor-version":[{"id":29994,"href":"https:\/\/www.cpv-ev.com\/index.php?rest_route=\/wp\/v2\/pages\/27358\/revisions\/29994"}],"up":[{"embeddable":true,"href":"https:\/\/www.cpv-ev.com\/index.php?rest_route=\/wp\/v2\/pages\/11804"}],"wp:attachment":[{"href":"https:\/\/www.cpv-ev.com\/index.php?rest_route=%2Fwp%2Fv2%2Fmedia&parent=27358"}],"curies":[{"name":"wp","href":"https:\/\/api.w.org\/{rel}","templated":true}]}}

<table border="1" cellspacing="0" cellpadding="0">
<tbody>
<tr>
<td colspan="2" valign="top" width="717"><img loading="lazy" decoding="async" src="https://www.cpv-ev.com/wp-content/uploads/2012/07/trans240x10.gif" alt="trans240x10" width="240" height="10"></td>
</tr>
<tr>
<td valign="top" width="359"><strong>Farbe:</strong> Schimmel<br />
<strong>Geburtsfarbe:&nbsp;</strong>Rappe</td>
<td valign="top" width="359"><strong>Hengstbuch:</strong> Hannover HB I<br />
<strong>Körung:</strong> 26.02.2022 Adelheidsdorf</td>
</tr>
<tr>
<td valign="top" width="359"><strong>Geboren:</strong> 07.05.2019</td>
<td valign="top" width="359"><strong>Leistungsprüfung: </strong>noch keine</td>
</tr>
<tr>
<td valign="top" width="359"><strong>Stockmaß:&nbsp;</strong>147 cm</td>
<td valign="top" width="359"><strong>Träger des Creme-Faktors: </strong>nein<strong><br />
</strong></td>
</tr>
<tr>
<td valign="top" width="359"><strong>Röhrbein: </strong><strong><br />
</strong></td>
<td valign="top" width="359"><strong>Träger des Fuchsgens: </strong>nein<strong><br />
</strong></td>
</tr>
<tr>
<td valign="top" width="359"><strong style="line-height: 24px;">Ausgeschieden:&nbsp;</strong>2022 kastriert</td>
<td valign="top" width="359">&nbsp;</td>
</tr>
<tr>
<td valign="top" width="359"><strong style="line-height: 24px;">HWSD-Status: </strong>N/N mit Abstammungsüberprüfung<strong style="line-height: 24px;"><br />
</strong></td>
<td valign="top" width="359"><strong>&nbsp;</strong></td>
</tr>
<tr>
<td valign="top" width="359"><img loading="lazy" decoding="async" class="alignnone size-full wp-image-232" src="https://www.cpv-ev.com/wp-content/uploads/2012/07/trans240x10.gif" alt="trans240x10" width="240" height="10" srcset="https://www.cpv-ev.com/wp-content/uploads/2012/07/trans240x10.gif 240w, https://www.cpv-ev.com/wp-content/uploads/2012/07/trans240x10-225x10.gif 225w" sizes="auto, (max-width: 240px) 100vw, 240px" /></td>
<td valign="top" width="359">&nbsp;</td>
</tr>
<tr>
<td valign="top" width="359"><strong>Gekörte Söhne:&nbsp;</strong> &#8211;</td>
<td valign="top" width="359"><strong>Eingetragene Stuten:</strong> &#8211;<br />
<strong>davon StPrSt: </strong>&#8211;<strong><br />
</strong></td>
</tr>
<tr>
<td valign="top" width="359"><img loading="lazy" decoding="async" src="https://www.cpv-ev.com/wp-content/uploads/2012/07/trans240x10.gif" alt="trans240x10" width="240" height="10"></td>
<td valign="top" width="359">&nbsp;</td>
</tr>
<tr>
<td valign="top" width="359"><strong>Lebensgewinnsumme:</strong> &#8211;<img loading="lazy" decoding="async" class="alignnone size-full wp-image-232" title="trans240x10" src="https://www.cpv-ev.com/wp-content/uploads/2012/07/trans240x10.gif" alt="" width="100" height="20"></td>
<td valign="top" width="359"><strong>Nachkommen-LGS: </strong>&#8211;</td>
</tr>
<tr>
<td colspan="2" valign="top" width="717"><img loading="lazy" decoding="async" src="https://www.cpv-ev.com/wp-content/uploads/2012/07/trans240x10.gif" alt="trans240x10" width="240" height="10"></td>
</tr>
<tr>
<td colspan="2" valign="top" width="717"><strong>Züchter: </strong>Susanne Lehmann, Ekely Connemara Ponys, 26345 Bockhorn</td>
</tr>
<tr>
<td colspan="2" valign="top" width="717"><strong><strong>Besitzer: </strong></strong>Zuchthof Krone, Johannes &amp; Doris Krone, Brockdorfer Str. 16, 49413 Dinklage</td>
</tr>
<tr>
<td valign="top" width="359">&nbsp;</td>
<td valign="top" width="359">&nbsp;</td>
</tr>
<tr>
<td valign="top" width="307">&nbsp;</td>
<td valign="top" width="307">&nbsp;</td>
</tr>
</tbody>
</table>
<h5>Pedigree</h5>
<p><a href="https://www.cpv-ev.com/wp-content/uploads/2022/02/Ekelys-Faber-Ped.jpg"><img loading="lazy" decoding="async" class="alignnone size-full wp-image-27351" src="https://www.cpv-ev.com/wp-content/uploads/2022/02/Ekelys-Faber-Ped.jpg" alt="" width="680" height="310"></a><img loading="lazy" decoding="async" src="https://www.cpv-ev.com/wp-content/uploads/2012/07/trans240x10.gif" alt="trans240x10" width="240" height="10"></p>
<h5>Galerie</h5>
<p><a href="https://www.cpv-ev.com/wp-content/uploads/2022/02/Ekelys-Faber-Stand.jpg"><img loading="lazy" decoding="async" class="alignnone size-thumbnail wp-image-27353" src="https://www.cpv-ev.com/wp-content/uploads/2022/02/Ekelys-Faber-Stand-147x110.jpg" alt="" width="147" height="110"></a> <a href="https://www.cpv-ev.com/wp-content/uploads/2022/02/Ekelys-Faber-Kopf.jpg"><img loading="lazy" decoding="async" class="alignnone size-thumbnail wp-image-27349" src="https://www.cpv-ev.com/wp-content/uploads/2022/02/Ekelys-Faber-Kopf-83x110.jpg" alt="" width="83" height="110"> </a> <a href="https://www.cpv-ev.com/wp-content/uploads/2022/02/Ekelys-Faber-Trab.jpg"><img loading="lazy" decoding="async" class="alignnone size-thumbnail wp-image-27354" src="https://www.cpv-ev.com/wp-content/uploads/2022/02/Ekelys-Faber-Trab-147x110.jpg" alt="" width="147" height="110"></a> <a href="https://www.cpv-ev.com/wp-content/uploads/2022/02/Ekelys-Faber-Sprung.jpg"><img loading="lazy" decoding="async" class="alignnone size-thumbnail wp-image-27352" src="https://www.cpv-ev.com/wp-content/uploads/2022/02/Ekelys-Faber-Sprung-147x110.jpg" alt="" width="147" height="110"></a></p>
<h5>Nachkommen</h5>

<table id="tablepress-18" class="tablepress tablepress-id-18">
<thead>
<tr class="row-1">
	<th class="column-1">FOTO</th><th class="column-2">NAME</th><th class="column-3">JAHR</th><th class="column-4">VATER</th><th class="column-5">MUTTER</th><th class="column-6">ZÜCHTER</th>
</tr>
</thead>
<tbody class="row-striping row-hover">
</tbody>
</table>
<!-- #tablepress-18 from cache -->

<p>Farbe: Schimmel Geburtsfarbe:&nbsp;Rappe Hengstbuch: Hannover HB I Körung: 26.02.2022 Adelheidsdorf Geboren: 07.05.2019 Leistungsprüfung: noch keine Stockmaß:&nbsp;147 cm Träger des Creme-Faktors: nein Röhrbein: Träger des Fuchsgens: nein Ausgeschieden:&nbsp;2022 kastriert &nbsp; HWSD-Status: N/N mit Abstammungsüberprüfung &nbsp; &nbsp; Gekörte Söhne:&nbsp; &#8211; Eingetragene Stuten: <a class="more-link" href="https://www.cpv-ev.com/?page_id=27358"><span class="screen-reader-text">  Ekely&#8217;s Faber</span> weiterlesen<span class="meta-nav">&rarr;</span></a></p>
