{"id":27125,"date":"2022-03-08T14:21:05","date_gmt":"2022-03-08T12:21:05","guid":{"rendered":"https:\/\/www.cpv-ev.com\/?page_id=27125"},"modified":"2023-10-09T16:27:06","modified_gmt":"2023-10-09T14:27:06","slug":"langtoftegard-marco","status":"publish","type":"page","link":"https:\/\/www.cpv-ev.com\/?page_id=27125","title":{"rendered":"Langtoftegard Marco"},"content":{"rendered":"<table border=\"1\" cellspacing=\"0\" cellpadding=\"0\">\n<tbody>\n<tr>\n<td colspan=\"2\" valign=\"top\" width=\"717\"><img loading=\"lazy\" decoding=\"async\" src=\"https:\/\/www.cpv-ev.com\/wp-content\/uploads\/2012\/07\/trans240x10.gif\" alt=\"trans240x10\" width=\"240\" height=\"10\" \/><\/td>\n<\/tr>\n<tr>\n<td valign=\"top\" width=\"359\"><strong>Farbe:<\/strong> Schimmel<br \/>\n<strong>Geburtsfarbe:\u00a0<\/strong><\/td>\n<td valign=\"top\" width=\"359\"><strong>Hengstbuch:<\/strong> Hessen HB I, D\u00e4nemark HB I, FN &#8211; Bundespr\u00e4mienhengst<br \/>\n<strong>K\u00f6rung:<\/strong> D\u00e4nemark<br \/>\n<strong>Anerkennung:<\/strong> 13.03.2021 Hessen<\/td>\n<\/tr>\n<tr>\n<td valign=\"top\" width=\"359\"><strong>Geboren:<\/strong> 04.05.2017<\/td>\n<td valign=\"top\" width=\"359\"><strong>Leistungspr\u00fcfung: <\/strong>2021 Erbach,<strong><br \/>\n<\/strong>2 TT, WN 7,79 (Rang 2\/2)<\/td>\n<\/tr>\n<tr>\n<td valign=\"top\" width=\"359\"><strong>Stockma\u00df: <\/strong>148 cm<\/td>\n<td valign=\"top\" width=\"359\"><strong>Tr\u00e4ger des Creme-Faktors: <\/strong>unbekannt<\/td>\n<\/tr>\n<tr>\n<td valign=\"top\" width=\"359\"><strong>R\u00f6hrbein: <\/strong><strong><br \/>\n<\/strong><\/td>\n<td valign=\"top\" width=\"359\"><strong>Tr\u00e4ger des Fuchsgens:<\/strong> unbekannt<\/td>\n<\/tr>\n<tr>\n<td valign=\"top\" width=\"359\"><strong style=\"line-height: 24px;\">Deckbedingungen: <\/strong>auf Anfrage<\/td>\n<td valign=\"top\" width=\"359\"><strong>Decktaxe:<\/strong><\/td>\n<\/tr>\n<tr>\n<td valign=\"top\" width=\"359\"><strong style=\"line-height: 24px;\">HWSD-Status: <\/strong>N\/N mit Abstammungs\u00fcberpr\u00fcfung<strong style=\"line-height: 24px;\"><br \/>\n<\/strong><\/td>\n<td valign=\"top\" width=\"359\"><strong>\u00a0<\/strong><\/td>\n<\/tr>\n<tr>\n<td valign=\"top\" width=\"359\"><img loading=\"lazy\" decoding=\"async\" class=\"alignnone size-full wp-image-232\" src=\"https:\/\/www.cpv-ev.com\/wp-content\/uploads\/2012\/07\/trans240x10.gif\" alt=\"trans240x10\" width=\"240\" height=\"10\" srcset=\"https:\/\/www.cpv-ev.com\/wp-content\/uploads\/2012\/07\/trans240x10.gif 240w, https:\/\/www.cpv-ev.com\/wp-content\/uploads\/2012\/07\/trans240x10-225x10.gif 225w\" sizes=\"auto, (max-width: 240px) 100vw, 240px\" \/><\/td>\n<td valign=\"top\" width=\"359\"><\/td>\n<\/tr>\n<tr>\n<td valign=\"top\" width=\"359\"><strong>Gek\u00f6rte S\u00f6hne: <\/strong>noch keine<\/td>\n<td valign=\"top\" width=\"359\"><strong>Eingetragene Stuten:<\/strong> &#8211;<strong><br \/>\n<\/strong><\/td>\n<\/tr>\n<tr>\n<td valign=\"top\" width=\"359\"><\/td>\n<td valign=\"top\" width=\"359\"><strong>davon StPrSt: <\/strong>&#8211;<strong><br \/>\n<\/strong><\/td>\n<\/tr>\n<tr>\n<td valign=\"top\" width=\"359\"><img loading=\"lazy\" decoding=\"async\" src=\"https:\/\/www.cpv-ev.com\/wp-content\/uploads\/2012\/07\/trans240x10.gif\" alt=\"trans240x10\" width=\"240\" height=\"10\" \/><\/td>\n<td valign=\"top\" width=\"359\"><\/td>\n<\/tr>\n<tr>\n<td valign=\"top\" width=\"359\"><strong>Lebensgewinnsumme:<\/strong> &#8211;<img loading=\"lazy\" decoding=\"async\" class=\"alignnone size-full wp-image-232\" title=\"trans240x10\" src=\"https:\/\/www.cpv-ev.com\/wp-content\/uploads\/2012\/07\/trans240x10.gif\" alt=\"\" width=\"100\" height=\"20\" \/><\/td>\n<td valign=\"top\" width=\"359\"><strong>Nachkommen-LGS: <\/strong>&#8211;<strong><br \/>\n<\/strong><\/td>\n<\/tr>\n<tr>\n<td colspan=\"2\" valign=\"top\" width=\"717\"><img loading=\"lazy\" decoding=\"async\" src=\"https:\/\/www.cpv-ev.com\/wp-content\/uploads\/2012\/07\/trans240x10.gif\" alt=\"trans240x10\" width=\"240\" height=\"10\" \/><\/td>\n<\/tr>\n<tr>\n<td colspan=\"2\" valign=\"top\" width=\"717\"><strong><strong>Z\u00fcchter: <\/strong><\/strong>Gest\u00fct Langtoftegard, Annette Villebaek, D\u00e4nemark<strong><strong><br \/>\n<\/strong><\/strong><strong>Besitzer: <\/strong>G\u00fcnter Decker, Wetzlarer Str. 16, 35756 Mittenaar-Bellersdorf<\/td>\n<\/tr>\n<tr>\n<td valign=\"top\" width=\"359\">Telefon: 0644-493100<\/td>\n<td valign=\"top\" width=\"359\">Mobil:<\/td>\n<\/tr>\n<tr>\n<td valign=\"top\" width=\"307\">Email: <a href=\"mailto:gasthausdecker@gmx.de\">gasthausdecker@gmx.de<\/a><em><strong><br \/>\n<\/strong><\/em><\/td>\n<td valign=\"top\" width=\"307\">Website:<\/td>\n<\/tr>\n<\/tbody>\n<\/table>\n<h5>Pedigree<\/h5>\n<p><a href=\"https:\/\/www.cpv-ev.com\/wp-content\/uploads\/2022\/03\/Langtoftegard-Marco-Ped.jpg\"><img loading=\"lazy\" decoding=\"async\" class=\"alignnone size-full wp-image-27395\" src=\"https:\/\/www.cpv-ev.com\/wp-content\/uploads\/2022\/03\/Langtoftegard-Marco-Ped.jpg\" alt=\"\" width=\"680\" height=\"310\" srcset=\"https:\/\/www.cpv-ev.com\/wp-content\/uploads\/2022\/03\/Langtoftegard-Marco-Ped.jpg 680w, https:\/\/www.cpv-ev.com\/wp-content\/uploads\/2022\/03\/Langtoftegard-Marco-Ped-300x137.jpg 300w, https:\/\/www.cpv-ev.com\/wp-content\/uploads\/2022\/03\/Langtoftegard-Marco-Ped-500x228.jpg 500w, https:\/\/www.cpv-ev.com\/wp-content\/uploads\/2022\/03\/Langtoftegard-Marco-Ped-241x110.jpg 241w\" sizes=\"auto, (max-width: 680px) 100vw, 680px\" \/><\/a><br \/>\n<img loading=\"lazy\" decoding=\"async\" src=\"https:\/\/www.cpv-ev.com\/wp-content\/uploads\/2012\/07\/trans240x10.gif\" alt=\"trans240x10\" width=\"240\" height=\"10\" \/><\/p>\n<h5>Galerie<\/h5>\n<p><a href=\"https:\/\/www.cpv-ev.com\/wp-content\/uploads\/2022\/03\/Langtoftegard-Marco.jpg\"><img loading=\"lazy\" decoding=\"async\" class=\"alignnone size-thumbnail wp-image-27443\" src=\"https:\/\/www.cpv-ev.com\/wp-content\/uploads\/2022\/03\/Langtoftegard-Marco-147x110.jpg\" alt=\"\" width=\"147\" height=\"110\" srcset=\"https:\/\/www.cpv-ev.com\/wp-content\/uploads\/2022\/03\/Langtoftegard-Marco-147x110.jpg 147w, https:\/\/www.cpv-ev.com\/wp-content\/uploads\/2022\/03\/Langtoftegard-Marco-300x225.jpg 300w, https:\/\/www.cpv-ev.com\/wp-content\/uploads\/2022\/03\/Langtoftegard-Marco-500x375.jpg 500w, https:\/\/www.cpv-ev.com\/wp-content\/uploads\/2022\/03\/Langtoftegard-Marco-146x110.jpg 146w, https:\/\/www.cpv-ev.com\/wp-content\/uploads\/2022\/03\/Langtoftegard-Marco.jpg 750w\" sizes=\"auto, (max-width: 147px) 100vw, 147px\" \/><\/a> <a href=\"https:\/\/www.cpv-ev.com\/wp-content\/uploads\/2022\/03\/Langtoftegard-Marco-Stand.jpg\"><img loading=\"lazy\" decoding=\"async\" class=\"alignnone size-thumbnail wp-image-27442\" src=\"https:\/\/www.cpv-ev.com\/wp-content\/uploads\/2022\/03\/Langtoftegard-Marco-Stand-147x110.jpg\" alt=\"\" width=\"147\" height=\"110\" srcset=\"https:\/\/www.cpv-ev.com\/wp-content\/uploads\/2022\/03\/Langtoftegard-Marco-Stand-147x110.jpg 147w, https:\/\/www.cpv-ev.com\/wp-content\/uploads\/2022\/03\/Langtoftegard-Marco-Stand-300x225.jpg 300w, https:\/\/www.cpv-ev.com\/wp-content\/uploads\/2022\/03\/Langtoftegard-Marco-Stand-500x375.jpg 500w, https:\/\/www.cpv-ev.com\/wp-content\/uploads\/2022\/03\/Langtoftegard-Marco-Stand-146x110.jpg 146w, https:\/\/www.cpv-ev.com\/wp-content\/uploads\/2022\/03\/Langtoftegard-Marco-Stand.jpg 750w\" sizes=\"auto, (max-width: 147px) 100vw, 147px\" \/><\/a>\u00a0<a href=\"https:\/\/www.cpv-ev.com\/wp-content\/uploads\/2022\/03\/Langtoftegard-Marco-St2.jpg\"><img loading=\"lazy\" decoding=\"async\" class=\"alignnone size-thumbnail wp-image-27441\" src=\"https:\/\/www.cpv-ev.com\/wp-content\/uploads\/2022\/03\/Langtoftegard-Marco-St2-133x110.jpg\" alt=\"\" width=\"133\" height=\"110\" srcset=\"https:\/\/www.cpv-ev.com\/wp-content\/uploads\/2022\/03\/Langtoftegard-Marco-St2-133x110.jpg 133w, https:\/\/www.cpv-ev.com\/wp-content\/uploads\/2022\/03\/Langtoftegard-Marco-St2-300x248.jpg 300w, https:\/\/www.cpv-ev.com\/wp-content\/uploads\/2022\/03\/Langtoftegard-Marco-St2-500x414.jpg 500w, https:\/\/www.cpv-ev.com\/wp-content\/uploads\/2022\/03\/Langtoftegard-Marco-St2.jpg 725w\" sizes=\"auto, (max-width: 133px) 100vw, 133px\" \/><\/a><\/p>\n<h5>Nachkommen<\/h5>\n\n<table id=\"tablepress-18\" class=\"tablepress tablepress-id-18\">\n<thead>\n<tr class=\"row-1\">\n\t<th class=\"column-1\">FOTO<\/th><th class=\"column-2\">NAME<\/th><th class=\"column-3\">JAHR<\/th><th class=\"column-4\">VATER<\/th><th class=\"column-5\">MUTTER<\/th><th class=\"column-6\">Z\u00dcCHTER<\/th>\n<\/tr>\n<\/thead>\n<tbody class=\"row-striping row-hover\">\n<\/tbody>\n<\/table>\n<!-- #tablepress-18 from cache -->\n","protected":false},"excerpt":{"rendered":"<p>Farbe: Schimmel Geburtsfarbe:\u00a0 Hengstbuch: Hessen HB I, D\u00e4nemark HB I, FN &#8211; Bundespr\u00e4mienhengst K\u00f6rung: D\u00e4nemark Anerkennung: 13.03.2021 Hessen Geboren: 04.05.2017 Leistungspr\u00fcfung: 2021 Erbach, 2 TT, WN 7,79 (Rang 2\/2) Stockma\u00df: 148 cm Tr\u00e4ger des Creme-Faktors: unbekannt R\u00f6hrbein: Tr\u00e4ger des Fuchsgens: <a class=\"more-link\" href=\"https:\/\/www.cpv-ev.com\/?page_id=27125\"><span class=\"screen-reader-text\">  Langtoftegard Marco<\/span> weiterlesen<span class=\"meta-nav\">&rarr;<\/span><\/a><\/p>\n","protected":false},"author":2,"featured_media":0,"parent":0,"menu_order":0,"comment_status":"closed","ping_status":"closed","template":"","meta":{"ngg_post_thumbnail":0,"footnotes":""},"class_list":["post-27125","page","type-page","status-publish","hentry"],"_links":{"self":[{"href":"https:\/\/www.cpv-ev.com\/index.php?rest_route=\/wp\/v2\/pages\/27125","targetHints":{"allow":["GET"]}}],"collection":[{"href":"https:\/\/www.cpv-ev.com\/index.php?rest_route=\/wp\/v2\/pages"}],"about":[{"href":"https:\/\/www.cpv-ev.com\/index.php?rest_route=\/wp\/v2\/types\/page"}],"author":[{"embeddable":true,"href":"https:\/\/www.cpv-ev.com\/index.php?rest_route=\/wp\/v2\/users\/2"}],"replies":[{"embeddable":true,"href":"https:\/\/www.cpv-ev.com\/index.php?rest_route=%2Fwp%2Fv2%2Fcomments&post=27125"}],"version-history":[{"count":0,"href":"https:\/\/www.cpv-ev.com\/index.php?rest_route=\/wp\/v2\/pages\/27125\/revisions"}],"wp:attachment":[{"href":"https:\/\/www.cpv-ev.com\/index.php?rest_route=%2Fwp%2Fv2%2Fmedia&parent=27125"}],"curies":[{"name":"wp","href":"https:\/\/api.w.org\/{rel}","templated":true}]}}

<table border="1" cellspacing="0" cellpadding="0">
<tbody>
<tr>
<td colspan="2" valign="top" width="717"><img loading="lazy" decoding="async" src="https://www.cpv-ev.com/wp-content/uploads/2012/07/trans240x10.gif" alt="trans240x10" width="240" height="10" /></td>
</tr>
<tr>
<td valign="top" width="359"><strong>Farbe:</strong> Schimmel<br />
<strong>Geburtsfarbe: </strong></td>
<td valign="top" width="359"><strong>Hengstbuch:</strong> Hessen HB I, Dänemark HB I, FN &#8211; Bundesprämienhengst<br />
<strong>Körung:</strong> Dänemark<br />
<strong>Anerkennung:</strong> 13.03.2021 Hessen</td>
</tr>
<tr>
<td valign="top" width="359"><strong>Geboren:</strong> 04.05.2017</td>
<td valign="top" width="359"><strong>Leistungsprüfung: </strong>2021 Erbach,<strong><br />
</strong>2 TT, WN 7,79 (Rang 2/2)</td>
</tr>
<tr>
<td valign="top" width="359"><strong>Stockmaß: </strong>148 cm</td>
<td valign="top" width="359"><strong>Träger des Creme-Faktors: </strong>unbekannt</td>
</tr>
<tr>
<td valign="top" width="359"><strong>Röhrbein: </strong><strong><br />
</strong></td>
<td valign="top" width="359"><strong>Träger des Fuchsgens:</strong> unbekannt</td>
</tr>
<tr>
<td valign="top" width="359"><strong style="line-height: 24px;">Deckbedingungen: </strong>auf Anfrage</td>
<td valign="top" width="359"><strong>Decktaxe:</strong></td>
</tr>
<tr>
<td valign="top" width="359"><strong style="line-height: 24px;">HWSD-Status: </strong>N/N mit Abstammungsüberprüfung<strong style="line-height: 24px;"><br />
</strong></td>
<td valign="top" width="359"><strong> </strong></td>
</tr>
<tr>
<td valign="top" width="359"><img loading="lazy" decoding="async" class="alignnone size-full wp-image-232" src="https://www.cpv-ev.com/wp-content/uploads/2012/07/trans240x10.gif" alt="trans240x10" width="240" height="10" srcset="https://www.cpv-ev.com/wp-content/uploads/2012/07/trans240x10.gif 240w, https://www.cpv-ev.com/wp-content/uploads/2012/07/trans240x10-225x10.gif 225w" sizes="auto, (max-width: 240px) 100vw, 240px" /></td>
<td valign="top" width="359"></td>
</tr>
<tr>
<td valign="top" width="359"><strong>Gekörte Söhne: </strong>noch keine</td>
<td valign="top" width="359"><strong>Eingetragene Stuten:</strong> &#8211;<strong><br />
</strong></td>
</tr>
<tr>
<td valign="top" width="359"></td>
<td valign="top" width="359"><strong>davon StPrSt: </strong>&#8211;<strong><br />
</strong></td>
</tr>
<tr>
<td valign="top" width="359"><img loading="lazy" decoding="async" src="https://www.cpv-ev.com/wp-content/uploads/2012/07/trans240x10.gif" alt="trans240x10" width="240" height="10" /></td>
<td valign="top" width="359"></td>
</tr>
<tr>
<td valign="top" width="359"><strong>Lebensgewinnsumme:</strong> &#8211;<img loading="lazy" decoding="async" class="alignnone size-full wp-image-232" title="trans240x10" src="https://www.cpv-ev.com/wp-content/uploads/2012/07/trans240x10.gif" alt="" width="100" height="20" /></td>
<td valign="top" width="359"><strong>Nachkommen-LGS: </strong>&#8211;<strong><br />
</strong></td>
</tr>
<tr>
<td colspan="2" valign="top" width="717"><img loading="lazy" decoding="async" src="https://www.cpv-ev.com/wp-content/uploads/2012/07/trans240x10.gif" alt="trans240x10" width="240" height="10" /></td>
</tr>
<tr>
<td colspan="2" valign="top" width="717"><strong><strong>Züchter: </strong></strong>Gestüt Langtoftegard, Annette Villebaek, Dänemark<strong><strong><br />
</strong></strong><strong>Besitzer: </strong>Günter Decker, Wetzlarer Str. 16, 35756 Mittenaar-Bellersdorf</td>
</tr>
<tr>
<td valign="top" width="359">Telefon: 0644-493100</td>
<td valign="top" width="359">Mobil:</td>
</tr>
<tr>
<td valign="top" width="307">Email: <a href="mailto:gasthausdecker@gmx.de">gasthausdecker@gmx.de</a><em><strong><br />
</strong></em></td>
<td valign="top" width="307">Website:</td>
</tr>
</tbody>
</table>
<h5>Pedigree</h5>
<p><a href="https://www.cpv-ev.com/wp-content/uploads/2022/03/Langtoftegard-Marco-Ped.jpg"><img loading="lazy" decoding="async" class="alignnone size-full wp-image-27395" src="https://www.cpv-ev.com/wp-content/uploads/2022/03/Langtoftegard-Marco-Ped.jpg" alt="" width="680" height="310" srcset="https://www.cpv-ev.com/wp-content/uploads/2022/03/Langtoftegard-Marco-Ped.jpg 680w, https://www.cpv-ev.com/wp-content/uploads/2022/03/Langtoftegard-Marco-Ped-300x137.jpg 300w, https://www.cpv-ev.com/wp-content/uploads/2022/03/Langtoftegard-Marco-Ped-500x228.jpg 500w, https://www.cpv-ev.com/wp-content/uploads/2022/03/Langtoftegard-Marco-Ped-241x110.jpg 241w" sizes="auto, (max-width: 680px) 100vw, 680px" /></a><br />
<img loading="lazy" decoding="async" src="https://www.cpv-ev.com/wp-content/uploads/2012/07/trans240x10.gif" alt="trans240x10" width="240" height="10" /></p>
<h5>Galerie</h5>
<p><a href="https://www.cpv-ev.com/wp-content/uploads/2022/03/Langtoftegard-Marco.jpg"><img loading="lazy" decoding="async" class="alignnone size-thumbnail wp-image-27443" src="https://www.cpv-ev.com/wp-content/uploads/2022/03/Langtoftegard-Marco-147x110.jpg" alt="" width="147" height="110" srcset="https://www.cpv-ev.com/wp-content/uploads/2022/03/Langtoftegard-Marco-147x110.jpg 147w, https://www.cpv-ev.com/wp-content/uploads/2022/03/Langtoftegard-Marco-300x225.jpg 300w, https://www.cpv-ev.com/wp-content/uploads/2022/03/Langtoftegard-Marco-500x375.jpg 500w, https://www.cpv-ev.com/wp-content/uploads/2022/03/Langtoftegard-Marco-146x110.jpg 146w, https://www.cpv-ev.com/wp-content/uploads/2022/03/Langtoftegard-Marco.jpg 750w" sizes="auto, (max-width: 147px) 100vw, 147px" /></a> <a href="https://www.cpv-ev.com/wp-content/uploads/2022/03/Langtoftegard-Marco-Stand.jpg"><img loading="lazy" decoding="async" class="alignnone size-thumbnail wp-image-27442" src="https://www.cpv-ev.com/wp-content/uploads/2022/03/Langtoftegard-Marco-Stand-147x110.jpg" alt="" width="147" height="110" srcset="https://www.cpv-ev.com/wp-content/uploads/2022/03/Langtoftegard-Marco-Stand-147x110.jpg 147w, https://www.cpv-ev.com/wp-content/uploads/2022/03/Langtoftegard-Marco-Stand-300x225.jpg 300w, https://www.cpv-ev.com/wp-content/uploads/2022/03/Langtoftegard-Marco-Stand-500x375.jpg 500w, https://www.cpv-ev.com/wp-content/uploads/2022/03/Langtoftegard-Marco-Stand-146x110.jpg 146w, https://www.cpv-ev.com/wp-content/uploads/2022/03/Langtoftegard-Marco-Stand.jpg 750w" sizes="auto, (max-width: 147px) 100vw, 147px" /></a> <a href="https://www.cpv-ev.com/wp-content/uploads/2022/03/Langtoftegard-Marco-St2.jpg"><img loading="lazy" decoding="async" class="alignnone size-thumbnail wp-image-27441" src="https://www.cpv-ev.com/wp-content/uploads/2022/03/Langtoftegard-Marco-St2-133x110.jpg" alt="" width="133" height="110" srcset="https://www.cpv-ev.com/wp-content/uploads/2022/03/Langtoftegard-Marco-St2-133x110.jpg 133w, https://www.cpv-ev.com/wp-content/uploads/2022/03/Langtoftegard-Marco-St2-300x248.jpg 300w, https://www.cpv-ev.com/wp-content/uploads/2022/03/Langtoftegard-Marco-St2-500x414.jpg 500w, https://www.cpv-ev.com/wp-content/uploads/2022/03/Langtoftegard-Marco-St2.jpg 725w" sizes="auto, (max-width: 133px) 100vw, 133px" /></a></p>
<h5>Nachkommen</h5>

<table id="tablepress-18" class="tablepress tablepress-id-18">
<thead>
<tr class="row-1">
	<th class="column-1">FOTO</th><th class="column-2">NAME</th><th class="column-3">JAHR</th><th class="column-4">VATER</th><th class="column-5">MUTTER</th><th class="column-6">ZÜCHTER</th>
</tr>
</thead>
<tbody class="row-striping row-hover">
</tbody>
</table>
<!-- #tablepress-18 from cache -->

<p>Farbe: Schimmel Geburtsfarbe:  Hengstbuch: Hessen HB I, Dänemark HB I, FN &#8211; Bundesprämienhengst Körung: Dänemark Anerkennung: 13.03.2021 Hessen Geboren: 04.05.2017 Leistungsprüfung: 2021 Erbach, 2 TT, WN 7,79 (Rang 2/2) Stockmaß: 148 cm Träger des Creme-Faktors: unbekannt Röhrbein: Träger des Fuchsgens: <a class="more-link" href="https://www.cpv-ev.com/?page_id=27125"><span class="screen-reader-text">  Langtoftegard Marco</span> weiterlesen<span class="meta-nav">&rarr;</span></a></p>
