{"id":25488,"date":"2021-01-21T18:23:23","date_gmt":"2021-01-21T16:23:23","guid":{"rendered":"https:\/\/www.cpv-ev.com\/?page_id=25488"},"modified":"2022-01-16T20:54:56","modified_gmt":"2022-01-16T18:54:56","slug":"ihnetal-fernando","status":"publish","type":"page","link":"https:\/\/www.cpv-ev.com\/?page_id=25488","title":{"rendered":"Ihnetal Fernando"},"content":{"rendered":"<p>&nbsp;<\/p>\n<table cellspacing=\"0\" cellpadding=\"0\" border=\"1\">\n<tbody>\n<tr>\n<td width=\"359\" valign=\"top\"><strong>Farbe:<\/strong> Braun<\/td>\n<td width=\"359\" valign=\"top\"><strong>Hengstbuch:<\/strong> Westfalen HB I<br \/>\n<strong>Eintragung:<\/strong> 10.12.2020 M\u00fcnster-Handorf<\/td>\n<\/tr>\n<tr>\n<td width=\"359\" valign=\"top\"><strong>Geboren:<\/strong> 22.05.2017<\/td>\n<td width=\"359\" valign=\"top\"><strong>Leistungspr\u00fcfung: <\/strong>noch keine<em><br \/>\n<\/em><\/td>\n<\/tr>\n<tr>\n<td width=\"359\" valign=\"top\"><strong>Stockma\u00df: <\/strong>146 cm<strong><br \/>\n<\/strong><\/td>\n<td width=\"359\" valign=\"top\"><strong>Tr\u00e4ger des Creme-Faktors: <\/strong>unbekannt<\/td>\n<\/tr>\n<tr>\n<td width=\"359\" valign=\"top\"><strong>R\u00f6hrbein: <\/strong><strong><br \/>\n<\/strong><\/td>\n<td width=\"359\" valign=\"top\"><strong>Tr\u00e4ger des Fuchsgens:<\/strong> unbekannt<\/td>\n<\/tr>\n<tr>\n<td width=\"359\" valign=\"top\"><strong style=\"line-height: 24px;\">Ausgeschieden: <\/strong>2021 kastriert<\/td>\n<td width=\"359\" valign=\"top\"><\/td>\n<\/tr>\n<tr>\n<td width=\"359\" valign=\"top\"><strong style=\"line-height: 24px;\">HWSD-Status: <\/strong>N\/HWSD mit Abstammungs\u00fcberpr\u00fcfung<strong style=\"line-height: 24px;\"><br \/>\n<\/strong><\/td>\n<td width=\"359\" valign=\"top\"><strong>&nbsp;<\/strong><\/td>\n<\/tr>\n<tr>\n<td width=\"359\" valign=\"top\"><img loading=\"lazy\" decoding=\"async\" class=\"alignnone size-full wp-image-232\" src=\"https:\/\/www.cpv-ev.com\/wp-content\/uploads\/2012\/07\/trans240x10.gif\" alt=\"trans240x10\" width=\"240\" height=\"10\" srcset=\"https:\/\/www.cpv-ev.com\/wp-content\/uploads\/2012\/07\/trans240x10.gif 240w, https:\/\/www.cpv-ev.com\/wp-content\/uploads\/2012\/07\/trans240x10-225x10.gif 225w\" sizes=\"auto, (max-width: 240px) 100vw, 240px\" \/><\/td>\n<td width=\"359\" valign=\"top\"><\/td>\n<\/tr>\n<tr>\n<td width=\"359\" valign=\"top\"><strong>Gek\u00f6rte S\u00f6hne: &#8211;<\/strong><\/td>\n<td width=\"359\" valign=\"top\"><strong>Eingetragene Stuten: <\/strong>&#8211;<strong><br \/>\n<\/strong><\/td>\n<\/tr>\n<tr>\n<td width=\"359\" valign=\"top\"><\/td>\n<td width=\"359\" valign=\"top\"><strong>davon StPrSt: <\/strong>&#8211;<strong><br \/>\n<\/strong><\/td>\n<\/tr>\n<tr>\n<td width=\"359\" valign=\"top\"><img loading=\"lazy\" decoding=\"async\" src=\"https:\/\/www.cpv-ev.com\/wp-content\/uploads\/2012\/07\/trans240x10.gif\" alt=\"trans240x10\" width=\"240\" height=\"10\"><\/td>\n<td width=\"359\" valign=\"top\"><\/td>\n<\/tr>\n<tr>\n<td width=\"359\" valign=\"top\"><strong>Lebensgewinnsumme:<\/strong> &#8211;<img loading=\"lazy\" decoding=\"async\" class=\"alignnone size-full wp-image-232\" title=\"trans240x10\" src=\"https:\/\/www.cpv-ev.com\/wp-content\/uploads\/2012\/07\/trans240x10.gif\" alt=\"\" width=\"100\" height=\"20\"><\/td>\n<td width=\"359\" valign=\"top\"><strong>Nachkommen-LGS: <\/strong>&#8211;<strong><br \/>\n<\/strong><\/td>\n<\/tr>\n<tr>\n<td colspan=\"2\" width=\"717\" valign=\"top\"><img loading=\"lazy\" decoding=\"async\" src=\"https:\/\/www.cpv-ev.com\/wp-content\/uploads\/2012\/07\/trans240x10.gif\" alt=\"trans240x10\" width=\"240\" height=\"10\"><\/td>\n<\/tr>\n<tr>\n<td colspan=\"2\" width=\"717\" valign=\"top\"><strong>Z\u00fcchter &amp; <\/strong><strong><strong>Besitzer<\/strong>: <\/strong>Bettina Springob, 57439 Attendorn<\/td>\n<\/tr>\n<\/tbody>\n<\/table>\n<h5>Pedigree<\/h5>\n<p><a href=\"https:\/\/www.cpv-ev.com\/wp-content\/uploads\/2021\/02\/Ihnetal-Fernando-Ped.jpg\"><img loading=\"lazy\" decoding=\"async\" class=\"alignnone size-full wp-image-26508\" src=\"https:\/\/www.cpv-ev.com\/wp-content\/uploads\/2021\/02\/Ihnetal-Fernando-Ped.jpg\" alt=\"\" width=\"680\" height=\"312\" srcset=\"https:\/\/www.cpv-ev.com\/wp-content\/uploads\/2021\/02\/Ihnetal-Fernando-Ped.jpg 680w, https:\/\/www.cpv-ev.com\/wp-content\/uploads\/2021\/02\/Ihnetal-Fernando-Ped-300x138.jpg 300w, https:\/\/www.cpv-ev.com\/wp-content\/uploads\/2021\/02\/Ihnetal-Fernando-Ped-500x229.jpg 500w, https:\/\/www.cpv-ev.com\/wp-content\/uploads\/2021\/02\/Ihnetal-Fernando-Ped-240x110.jpg 240w\" sizes=\"auto, (max-width: 680px) 100vw, 680px\" \/><\/a><\/p>\n<h5>Galerie<\/h5>\n<p><a href=\"https:\/\/www.cpv-ev.com\/wp-content\/uploads\/2021\/01\/Ihnetal-Fernando-Kopf.jpg\"><img loading=\"lazy\" decoding=\"async\" class=\"alignnone size-thumbnail wp-image-25393\" src=\"https:\/\/www.cpv-ev.com\/wp-content\/uploads\/2021\/01\/Ihnetal-Fernando-Kopf-83x110.jpg\" alt=\"\" width=\"83\" height=\"110\" srcset=\"https:\/\/www.cpv-ev.com\/wp-content\/uploads\/2021\/01\/Ihnetal-Fernando-Kopf-83x110.jpg 83w, https:\/\/www.cpv-ev.com\/wp-content\/uploads\/2021\/01\/Ihnetal-Fernando-Kopf-300x400.jpg 300w, https:\/\/www.cpv-ev.com\/wp-content\/uploads\/2021\/01\/Ihnetal-Fernando-Kopf-375x500.jpg 375w, https:\/\/www.cpv-ev.com\/wp-content\/uploads\/2021\/01\/Ihnetal-Fernando-Kopf-110x146.jpg 110w, https:\/\/www.cpv-ev.com\/wp-content\/uploads\/2021\/01\/Ihnetal-Fernando-Kopf-225x300.jpg 225w, https:\/\/www.cpv-ev.com\/wp-content\/uploads\/2021\/01\/Ihnetal-Fernando-Kopf.jpg 494w\" sizes=\"auto, (max-width: 83px) 100vw, 83px\" \/><\/a> <a href=\"https:\/\/www.cpv-ev.com\/wp-content\/uploads\/2021\/01\/Ihnetal-Fernando-Stand.jpg\"><img loading=\"lazy\" decoding=\"async\" class=\"alignnone size-thumbnail wp-image-25394\" src=\"https:\/\/www.cpv-ev.com\/wp-content\/uploads\/2021\/01\/Ihnetal-Fernando-Stand-147x110.jpg\" alt=\"\" width=\"147\" height=\"110\" srcset=\"https:\/\/www.cpv-ev.com\/wp-content\/uploads\/2021\/01\/Ihnetal-Fernando-Stand-147x110.jpg 147w, https:\/\/www.cpv-ev.com\/wp-content\/uploads\/2021\/01\/Ihnetal-Fernando-Stand-300x225.jpg 300w, https:\/\/www.cpv-ev.com\/wp-content\/uploads\/2021\/01\/Ihnetal-Fernando-Stand-500x375.jpg 500w, https:\/\/www.cpv-ev.com\/wp-content\/uploads\/2021\/01\/Ihnetal-Fernando-Stand-146x110.jpg 146w, https:\/\/www.cpv-ev.com\/wp-content\/uploads\/2021\/01\/Ihnetal-Fernando-Stand.jpg 750w\" sizes=\"auto, (max-width: 147px) 100vw, 147px\" \/> <\/a><a href=\"https:\/\/www.cpv-ev.com\/wp-content\/uploads\/2021\/02\/Ihnetal-Fernando.jpg\"><img loading=\"lazy\" decoding=\"async\" class=\"alignnone  wp-image-26354\" src=\"https:\/\/www.cpv-ev.com\/wp-content\/uploads\/2021\/02\/Ihnetal-Fernando-83x110.jpg\" alt=\"\" width=\"83\" height=\"110\" srcset=\"https:\/\/www.cpv-ev.com\/wp-content\/uploads\/2021\/02\/Ihnetal-Fernando-83x110.jpg 83w, https:\/\/www.cpv-ev.com\/wp-content\/uploads\/2021\/02\/Ihnetal-Fernando-300x400.jpg 300w, https:\/\/www.cpv-ev.com\/wp-content\/uploads\/2021\/02\/Ihnetal-Fernando-375x500.jpg 375w, https:\/\/www.cpv-ev.com\/wp-content\/uploads\/2021\/02\/Ihnetal-Fernando-110x146.jpg 110w, https:\/\/www.cpv-ev.com\/wp-content\/uploads\/2021\/02\/Ihnetal-Fernando-225x300.jpg 225w, https:\/\/www.cpv-ev.com\/wp-content\/uploads\/2021\/02\/Ihnetal-Fernando.jpg 563w\" sizes=\"auto, (max-width: 83px) 100vw, 83px\" \/><\/a> <a href=\"https:\/\/www.cpv-ev.com\/wp-content\/uploads\/2021\/02\/Ihnetal-Fernando-Schnee.jpg\"><img loading=\"lazy\" decoding=\"async\" class=\"alignnone size-thumbnail wp-image-26353\" src=\"https:\/\/www.cpv-ev.com\/wp-content\/uploads\/2021\/02\/Ihnetal-Fernando-Schnee-83x110.jpg\" alt=\"\" width=\"83\" height=\"110\" srcset=\"https:\/\/www.cpv-ev.com\/wp-content\/uploads\/2021\/02\/Ihnetal-Fernando-Schnee-83x110.jpg 83w, https:\/\/www.cpv-ev.com\/wp-content\/uploads\/2021\/02\/Ihnetal-Fernando-Schnee-300x400.jpg 300w, https:\/\/www.cpv-ev.com\/wp-content\/uploads\/2021\/02\/Ihnetal-Fernando-Schnee-375x500.jpg 375w, https:\/\/www.cpv-ev.com\/wp-content\/uploads\/2021\/02\/Ihnetal-Fernando-Schnee-110x146.jpg 110w, https:\/\/www.cpv-ev.com\/wp-content\/uploads\/2021\/02\/Ihnetal-Fernando-Schnee-225x300.jpg 225w, https:\/\/www.cpv-ev.com\/wp-content\/uploads\/2021\/02\/Ihnetal-Fernando-Schnee.jpg 541w\" sizes=\"auto, (max-width: 83px) 100vw, 83px\" \/><\/a><\/p>\n<h5>Nachkommen<\/h5>\n\n<table id=\"tablepress-18\" class=\"tablepress tablepress-id-18 mtr-table mtr-thead-th\">\n<thead>\n<tr class=\"row-1\">\n\t<th class=\"column-1 mtr-th-tag\" data-mtr-content=\"FOTO\"><div class=\"mtr-cell-content\">FOTO<\/div><\/th><th class=\"column-2 mtr-th-tag\" data-mtr-content=\"NAME\"><div class=\"mtr-cell-content\">NAME<\/div><\/th><th class=\"column-3 mtr-th-tag\" data-mtr-content=\"JAHR\"><div class=\"mtr-cell-content\">JAHR<\/div><\/th><th class=\"column-4 mtr-th-tag\" data-mtr-content=\"VATER\"><div class=\"mtr-cell-content\">VATER<\/div><\/th><th class=\"column-5 mtr-th-tag\" data-mtr-content=\"MUTTER\"><div class=\"mtr-cell-content\">MUTTER<\/div><\/th><th class=\"column-6 mtr-th-tag\" data-mtr-content=\"Z\u00dcCHTER\"><div class=\"mtr-cell-content\">Z\u00dcCHTER<\/div><\/th>\n<\/tr>\n<\/thead>\n<tbody class=\"row-striping row-hover\">\n<tr class=\"row-2\">\n\t<td class=\"column-1 mtr-td-tag\" data-mtr-content=\"FOTO\"><div class=\"mtr-cell-content\"><\/div><\/td><td class=\"column-2 mtr-td-tag\" data-mtr-content=\"NAME\"><div class=\"mtr-cell-content\"><b>IHNETAL FRANZISKUS<\/b><br><br>Hengst<br>Braun <br>*13.05.2021<br><br><\/div><\/td><td class=\"column-3 mtr-td-tag\" data-mtr-content=\"JAHR\"><div class=\"mtr-cell-content\">2021<\/div><\/td><td class=\"column-4 mtr-td-tag\" data-mtr-content=\"VATER\"><div class=\"mtr-cell-content\">Ihnetal Fernando<\/div><\/td><td class=\"column-5 mtr-td-tag\" data-mtr-content=\"MUTTER\"><div class=\"mtr-cell-content\">Bobalong<br>v. Grange Bobby Sparrow<\/div><\/td><td class=\"column-6 mtr-td-tag\" data-mtr-content=\"Z\u00dcCHTER\"><div class=\"mtr-cell-content\">Ihnetal<br>Familie Springob<br>57439 Attendorn<br><\/div><\/td>\n<\/tr>\n<\/tbody>\n<\/table>\n<!-- #tablepress-18 from cache -->\n","protected":false},"excerpt":{"rendered":"<p>&nbsp; Farbe: Braun Hengstbuch: Westfalen HB I Eintragung: 10.12.2020 M\u00fcnster-Handorf Geboren: 22.05.2017 Leistungspr\u00fcfung: noch keine Stockma\u00df: 146 cm Tr\u00e4ger des Creme-Faktors: unbekannt R\u00f6hrbein: Tr\u00e4ger des Fuchsgens: unbekannt Ausgeschieden: 2021 kastriert HWSD-Status: N\/HWSD mit Abstammungs\u00fcberpr\u00fcfung &nbsp; Gek\u00f6rte S\u00f6hne: &#8211; Eingetragene Stuten: <a class=\"more-link\" href=\"https:\/\/www.cpv-ev.com\/?page_id=25488\"><span class=\"screen-reader-text\">  Ihnetal Fernando<\/span> weiterlesen<span class=\"meta-nav\">&rarr;<\/span><\/a><\/p>\n","protected":false},"author":2,"featured_media":0,"parent":0,"menu_order":0,"comment_status":"closed","ping_status":"closed","template":"","meta":{"ngg_post_thumbnail":0,"footnotes":""},"class_list":["post-25488","page","type-page","status-publish","hentry"],"_links":{"self":[{"href":"https:\/\/www.cpv-ev.com\/index.php?rest_route=\/wp\/v2\/pages\/25488","targetHints":{"allow":["GET"]}}],"collection":[{"href":"https:\/\/www.cpv-ev.com\/index.php?rest_route=\/wp\/v2\/pages"}],"about":[{"href":"https:\/\/www.cpv-ev.com\/index.php?rest_route=\/wp\/v2\/types\/page"}],"author":[{"embeddable":true,"href":"https:\/\/www.cpv-ev.com\/index.php?rest_route=\/wp\/v2\/users\/2"}],"replies":[{"embeddable":true,"href":"https:\/\/www.cpv-ev.com\/index.php?rest_route=%2Fwp%2Fv2%2Fcomments&post=25488"}],"version-history":[{"count":0,"href":"https:\/\/www.cpv-ev.com\/index.php?rest_route=\/wp\/v2\/pages\/25488\/revisions"}],"wp:attachment":[{"href":"https:\/\/www.cpv-ev.com\/index.php?rest_route=%2Fwp%2Fv2%2Fmedia&parent=25488"}],"curies":[{"name":"wp","href":"https:\/\/api.w.org\/{rel}","templated":true}]}}

<p>&nbsp;</p>
<table cellspacing="0" cellpadding="0" border="1">
<tbody>
<tr>
<td width="359" valign="top"><strong>Farbe:</strong> Braun</td>
<td width="359" valign="top"><strong>Hengstbuch:</strong> Westfalen HB I<br />
<strong>Eintragung:</strong> 10.12.2020 Münster-Handorf</td>
</tr>
<tr>
<td width="359" valign="top"><strong>Geboren:</strong> 22.05.2017</td>
<td width="359" valign="top"><strong>Leistungsprüfung: </strong>noch keine<em><br />
</em></td>
</tr>
<tr>
<td width="359" valign="top"><strong>Stockmaß: </strong>146 cm<strong><br />
</strong></td>
<td width="359" valign="top"><strong>Träger des Creme-Faktors: </strong>unbekannt</td>
</tr>
<tr>
<td width="359" valign="top"><strong>Röhrbein: </strong><strong><br />
</strong></td>
<td width="359" valign="top"><strong>Träger des Fuchsgens:</strong> unbekannt</td>
</tr>
<tr>
<td width="359" valign="top"><strong style="line-height: 24px;">Ausgeschieden: </strong>2021 kastriert</td>
<td width="359" valign="top"></td>
</tr>
<tr>
<td width="359" valign="top"><strong style="line-height: 24px;">HWSD-Status: </strong>N/HWSD mit Abstammungsüberprüfung<strong style="line-height: 24px;"><br />
</strong></td>
<td width="359" valign="top"><strong>&nbsp;</strong></td>
</tr>
<tr>
<td width="359" valign="top"><img loading="lazy" decoding="async" class="alignnone size-full wp-image-232" src="https://www.cpv-ev.com/wp-content/uploads/2012/07/trans240x10.gif" alt="trans240x10" width="240" height="10" srcset="https://www.cpv-ev.com/wp-content/uploads/2012/07/trans240x10.gif 240w, https://www.cpv-ev.com/wp-content/uploads/2012/07/trans240x10-225x10.gif 225w" sizes="auto, (max-width: 240px) 100vw, 240px" /></td>
<td width="359" valign="top"></td>
</tr>
<tr>
<td width="359" valign="top"><strong>Gekörte Söhne: &#8211;</strong></td>
<td width="359" valign="top"><strong>Eingetragene Stuten: </strong>&#8211;<strong><br />
</strong></td>
</tr>
<tr>
<td width="359" valign="top"></td>
<td width="359" valign="top"><strong>davon StPrSt: </strong>&#8211;<strong><br />
</strong></td>
</tr>
<tr>
<td width="359" valign="top"><img loading="lazy" decoding="async" src="https://www.cpv-ev.com/wp-content/uploads/2012/07/trans240x10.gif" alt="trans240x10" width="240" height="10"></td>
<td width="359" valign="top"></td>
</tr>
<tr>
<td width="359" valign="top"><strong>Lebensgewinnsumme:</strong> &#8211;<img loading="lazy" decoding="async" class="alignnone size-full wp-image-232" title="trans240x10" src="https://www.cpv-ev.com/wp-content/uploads/2012/07/trans240x10.gif" alt="" width="100" height="20"></td>
<td width="359" valign="top"><strong>Nachkommen-LGS: </strong>&#8211;<strong><br />
</strong></td>
</tr>
<tr>
<td colspan="2" width="717" valign="top"><img loading="lazy" decoding="async" src="https://www.cpv-ev.com/wp-content/uploads/2012/07/trans240x10.gif" alt="trans240x10" width="240" height="10"></td>
</tr>
<tr>
<td colspan="2" width="717" valign="top"><strong>Züchter &amp; </strong><strong><strong>Besitzer</strong>: </strong>Bettina Springob, 57439 Attendorn</td>
</tr>
</tbody>
</table>
<h5>Pedigree</h5>
<p><a href="https://www.cpv-ev.com/wp-content/uploads/2021/02/Ihnetal-Fernando-Ped.jpg"><img loading="lazy" decoding="async" class="alignnone size-full wp-image-26508" src="https://www.cpv-ev.com/wp-content/uploads/2021/02/Ihnetal-Fernando-Ped.jpg" alt="" width="680" height="312" srcset="https://www.cpv-ev.com/wp-content/uploads/2021/02/Ihnetal-Fernando-Ped.jpg 680w, https://www.cpv-ev.com/wp-content/uploads/2021/02/Ihnetal-Fernando-Ped-300x138.jpg 300w, https://www.cpv-ev.com/wp-content/uploads/2021/02/Ihnetal-Fernando-Ped-500x229.jpg 500w, https://www.cpv-ev.com/wp-content/uploads/2021/02/Ihnetal-Fernando-Ped-240x110.jpg 240w" sizes="auto, (max-width: 680px) 100vw, 680px" /></a></p>
<h5>Galerie</h5>
<p><a href="https://www.cpv-ev.com/wp-content/uploads/2021/01/Ihnetal-Fernando-Kopf.jpg"><img loading="lazy" decoding="async" class="alignnone size-thumbnail wp-image-25393" src="https://www.cpv-ev.com/wp-content/uploads/2021/01/Ihnetal-Fernando-Kopf-83x110.jpg" alt="" width="83" height="110" srcset="https://www.cpv-ev.com/wp-content/uploads/2021/01/Ihnetal-Fernando-Kopf-83x110.jpg 83w, https://www.cpv-ev.com/wp-content/uploads/2021/01/Ihnetal-Fernando-Kopf-300x400.jpg 300w, https://www.cpv-ev.com/wp-content/uploads/2021/01/Ihnetal-Fernando-Kopf-375x500.jpg 375w, https://www.cpv-ev.com/wp-content/uploads/2021/01/Ihnetal-Fernando-Kopf-110x146.jpg 110w, https://www.cpv-ev.com/wp-content/uploads/2021/01/Ihnetal-Fernando-Kopf-225x300.jpg 225w, https://www.cpv-ev.com/wp-content/uploads/2021/01/Ihnetal-Fernando-Kopf.jpg 494w" sizes="auto, (max-width: 83px) 100vw, 83px" /></a> <a href="https://www.cpv-ev.com/wp-content/uploads/2021/01/Ihnetal-Fernando-Stand.jpg"><img loading="lazy" decoding="async" class="alignnone size-thumbnail wp-image-25394" src="https://www.cpv-ev.com/wp-content/uploads/2021/01/Ihnetal-Fernando-Stand-147x110.jpg" alt="" width="147" height="110" srcset="https://www.cpv-ev.com/wp-content/uploads/2021/01/Ihnetal-Fernando-Stand-147x110.jpg 147w, https://www.cpv-ev.com/wp-content/uploads/2021/01/Ihnetal-Fernando-Stand-300x225.jpg 300w, https://www.cpv-ev.com/wp-content/uploads/2021/01/Ihnetal-Fernando-Stand-500x375.jpg 500w, https://www.cpv-ev.com/wp-content/uploads/2021/01/Ihnetal-Fernando-Stand-146x110.jpg 146w, https://www.cpv-ev.com/wp-content/uploads/2021/01/Ihnetal-Fernando-Stand.jpg 750w" sizes="auto, (max-width: 147px) 100vw, 147px" /> </a><a href="https://www.cpv-ev.com/wp-content/uploads/2021/02/Ihnetal-Fernando.jpg"><img loading="lazy" decoding="async" class="alignnone  wp-image-26354" src="https://www.cpv-ev.com/wp-content/uploads/2021/02/Ihnetal-Fernando-83x110.jpg" alt="" width="83" height="110" srcset="https://www.cpv-ev.com/wp-content/uploads/2021/02/Ihnetal-Fernando-83x110.jpg 83w, https://www.cpv-ev.com/wp-content/uploads/2021/02/Ihnetal-Fernando-300x400.jpg 300w, https://www.cpv-ev.com/wp-content/uploads/2021/02/Ihnetal-Fernando-375x500.jpg 375w, https://www.cpv-ev.com/wp-content/uploads/2021/02/Ihnetal-Fernando-110x146.jpg 110w, https://www.cpv-ev.com/wp-content/uploads/2021/02/Ihnetal-Fernando-225x300.jpg 225w, https://www.cpv-ev.com/wp-content/uploads/2021/02/Ihnetal-Fernando.jpg 563w" sizes="auto, (max-width: 83px) 100vw, 83px" /></a> <a href="https://www.cpv-ev.com/wp-content/uploads/2021/02/Ihnetal-Fernando-Schnee.jpg"><img loading="lazy" decoding="async" class="alignnone size-thumbnail wp-image-26353" src="https://www.cpv-ev.com/wp-content/uploads/2021/02/Ihnetal-Fernando-Schnee-83x110.jpg" alt="" width="83" height="110" srcset="https://www.cpv-ev.com/wp-content/uploads/2021/02/Ihnetal-Fernando-Schnee-83x110.jpg 83w, https://www.cpv-ev.com/wp-content/uploads/2021/02/Ihnetal-Fernando-Schnee-300x400.jpg 300w, https://www.cpv-ev.com/wp-content/uploads/2021/02/Ihnetal-Fernando-Schnee-375x500.jpg 375w, https://www.cpv-ev.com/wp-content/uploads/2021/02/Ihnetal-Fernando-Schnee-110x146.jpg 110w, https://www.cpv-ev.com/wp-content/uploads/2021/02/Ihnetal-Fernando-Schnee-225x300.jpg 225w, https://www.cpv-ev.com/wp-content/uploads/2021/02/Ihnetal-Fernando-Schnee.jpg 541w" sizes="auto, (max-width: 83px) 100vw, 83px" /></a></p>
<h5>Nachkommen</h5>

<table id="tablepress-18" class="tablepress tablepress-id-18 mtr-table mtr-thead-th">
<thead>
<tr class="row-1">
	<th class="column-1 mtr-th-tag" data-mtr-content="FOTO"><div class="mtr-cell-content">FOTO</div></th><th class="column-2 mtr-th-tag" data-mtr-content="NAME"><div class="mtr-cell-content">NAME</div></th><th class="column-3 mtr-th-tag" data-mtr-content="JAHR"><div class="mtr-cell-content">JAHR</div></th><th class="column-4 mtr-th-tag" data-mtr-content="VATER"><div class="mtr-cell-content">VATER</div></th><th class="column-5 mtr-th-tag" data-mtr-content="MUTTER"><div class="mtr-cell-content">MUTTER</div></th><th class="column-6 mtr-th-tag" data-mtr-content="ZÜCHTER"><div class="mtr-cell-content">ZÜCHTER</div></th>
</tr>
</thead>
<tbody class="row-striping row-hover">
<tr class="row-2">
	<td class="column-1 mtr-td-tag" data-mtr-content="FOTO"><div class="mtr-cell-content"></div></td><td class="column-2 mtr-td-tag" data-mtr-content="NAME"><div class="mtr-cell-content"><b>IHNETAL FRANZISKUS</b><br><br>Hengst<br>Braun <br>*13.05.2021<br><br></div></td><td class="column-3 mtr-td-tag" data-mtr-content="JAHR"><div class="mtr-cell-content">2021</div></td><td class="column-4 mtr-td-tag" data-mtr-content="VATER"><div class="mtr-cell-content">Ihnetal Fernando</div></td><td class="column-5 mtr-td-tag" data-mtr-content="MUTTER"><div class="mtr-cell-content">Bobalong<br>v. Grange Bobby Sparrow</div></td><td class="column-6 mtr-td-tag" data-mtr-content="ZÜCHTER"><div class="mtr-cell-content">Ihnetal<br>Familie Springob<br>57439 Attendorn<br></div></td>
</tr>
</tbody>
</table>
<!-- #tablepress-18 from cache -->

<p>&nbsp; Farbe: Braun Hengstbuch: Westfalen HB I Eintragung: 10.12.2020 Münster-Handorf Geboren: 22.05.2017 Leistungsprüfung: noch keine Stockmaß: 146 cm Träger des Creme-Faktors: unbekannt Röhrbein: Träger des Fuchsgens: unbekannt Ausgeschieden: 2021 kastriert HWSD-Status: N/HWSD mit Abstammungsüberprüfung &nbsp; Gekörte Söhne: &#8211; Eingetragene Stuten: <a class="more-link" href="https://www.cpv-ev.com/?page_id=25488"><span class="screen-reader-text">  Ihnetal Fernando</span> weiterlesen<span class="meta-nav">&rarr;</span></a></p>
