{"id":25406,"date":"2021-01-20T13:59:47","date_gmt":"2021-01-20T11:59:47","guid":{"rendered":"https:\/\/www.cpv-ev.com\/?page_id=25406"},"modified":"2022-07-01T21:07:45","modified_gmt":"2022-07-01T19:07:45","slug":"carnane-chieftain","status":"publish","type":"page","link":"https:\/\/www.cpv-ev.com\/?page_id=25406","title":{"rendered":"Carnane Chieftain"},"content":{"rendered":"<table cellspacing=\"0\" cellpadding=\"0\" border=\"1\">\n<tbody>\n<tr>\n<td colspan=\"2\" width=\"717\" valign=\"top\"><img loading=\"lazy\" decoding=\"async\" src=\"https:\/\/www.cpv-ev.com\/wp-content\/uploads\/2012\/07\/trans240x10.gif\" alt=\"trans240x10\" width=\"240\" height=\"10\"><\/td>\n<\/tr>\n<tr>\n<td width=\"359\" valign=\"top\"><strong>Farbe:<\/strong> Schimmel<br \/>\n<strong>Geburtsfarbe: <\/strong><\/td>\n<td width=\"359\" valign=\"top\"><strong>Hengstbuch:<\/strong> Hessen HB I<br \/>\n<strong>K\u00f6rung:<\/strong> 03.10.2020 Alsfeld<\/td>\n<\/tr>\n<tr>\n<td width=\"359\" valign=\"top\"><strong>Geboren:<\/strong> 11.05.2018<\/td>\n<td width=\"359\" valign=\"top\"><strong>Leistungspr\u00fcfung: <\/strong>noch keine<em><br \/>\n<\/em><\/td>\n<\/tr>\n<tr>\n<td width=\"359\" valign=\"top\"><strong>Stockma\u00df: <\/strong>146 cm<strong><br \/>\n<\/strong><\/td>\n<td width=\"359\" valign=\"top\"><strong>Tr\u00e4ger des Creme-Faktors: <\/strong>unbekannt<\/td>\n<\/tr>\n<tr>\n<td width=\"359\" valign=\"top\"><strong>R\u00f6hrbein: <\/strong><strong><br \/>\n<\/strong><\/td>\n<td width=\"359\" valign=\"top\"><strong>Tr\u00e4ger des Fuchsgens:<\/strong> unbekannt<\/td>\n<\/tr>\n<tr>\n<td width=\"359\" valign=\"top\"><strong style=\"line-height: 24px;\">Deckbedingungen: <\/strong>auf Anfrage<\/td>\n<td width=\"359\" valign=\"top\"><strong>Decktaxe: <\/strong>auf Anfrage<\/td>\n<\/tr>\n<tr>\n<td width=\"359\" valign=\"top\"><strong style=\"line-height: 24px;\">HWSD-Status: <\/strong>N\/N mit Abstammungs\u00fcberpr\u00fcfung<strong style=\"line-height: 24px;\"><br \/>\n<\/strong><\/td>\n<td width=\"359\" valign=\"top\"><strong>&nbsp;<\/strong><\/td>\n<\/tr>\n<tr>\n<td width=\"359\" valign=\"top\"><img loading=\"lazy\" decoding=\"async\" class=\"alignnone size-full wp-image-232\" src=\"https:\/\/www.cpv-ev.com\/wp-content\/uploads\/2012\/07\/trans240x10.gif\" alt=\"trans240x10\" width=\"240\" height=\"10\" srcset=\"https:\/\/www.cpv-ev.com\/wp-content\/uploads\/2012\/07\/trans240x10.gif 240w, https:\/\/www.cpv-ev.com\/wp-content\/uploads\/2012\/07\/trans240x10-225x10.gif 225w\" sizes=\"auto, (max-width: 240px) 100vw, 240px\" \/><\/td>\n<td width=\"359\" valign=\"top\"><\/td>\n<\/tr>\n<tr>\n<td width=\"359\" valign=\"top\"><strong>Gek\u00f6rte S\u00f6hne: &#8211;<\/strong><\/td>\n<td width=\"359\" valign=\"top\"><strong>Eingetragene Stuten: <\/strong>&#8211;<strong><br \/>\n<\/strong><\/td>\n<\/tr>\n<tr>\n<td width=\"359\" valign=\"top\"><\/td>\n<td width=\"359\" valign=\"top\"><strong>davon StPrSt: <\/strong>&#8211;<strong><br \/>\n<\/strong><\/td>\n<\/tr>\n<tr>\n<td width=\"359\" valign=\"top\"><img loading=\"lazy\" decoding=\"async\" src=\"https:\/\/www.cpv-ev.com\/wp-content\/uploads\/2012\/07\/trans240x10.gif\" alt=\"trans240x10\" width=\"240\" height=\"10\"><\/td>\n<td width=\"359\" valign=\"top\"><\/td>\n<\/tr>\n<tr>\n<td width=\"359\" valign=\"top\"><strong>Lebensgewinnsumme:<\/strong> &#8211;<img loading=\"lazy\" decoding=\"async\" class=\"alignnone size-full wp-image-232\" title=\"trans240x10\" src=\"https:\/\/www.cpv-ev.com\/wp-content\/uploads\/2012\/07\/trans240x10.gif\" alt=\"\" width=\"100\" height=\"20\"><\/td>\n<td width=\"359\" valign=\"top\"><strong>Nachkommen-LGS: <\/strong>&#8211;<strong><br \/>\n<\/strong><\/td>\n<\/tr>\n<tr>\n<td colspan=\"2\" width=\"717\" valign=\"top\"><img loading=\"lazy\" decoding=\"async\" src=\"https:\/\/www.cpv-ev.com\/wp-content\/uploads\/2012\/07\/trans240x10.gif\" alt=\"trans240x10\" width=\"240\" height=\"10\"><\/td>\n<\/tr>\n<tr>\n<td colspan=\"2\" width=\"717\" valign=\"top\"><strong>Z\u00fcchter: <\/strong>Michael &amp; Deirdre Holmes, Clifden, Irland<br \/>\n<strong><strong>Besitzer<\/strong>:<\/strong>&nbsp;Michael Jaczak und Sissi Wirth, Gest\u00fct Kinzighausen, Kinzighausen 2, 63607 W\u00e4chtersbach<\/td>\n<\/tr>\n<tr>\n<td width=\"359\" valign=\"top\">Telefon: 06053-5558<br \/>\nFax: 06053-5558<\/td>\n<td width=\"359\" valign=\"top\">Mobil: 0172-6758323<\/td>\n<\/tr>\n<tr>\n<td width=\"307\" valign=\"top\">Email: <a href=\"mailto:email@kinzighausen.de\">email@kinzighausen.de<\/a><\/td>\n<td width=\"307\" valign=\"top\">Website: <a href=\"www.kinzighausen.de\" target=\"_blank\" rel=\"noopener noreferrer\">www.kinzighausen.de<\/a><\/td>\n<\/tr>\n<\/tbody>\n<\/table>\n<h5>Pedigree<\/h5>\n<p><img loading=\"lazy\" decoding=\"async\" class=\"alignleft size-full wp-image-25208\" src=\"https:\/\/www.cpv-ev.com\/wp-content\/uploads\/2020\/12\/Carnane-Chieftain-Ped.jpg\" alt=\"\" width=\"680\" height=\"311\" srcset=\"https:\/\/www.cpv-ev.com\/wp-content\/uploads\/2020\/12\/Carnane-Chieftain-Ped.jpg 680w, https:\/\/www.cpv-ev.com\/wp-content\/uploads\/2020\/12\/Carnane-Chieftain-Ped-300x137.jpg 300w, https:\/\/www.cpv-ev.com\/wp-content\/uploads\/2020\/12\/Carnane-Chieftain-Ped-500x229.jpg 500w, https:\/\/www.cpv-ev.com\/wp-content\/uploads\/2020\/12\/Carnane-Chieftain-Ped-241x110.jpg 241w\" sizes=\"auto, (max-width: 680px) 100vw, 680px\" \/><br \/>\n&nbsp;<\/p>\n<h5>Galerie<\/h5>\n<p><a href=\"https:\/\/www.cpv-ev.com\/wp-content\/uploads\/2021\/01\/Carnane-Chieftain-Kopf.jpg\"><img loading=\"lazy\" decoding=\"async\" class=\"alignleft size-thumbnail wp-image-25387\" src=\"https:\/\/www.cpv-ev.com\/wp-content\/uploads\/2021\/01\/Carnane-Chieftain-Kopf-82x110.jpg\" alt=\"\" width=\"82\" height=\"110\" srcset=\"https:\/\/www.cpv-ev.com\/wp-content\/uploads\/2021\/01\/Carnane-Chieftain-Kopf-82x110.jpg 82w, https:\/\/www.cpv-ev.com\/wp-content\/uploads\/2021\/01\/Carnane-Chieftain-Kopf-300x400.jpg 300w, https:\/\/www.cpv-ev.com\/wp-content\/uploads\/2021\/01\/Carnane-Chieftain-Kopf-375x500.jpg 375w, https:\/\/www.cpv-ev.com\/wp-content\/uploads\/2021\/01\/Carnane-Chieftain-Kopf-110x146.jpg 110w, https:\/\/www.cpv-ev.com\/wp-content\/uploads\/2021\/01\/Carnane-Chieftain-Kopf-225x300.jpg 225w, https:\/\/www.cpv-ev.com\/wp-content\/uploads\/2021\/01\/Carnane-Chieftain-Kopf.jpg 562w\" sizes=\"auto, (max-width: 82px) 100vw, 82px\" \/><\/a>&nbsp;<a href=\"https:\/\/www.cpv-ev.com\/wp-content\/uploads\/2021\/01\/Carnane-Chieftain-Sprung.jpg\"><img loading=\"lazy\" decoding=\"async\" class=\"alignleft size-thumbnail wp-image-25388\" src=\"https:\/\/www.cpv-ev.com\/wp-content\/uploads\/2021\/01\/Carnane-Chieftain-Sprung-147x110.jpg\" alt=\"\" width=\"147\" height=\"110\" srcset=\"https:\/\/www.cpv-ev.com\/wp-content\/uploads\/2021\/01\/Carnane-Chieftain-Sprung-147x110.jpg 147w, https:\/\/www.cpv-ev.com\/wp-content\/uploads\/2021\/01\/Carnane-Chieftain-Sprung-300x225.jpg 300w, https:\/\/www.cpv-ev.com\/wp-content\/uploads\/2021\/01\/Carnane-Chieftain-Sprung-500x375.jpg 500w, https:\/\/www.cpv-ev.com\/wp-content\/uploads\/2021\/01\/Carnane-Chieftain-Sprung-146x110.jpg 146w, https:\/\/www.cpv-ev.com\/wp-content\/uploads\/2021\/01\/Carnane-Chieftain-Sprung.jpg 750w\" sizes=\"auto, (max-width: 147px) 100vw, 147px\" \/><\/a>&nbsp;<a href=\"https:\/\/www.cpv-ev.com\/wp-content\/uploads\/2021\/01\/Carnane-Chieftain-Stand.jpg\"><img loading=\"lazy\" decoding=\"async\" class=\"alignleft size-thumbnail wp-image-25389\" src=\"https:\/\/www.cpv-ev.com\/wp-content\/uploads\/2021\/01\/Carnane-Chieftain-Stand-120x110.jpg\" alt=\"\" width=\"120\" height=\"110\" srcset=\"https:\/\/www.cpv-ev.com\/wp-content\/uploads\/2021\/01\/Carnane-Chieftain-Stand-120x110.jpg 120w, https:\/\/www.cpv-ev.com\/wp-content\/uploads\/2021\/01\/Carnane-Chieftain-Stand-300x274.jpg 300w, https:\/\/www.cpv-ev.com\/wp-content\/uploads\/2021\/01\/Carnane-Chieftain-Stand-500x457.jpg 500w, https:\/\/www.cpv-ev.com\/wp-content\/uploads\/2021\/01\/Carnane-Chieftain-Stand.jpg 616w\" sizes=\"auto, (max-width: 120px) 100vw, 120px\" \/><\/a><br \/>\n&nbsp;<\/p>\n<p>&nbsp;<\/p>\n<p>&nbsp;<br \/>\n&nbsp;<\/p>\n<h5>Nachkommen<\/h5>\n\n<table id=\"tablepress-18\" class=\"tablepress tablepress-id-18\">\n<thead>\n<tr class=\"row-1\">\n\t<th class=\"column-1\">FOTO<\/th><th class=\"column-2\">NAME<\/th><th class=\"column-3\">JAHR<\/th><th class=\"column-4\">VATER<\/th><th class=\"column-5\">MUTTER<\/th><th class=\"column-6\">Z\u00dcCHTER<\/th>\n<\/tr>\n<\/thead>\n<tbody class=\"row-striping row-hover\">\n<\/tbody>\n<\/table>\n<!-- #tablepress-18 from cache -->\n","protected":false},"excerpt":{"rendered":"<p>Farbe: Schimmel Geburtsfarbe: Hengstbuch: Hessen HB I K\u00f6rung: 03.10.2020 Alsfeld Geboren: 11.05.2018 Leistungspr\u00fcfung: noch keine Stockma\u00df: 146 cm Tr\u00e4ger des Creme-Faktors: unbekannt R\u00f6hrbein: Tr\u00e4ger des Fuchsgens: unbekannt Deckbedingungen: auf Anfrage Decktaxe: auf Anfrage HWSD-Status: N\/N mit Abstammungs\u00fcberpr\u00fcfung &nbsp; Gek\u00f6rte S\u00f6hne: <a class=\"more-link\" href=\"https:\/\/www.cpv-ev.com\/?page_id=25406\"><span class=\"screen-reader-text\">  Carnane Chieftain<\/span> weiterlesen<span class=\"meta-nav\">&rarr;<\/span><\/a><\/p>\n","protected":false},"author":2,"featured_media":0,"parent":0,"menu_order":0,"comment_status":"closed","ping_status":"closed","template":"","meta":{"ngg_post_thumbnail":0,"footnotes":""},"class_list":["post-25406","page","type-page","status-publish","hentry"],"_links":{"self":[{"href":"https:\/\/www.cpv-ev.com\/index.php?rest_route=\/wp\/v2\/pages\/25406","targetHints":{"allow":["GET"]}}],"collection":[{"href":"https:\/\/www.cpv-ev.com\/index.php?rest_route=\/wp\/v2\/pages"}],"about":[{"href":"https:\/\/www.cpv-ev.com\/index.php?rest_route=\/wp\/v2\/types\/page"}],"author":[{"embeddable":true,"href":"https:\/\/www.cpv-ev.com\/index.php?rest_route=\/wp\/v2\/users\/2"}],"replies":[{"embeddable":true,"href":"https:\/\/www.cpv-ev.com\/index.php?rest_route=%2Fwp%2Fv2%2Fcomments&post=25406"}],"version-history":[{"count":0,"href":"https:\/\/www.cpv-ev.com\/index.php?rest_route=\/wp\/v2\/pages\/25406\/revisions"}],"wp:attachment":[{"href":"https:\/\/www.cpv-ev.com\/index.php?rest_route=%2Fwp%2Fv2%2Fmedia&parent=25406"}],"curies":[{"name":"wp","href":"https:\/\/api.w.org\/{rel}","templated":true}]}}

<table cellspacing="0" cellpadding="0" border="1">
<tbody>
<tr>
<td colspan="2" width="717" valign="top"><img loading="lazy" decoding="async" src="https://www.cpv-ev.com/wp-content/uploads/2012/07/trans240x10.gif" alt="trans240x10" width="240" height="10"></td>
</tr>
<tr>
<td width="359" valign="top"><strong>Farbe:</strong> Schimmel<br />
<strong>Geburtsfarbe: </strong></td>
<td width="359" valign="top"><strong>Hengstbuch:</strong> Hessen HB I<br />
<strong>Körung:</strong> 03.10.2020 Alsfeld</td>
</tr>
<tr>
<td width="359" valign="top"><strong>Geboren:</strong> 11.05.2018</td>
<td width="359" valign="top"><strong>Leistungsprüfung: </strong>noch keine<em><br />
</em></td>
</tr>
<tr>
<td width="359" valign="top"><strong>Stockmaß: </strong>146 cm<strong><br />
</strong></td>
<td width="359" valign="top"><strong>Träger des Creme-Faktors: </strong>unbekannt</td>
</tr>
<tr>
<td width="359" valign="top"><strong>Röhrbein: </strong><strong><br />
</strong></td>
<td width="359" valign="top"><strong>Träger des Fuchsgens:</strong> unbekannt</td>
</tr>
<tr>
<td width="359" valign="top"><strong style="line-height: 24px;">Deckbedingungen: </strong>auf Anfrage</td>
<td width="359" valign="top"><strong>Decktaxe: </strong>auf Anfrage</td>
</tr>
<tr>
<td width="359" valign="top"><strong style="line-height: 24px;">HWSD-Status: </strong>N/N mit Abstammungsüberprüfung<strong style="line-height: 24px;"><br />
</strong></td>
<td width="359" valign="top"><strong>&nbsp;</strong></td>
</tr>
<tr>
<td width="359" valign="top"><img loading="lazy" decoding="async" class="alignnone size-full wp-image-232" src="https://www.cpv-ev.com/wp-content/uploads/2012/07/trans240x10.gif" alt="trans240x10" width="240" height="10" srcset="https://www.cpv-ev.com/wp-content/uploads/2012/07/trans240x10.gif 240w, https://www.cpv-ev.com/wp-content/uploads/2012/07/trans240x10-225x10.gif 225w" sizes="auto, (max-width: 240px) 100vw, 240px" /></td>
<td width="359" valign="top"></td>
</tr>
<tr>
<td width="359" valign="top"><strong>Gekörte Söhne: &#8211;</strong></td>
<td width="359" valign="top"><strong>Eingetragene Stuten: </strong>&#8211;<strong><br />
</strong></td>
</tr>
<tr>
<td width="359" valign="top"></td>
<td width="359" valign="top"><strong>davon StPrSt: </strong>&#8211;<strong><br />
</strong></td>
</tr>
<tr>
<td width="359" valign="top"><img loading="lazy" decoding="async" src="https://www.cpv-ev.com/wp-content/uploads/2012/07/trans240x10.gif" alt="trans240x10" width="240" height="10"></td>
<td width="359" valign="top"></td>
</tr>
<tr>
<td width="359" valign="top"><strong>Lebensgewinnsumme:</strong> &#8211;<img loading="lazy" decoding="async" class="alignnone size-full wp-image-232" title="trans240x10" src="https://www.cpv-ev.com/wp-content/uploads/2012/07/trans240x10.gif" alt="" width="100" height="20"></td>
<td width="359" valign="top"><strong>Nachkommen-LGS: </strong>&#8211;<strong><br />
</strong></td>
</tr>
<tr>
<td colspan="2" width="717" valign="top"><img loading="lazy" decoding="async" src="https://www.cpv-ev.com/wp-content/uploads/2012/07/trans240x10.gif" alt="trans240x10" width="240" height="10"></td>
</tr>
<tr>
<td colspan="2" width="717" valign="top"><strong>Züchter: </strong>Michael &amp; Deirdre Holmes, Clifden, Irland<br />
<strong><strong>Besitzer</strong>:</strong>&nbsp;Michael Jaczak und Sissi Wirth, Gestüt Kinzighausen, Kinzighausen 2, 63607 Wächtersbach</td>
</tr>
<tr>
<td width="359" valign="top">Telefon: 06053-5558<br />
Fax: 06053-5558</td>
<td width="359" valign="top">Mobil: 0172-6758323</td>
</tr>
<tr>
<td width="307" valign="top">Email: <a href="mailto:email@kinzighausen.de">email@kinzighausen.de</a></td>
<td width="307" valign="top">Website: <a href="www.kinzighausen.de" target="_blank" rel="noopener noreferrer">www.kinzighausen.de</a></td>
</tr>
</tbody>
</table>
<h5>Pedigree</h5>
<p><img loading="lazy" decoding="async" class="alignleft size-full wp-image-25208" src="https://www.cpv-ev.com/wp-content/uploads/2020/12/Carnane-Chieftain-Ped.jpg" alt="" width="680" height="311" srcset="https://www.cpv-ev.com/wp-content/uploads/2020/12/Carnane-Chieftain-Ped.jpg 680w, https://www.cpv-ev.com/wp-content/uploads/2020/12/Carnane-Chieftain-Ped-300x137.jpg 300w, https://www.cpv-ev.com/wp-content/uploads/2020/12/Carnane-Chieftain-Ped-500x229.jpg 500w, https://www.cpv-ev.com/wp-content/uploads/2020/12/Carnane-Chieftain-Ped-241x110.jpg 241w" sizes="auto, (max-width: 680px) 100vw, 680px" /><br />
&nbsp;</p>
<h5>Galerie</h5>
<p><a href="https://www.cpv-ev.com/wp-content/uploads/2021/01/Carnane-Chieftain-Kopf.jpg"><img loading="lazy" decoding="async" class="alignleft size-thumbnail wp-image-25387" src="https://www.cpv-ev.com/wp-content/uploads/2021/01/Carnane-Chieftain-Kopf-82x110.jpg" alt="" width="82" height="110" srcset="https://www.cpv-ev.com/wp-content/uploads/2021/01/Carnane-Chieftain-Kopf-82x110.jpg 82w, https://www.cpv-ev.com/wp-content/uploads/2021/01/Carnane-Chieftain-Kopf-300x400.jpg 300w, https://www.cpv-ev.com/wp-content/uploads/2021/01/Carnane-Chieftain-Kopf-375x500.jpg 375w, https://www.cpv-ev.com/wp-content/uploads/2021/01/Carnane-Chieftain-Kopf-110x146.jpg 110w, https://www.cpv-ev.com/wp-content/uploads/2021/01/Carnane-Chieftain-Kopf-225x300.jpg 225w, https://www.cpv-ev.com/wp-content/uploads/2021/01/Carnane-Chieftain-Kopf.jpg 562w" sizes="auto, (max-width: 82px) 100vw, 82px" /></a>&nbsp;<a href="https://www.cpv-ev.com/wp-content/uploads/2021/01/Carnane-Chieftain-Sprung.jpg"><img loading="lazy" decoding="async" class="alignleft size-thumbnail wp-image-25388" src="https://www.cpv-ev.com/wp-content/uploads/2021/01/Carnane-Chieftain-Sprung-147x110.jpg" alt="" width="147" height="110" srcset="https://www.cpv-ev.com/wp-content/uploads/2021/01/Carnane-Chieftain-Sprung-147x110.jpg 147w, https://www.cpv-ev.com/wp-content/uploads/2021/01/Carnane-Chieftain-Sprung-300x225.jpg 300w, https://www.cpv-ev.com/wp-content/uploads/2021/01/Carnane-Chieftain-Sprung-500x375.jpg 500w, https://www.cpv-ev.com/wp-content/uploads/2021/01/Carnane-Chieftain-Sprung-146x110.jpg 146w, https://www.cpv-ev.com/wp-content/uploads/2021/01/Carnane-Chieftain-Sprung.jpg 750w" sizes="auto, (max-width: 147px) 100vw, 147px" /></a>&nbsp;<a href="https://www.cpv-ev.com/wp-content/uploads/2021/01/Carnane-Chieftain-Stand.jpg"><img loading="lazy" decoding="async" class="alignleft size-thumbnail wp-image-25389" src="https://www.cpv-ev.com/wp-content/uploads/2021/01/Carnane-Chieftain-Stand-120x110.jpg" alt="" width="120" height="110" srcset="https://www.cpv-ev.com/wp-content/uploads/2021/01/Carnane-Chieftain-Stand-120x110.jpg 120w, https://www.cpv-ev.com/wp-content/uploads/2021/01/Carnane-Chieftain-Stand-300x274.jpg 300w, https://www.cpv-ev.com/wp-content/uploads/2021/01/Carnane-Chieftain-Stand-500x457.jpg 500w, https://www.cpv-ev.com/wp-content/uploads/2021/01/Carnane-Chieftain-Stand.jpg 616w" sizes="auto, (max-width: 120px) 100vw, 120px" /></a><br />
&nbsp;</p>
<p>&nbsp;</p>
<p>&nbsp;<br />
&nbsp;</p>
<h5>Nachkommen</h5>

<table id="tablepress-18" class="tablepress tablepress-id-18">
<thead>
<tr class="row-1">
	<th class="column-1">FOTO</th><th class="column-2">NAME</th><th class="column-3">JAHR</th><th class="column-4">VATER</th><th class="column-5">MUTTER</th><th class="column-6">ZÜCHTER</th>
</tr>
</thead>
<tbody class="row-striping row-hover">
</tbody>
</table>
<!-- #tablepress-18 from cache -->

<p>Farbe: Schimmel Geburtsfarbe: Hengstbuch: Hessen HB I Körung: 03.10.2020 Alsfeld Geboren: 11.05.2018 Leistungsprüfung: noch keine Stockmaß: 146 cm Träger des Creme-Faktors: unbekannt Röhrbein: Träger des Fuchsgens: unbekannt Deckbedingungen: auf Anfrage Decktaxe: auf Anfrage HWSD-Status: N/N mit Abstammungsüberprüfung &nbsp; Gekörte Söhne: <a class="more-link" href="https://www.cpv-ev.com/?page_id=25406"><span class="screen-reader-text">  Carnane Chieftain</span> weiterlesen<span class="meta-nav">&rarr;</span></a></p>
