{"id":24551,"date":"2020-04-17T15:19:34","date_gmt":"2020-04-17T13:19:34","guid":{"rendered":"https:\/\/www.cpv-ev.com\/?page_id=24551"},"modified":"2023-12-06T11:30:06","modified_gmt":"2023-12-06T10:30:06","slug":"ca","status":"publish","type":"page","link":"https:\/\/www.cpv-ev.com\/?page_id=24551","title":{"rendered":"CA"},"content":{"rendered":"<p style=\"text-align: justify;\"><strong>Wie macht sich die Cerebell\u00e4re Abiothropie (CA) bemerkbar?<\/strong><\/p>\n<p align=\"justify\">Die h\u00e4ufigsten Symptome, die bei der Cerebell\u00e4ren Abiotrophie in unterschiedlichen Schweregraden beobachtet werden, sind unkontrollierte Bewegungen (Ataxie). Als Ursache f\u00fcr das Entstehen der Krankheitssymptome wird das Absterben der Nervenzellen (Purkinje Zellen) des Kleinhirns angesehen. \u00dcber das Kleinhirn werden alle Bewegungen, Gleichgewicht, Koordination und Feinmotorik gesteuert. Von Cerebell\u00e4ren Abiotrophie betroffene Pferde fallen durch unterschiedlich starke St\u00f6rungen im Ablauf der Bewegungen im Kopfbereich und insbesondere der Vordergliedma\u00dfen auf. Bei schweren F\u00e4llen sind schon erste Anzeichen einer Cerebell\u00e4ren Abiotrophie kurz nach der Geburt zu sehen. Gew\u00f6hnlich sind jedoch bei von Cerebell\u00e4ren Abiotrophie betroffenen Fohlen bei der Geburt und in den ersten Lebensmonaten keine oder kaum wahrnehmbare Ver\u00e4nderungen festzustellen, erst mit etwa drei Monaten werden die Anzeichen zunehmend deutlicher. In manchen F\u00e4llen verl\u00e4uft die Erkrankung allerdings auch sehr protrahiert, so dass erste Symptome erst beim Absetzen von der Mutter auftreten, oder beim Jungpferd, das mit dem Training beginnt.<\/p>\n<p align=\"justify\">Bei der Untersuchung durch den Tierarzt kann \u00fcber die neurologische Untersuchung eine Kleinhirnproblematik erkannt werden. Eine abschlie\u00dfende Diagnose ist allerdings nur \u00fcber den histopathologischen Nachweis post mortem m\u00f6glich. Unabh\u00e4ngig von der Schwere der Symptomatik werden die betroffenen Tiere h\u00e4ufig euthanasiert.<\/p>\n<p><strong>Erbgang<\/strong><\/p>\n<p align=\"justify\">Die Cerebell\u00e4re Abiotrophie wird monogen autosomal rezessiv vererbt. Bei diesem Vererbungsmodus kann die Erbanlage f\u00fcr die Erkrankung \u201eversteckt\u201c von gesunden Tr\u00e4gertieren (Anlagetr\u00e4ger) an die Nachkommen weitergegeben werden.<\/p>\n<p align=\"justify\">Das Testverfahren soll dem Z\u00fcchter erm\u00f6glichen, die Anpaarung zweier Anlagetr\u00e4ger zu vermeiden und damit das 25-prozentige Risiko der Erzeugung von Merkmalstr\u00e4gern (erkrankte Tiere) auszuschlie\u00dfen.<\/p>\n<p><strong>Informationen zu den Test-Ergebnissen<\/strong><\/p>\n<p align=\"justify\">N\/N: Mit sehr hoher Wahrscheinlichkeit ist das Pferd anlagefrei. Das Pferd besitzt keine mit dem entsprechenden Genombereich assoziierte Marker.<br \/>\nN\/CA: Mit sehr hoher Wahrscheinlichkeit ist das Pferd ein Anlagetr\u00e4ger (1 Kopie des entsprechenden Allels).<br \/>\nDas Pferd weist mit dem entsprechenden Allel assoziierte Marker auf, wird als ph\u00e4notypisch normal und als Tr\u00e4ger des entsprechenden Allels betrachtet. Bei Anpaarungen mit anlagefreien Paarungspartnern treten mit sehr hoher Wahrscheinlichkeit keine entsprechenden Merkmalstr\u00e4ger auf. Die ausl\u00f6sende Mutation wird zu f\u00fcnfzig Prozent an die Nachkommen weitergegeben.<br \/>\nCA\/CA: Merkmalstr\u00e4ger (2 Kopien des entsprechenden Allels). Das Pferd wird mit sehr hoher Wahrscheinlichkeit an der Genkrankheit erkranken bzw. ist bereits erkrankt. Das Pferd wird die ausl\u00f6sende Mutation zu hundert Prozent an die Nachkommen weitergeben.<\/p>\n<p><strong>Bestimmungen im Zuchtprogramm<\/strong><\/p>\n<p align=\"justify\">Deutsches Reitpony (und f\u00fcr die Reitponyzucht zugelassene Connemara Pony Hengste) und Kleines Deutsches Reitpferd<br \/>\nSeit dem Zuchtjahr 2019 werden alle Hengste, die in Hengstbuch I oder Hengstbuch II eingetragen sind oder eingetragen werden, auf Cerebell\u00e4re Abiotrophie (CA) mit Hilfe des Gentests untersucht. Der jeweilige Zuchtverband wird das Ergebnis des Gentests in der Tierzuchtbescheinigung und in der Datenbank dokumentieren. Die Ergebnisse werden auf der Website der FN ver\u00f6ffentlicht. Das Ergebnis hat keinen Einfluss auf die Eintragung der Ponys.<br \/>\nSollten beide Elterntiere nachweislich frei von dem Gen f\u00fcr Cerebell\u00e4re Abiotrophie sein, entf\u00e4llt die Verpflichtung der Untersuchung.<\/p>\n<p><strong>Test-Ergebnisse<\/strong><\/p>\n<p align=\"justify\">Die der FN vorliegenden Test-Ergebnisse sind auf der Internetseite der FN unter den Anlagen im Bereich Zucht &#8211; Gendefekte ver\u00f6ffentlicht. Die Informationen sind von den Zuchtverb\u00e4nden an die FN \u00fcbermittelt worden. Falls dazu Fragen sind, dann bitte bei dem zust\u00e4ndigen Zuchtverband nachfragen.<br \/>\nAuf den <strong>individuellen Hengstseiten<\/strong> der Connemara Pony Vereinigung e.V. sind die Ergebnisse, soweit bekannt, eingepflegt.<\/p>\n<p>&nbsp;<br \/>\nZu den FN-Testergebnissen: <a href=\"https:\/\/www.pferd-aktuell.de\/relaunch\/assets\/filePush.php?id=2048&amp;name=2022_Ergebnisse+Hengste+Gentest+CA.pdf\">https:\/\/www.pferd-aktuell.de\/relaunch\/assets\/filePush.php?id=2048&amp;name=2022_Ergebnisse+Hengste+Gentest+CA.pdf<\/a><br \/>\n&nbsp;<br \/>\n&nbsp;<br \/>\n&nbsp;<\/p>\n","protected":false},"excerpt":{"rendered":"<p>Wie macht sich die Cerebell\u00e4re Abiothropie (CA) bemerkbar? Die h\u00e4ufigsten Symptome, die bei der Cerebell\u00e4ren Abiotrophie in unterschiedlichen Schweregraden beobachtet werden, sind unkontrollierte Bewegungen (Ataxie). Als Ursache f\u00fcr das Entstehen der Krankheitssymptome wird das Absterben der Nervenzellen (Purkinje Zellen) des <a class=\"more-link\" href=\"https:\/\/www.cpv-ev.com\/?page_id=24551\"><span class=\"screen-reader-text\">  CA<\/span> weiterlesen<span class=\"meta-nav\">&rarr;<\/span><\/a><\/p>\n","protected":false},"author":2,"featured_media":0,"parent":0,"menu_order":0,"comment_status":"closed","ping_status":"closed","template":"","meta":{"ngg_post_thumbnail":0,"footnotes":""},"class_list":["post-24551","page","type-page","status-publish","hentry"],"_links":{"self":[{"href":"https:\/\/www.cpv-ev.com\/index.php?rest_route=\/wp\/v2\/pages\/24551","targetHints":{"allow":["GET"]}}],"collection":[{"href":"https:\/\/www.cpv-ev.com\/index.php?rest_route=\/wp\/v2\/pages"}],"about":[{"href":"https:\/\/www.cpv-ev.com\/index.php?rest_route=\/wp\/v2\/types\/page"}],"author":[{"embeddable":true,"href":"https:\/\/www.cpv-ev.com\/index.php?rest_route=\/wp\/v2\/users\/2"}],"replies":[{"embeddable":true,"href":"https:\/\/www.cpv-ev.com\/index.php?rest_route=%2Fwp%2Fv2%2Fcomments&post=24551"}],"version-history":[{"count":3,"href":"https:\/\/www.cpv-ev.com\/index.php?rest_route=\/wp\/v2\/pages\/24551\/revisions"}],"predecessor-version":[{"id":28396,"href":"https:\/\/www.cpv-ev.com\/index.php?rest_route=\/wp\/v2\/pages\/24551\/revisions\/28396"}],"wp:attachment":[{"href":"https:\/\/www.cpv-ev.com\/index.php?rest_route=%2Fwp%2Fv2%2Fmedia&parent=24551"}],"curies":[{"name":"wp","href":"https:\/\/api.w.org\/{rel}","templated":true}]}}