{"id":24248,"date":"2020-04-05T18:56:02","date_gmt":"2020-04-05T16:56:02","guid":{"rendered":"https:\/\/www.cpv-ev.com\/?page_id=24248"},"modified":"2026-04-23T15:14:49","modified_gmt":"2026-04-23T13:14:49","slug":"skaergarden-celtic-night","status":"publish","type":"page","link":"https:\/\/www.cpv-ev.com\/?page_id=24248","title":{"rendered":"Skaergarden Dark Night"},"content":{"rendered":"<table border=\"1\" cellspacing=\"0\" cellpadding=\"0\">\n<tbody>\n<tr>\n<td valign=\"top\" width=\"359\"><strong>Farbe:<\/strong> Braun<\/td>\n<td valign=\"top\" width=\"359\"><strong>Hengstbuch: <\/strong>Niederlande HB I,<br \/>\nSchleswig-Holstein HB I<br \/>\n<strong>Anerkannt:<\/strong> 08.02.2020 Neum\u00fcnster<\/td>\n<\/tr>\n<tr>\n<td valign=\"top\" width=\"359\"><strong>Geboren:<\/strong> 08.05.2016<\/td>\n<td valign=\"top\" width=\"359\"><strong>Leistungspr\u00fcfung: <\/strong>2019 M\u00fcnster-Handorf,<br \/>\n2 TT, WN 7,41 (Rang 7\/7)<\/td>\n<\/tr>\n<tr>\n<td valign=\"top\" width=\"359\"><strong>Stockma\u00df: <\/strong>145 cm<\/td>\n<td valign=\"top\" width=\"359\"><strong>Tr\u00e4ger des Creme-Faktors:<\/strong> nein<\/td>\n<\/tr>\n<tr>\n<td valign=\"top\" width=\"359\"><strong>R\u00f6hrbein: <\/strong><strong><br \/>\n<\/strong><\/td>\n<td valign=\"top\" width=\"359\"><strong>Tr\u00e4ger des Fuchsgens:<\/strong> unbekannt<\/td>\n<\/tr>\n<tr>\n<td valign=\"top\" width=\"359\"><strong>Ausgeschieden:<\/strong> Verkauf nach Frankreich<\/td>\n<td valign=\"top\" width=\"359\">&nbsp;<\/td>\n<\/tr>\n<tr>\n<td valign=\"top\" width=\"359\"><strong style=\"line-height: 24px;\">HWSD-Status: <\/strong>N\/N mit Abstammungs\u00fcberpr\u00fcfung<strong style=\"line-height: 24px;\"><br \/>\n<\/strong><\/td>\n<td valign=\"top\" width=\"359\"><strong>&nbsp;<\/strong><\/td>\n<\/tr>\n<tr>\n<td valign=\"top\" width=\"359\"><img loading=\"lazy\" decoding=\"async\" class=\"alignnone size-full wp-image-232\" src=\"https:\/\/www.cpv-ev.com\/wp-content\/uploads\/2012\/07\/trans240x10.gif\" alt=\"trans240x10\" width=\"240\" height=\"10\" srcset=\"https:\/\/www.cpv-ev.com\/wp-content\/uploads\/2012\/07\/trans240x10.gif 240w, https:\/\/www.cpv-ev.com\/wp-content\/uploads\/2012\/07\/trans240x10-225x10.gif 225w\" sizes=\"auto, (max-width: 240px) 100vw, 240px\" \/><\/td>\n<td valign=\"top\" width=\"359\">&nbsp;<\/td>\n<\/tr>\n<tr>\n<td valign=\"top\" width=\"359\"><strong>Gek\u00f6rte S\u00f6hne: <\/strong>keine<\/td>\n<td valign=\"top\" width=\"359\"><strong>Eingetragene Stuten:<\/strong> &#8211;<strong><br \/>\n<\/strong><\/td>\n<\/tr>\n<tr>\n<td valign=\"top\" width=\"359\">&nbsp;<\/td>\n<td valign=\"top\" width=\"359\"><strong>davon StPrSt: <\/strong>&#8211;<\/td>\n<\/tr>\n<tr>\n<td valign=\"top\" width=\"359\"><img loading=\"lazy\" decoding=\"async\" src=\"https:\/\/www.cpv-ev.com\/wp-content\/uploads\/2012\/07\/trans240x10.gif\" alt=\"trans240x10\" width=\"240\" height=\"10\"><\/td>\n<td valign=\"top\" width=\"359\">&nbsp;<\/td>\n<\/tr>\n<tr>\n<td valign=\"top\" width=\"359\"><strong>Lebensgewinnsumme:<\/strong> &#8211;<img loading=\"lazy\" decoding=\"async\" class=\"alignnone size-full wp-image-232\" title=\"trans240x10\" src=\"https:\/\/www.cpv-ev.com\/wp-content\/uploads\/2012\/07\/trans240x10.gif\" alt=\"\" width=\"100\" height=\"20\"><\/td>\n<td valign=\"top\" width=\"359\"><strong>Nachkommen-LGS: <\/strong>&#8211;<\/td>\n<\/tr>\n<tr>\n<td colspan=\"2\" valign=\"top\" width=\"717\"><img loading=\"lazy\" decoding=\"async\" src=\"https:\/\/www.cpv-ev.com\/wp-content\/uploads\/2012\/07\/trans240x10.gif\" alt=\"trans240x10\" width=\"240\" height=\"10\"><\/td>\n<\/tr>\n<tr>\n<td colspan=\"2\" valign=\"top\" width=\"717\"><strong><strong>Z\u00fcchter: <\/strong><\/strong>Brigitte Goetske, 6040 Egtved, D\u00e4nemark<br \/>\n<strong>Besitzer: <\/strong>Brigitte Goetske, 6040 Egtved, D\u00e4nemark &amp; Eline Koppenol, Eerbeek, Niederlande<strong><br \/>\n<\/strong><\/td>\n<\/tr>\n<tr>\n<td valign=\"top\" width=\"359\">&nbsp;<\/td>\n<td valign=\"top\" width=\"359\">&nbsp;<\/td>\n<\/tr>\n<tr>\n<td valign=\"top\" width=\"307\">&nbsp;<\/td>\n<td valign=\"top\" width=\"307\">&nbsp;<\/td>\n<\/tr>\n<\/tbody>\n<\/table>\n<h5>Pedigree<\/h5>\n<p><a href=\"https:\/\/www.cpv-ev.com\/wp-content\/uploads\/2020\/04\/Skaergarden-Celtic-Night-PedN-1.jpg\"><img loading=\"lazy\" decoding=\"async\" class=\"alignleft size-full wp-image-24328\" src=\"https:\/\/www.cpv-ev.com\/wp-content\/uploads\/2020\/04\/Skaergarden-Celtic-Night-PedN-1.jpg\" alt=\"\" width=\"680\" height=\"310\" srcset=\"https:\/\/www.cpv-ev.com\/wp-content\/uploads\/2020\/04\/Skaergarden-Celtic-Night-PedN-1.jpg 680w, https:\/\/www.cpv-ev.com\/wp-content\/uploads\/2020\/04\/Skaergarden-Celtic-Night-PedN-1-300x137.jpg 300w, https:\/\/www.cpv-ev.com\/wp-content\/uploads\/2020\/04\/Skaergarden-Celtic-Night-PedN-1-500x228.jpg 500w, https:\/\/www.cpv-ev.com\/wp-content\/uploads\/2020\/04\/Skaergarden-Celtic-Night-PedN-1-241x110.jpg 241w\" sizes=\"auto, (max-width: 680px) 100vw, 680px\" \/><\/a><\/p>\n<h5>Galerie<\/h5>\n<p><a href=\"https:\/\/www.cpv-ev.com\/wp-content\/uploads\/2020\/04\/Skaergardens-Dark-Night.jpg\"><img loading=\"lazy\" decoding=\"async\" class=\"alignnone size-thumbnail wp-image-24515\" src=\"https:\/\/www.cpv-ev.com\/wp-content\/uploads\/2020\/04\/Skaergardens-Dark-Night-147x110.jpg\" alt=\"\" width=\"147\" height=\"110\" srcset=\"https:\/\/www.cpv-ev.com\/wp-content\/uploads\/2020\/04\/Skaergardens-Dark-Night-147x110.jpg 147w, https:\/\/www.cpv-ev.com\/wp-content\/uploads\/2020\/04\/Skaergardens-Dark-Night-300x225.jpg 300w, https:\/\/www.cpv-ev.com\/wp-content\/uploads\/2020\/04\/Skaergardens-Dark-Night-500x375.jpg 500w, https:\/\/www.cpv-ev.com\/wp-content\/uploads\/2020\/04\/Skaergardens-Dark-Night-146x110.jpg 146w, https:\/\/www.cpv-ev.com\/wp-content\/uploads\/2020\/04\/Skaergardens-Dark-Night.jpg 750w\" sizes=\"auto, (max-width: 147px) 100vw, 147px\" \/><\/a><\/p>\n<h5>Nachkommen<\/h5>\n\n<table id=\"tablepress-18\" class=\"tablepress tablepress-id-18\">\n<thead>\n<tr class=\"row-1\">\n\t<th class=\"column-1\">FOTO<\/th><th class=\"column-2\">NAME<\/th><th class=\"column-3\">JAHR<\/th><th class=\"column-4\">VATER<\/th><th class=\"column-5\">MUTTER<\/th><th class=\"column-6\">Z\u00dcCHTER<\/th>\n<\/tr>\n<\/thead>\n<tbody class=\"row-striping row-hover\">\n<\/tbody>\n<\/table>\n<!-- #tablepress-18 from cache -->\n","protected":false},"excerpt":{"rendered":"<p>Farbe: Braun Hengstbuch: Niederlande HB I, Schleswig-Holstein HB I Anerkannt: 08.02.2020 Neum\u00fcnster Geboren: 08.05.2016 Leistungspr\u00fcfung: 2019 M\u00fcnster-Handorf, 2 TT, WN 7,41 (Rang 7\/7) Stockma\u00df: 145 cm Tr\u00e4ger des Creme-Faktors: nein R\u00f6hrbein: Tr\u00e4ger des Fuchsgens: unbekannt Ausgeschieden: Verkauf nach Frankreich &nbsp; <a class=\"more-link\" href=\"https:\/\/www.cpv-ev.com\/?page_id=24248\"><span class=\"screen-reader-text\">  Skaergarden Dark Night<\/span> weiterlesen<span class=\"meta-nav\">&rarr;<\/span><\/a><\/p>\n","protected":false},"author":2,"featured_media":0,"parent":11821,"menu_order":0,"comment_status":"closed","ping_status":"closed","template":"","meta":{"ngg_post_thumbnail":0,"footnotes":""},"class_list":["post-24248","page","type-page","status-publish","hentry"],"_links":{"self":[{"href":"https:\/\/www.cpv-ev.com\/index.php?rest_route=\/wp\/v2\/pages\/24248","targetHints":{"allow":["GET"]}}],"collection":[{"href":"https:\/\/www.cpv-ev.com\/index.php?rest_route=\/wp\/v2\/pages"}],"about":[{"href":"https:\/\/www.cpv-ev.com\/index.php?rest_route=\/wp\/v2\/types\/page"}],"author":[{"embeddable":true,"href":"https:\/\/www.cpv-ev.com\/index.php?rest_route=\/wp\/v2\/users\/2"}],"replies":[{"embeddable":true,"href":"https:\/\/www.cpv-ev.com\/index.php?rest_route=%2Fwp%2Fv2%2Fcomments&post=24248"}],"version-history":[{"count":1,"href":"https:\/\/www.cpv-ev.com\/index.php?rest_route=\/wp\/v2\/pages\/24248\/revisions"}],"predecessor-version":[{"id":30165,"href":"https:\/\/www.cpv-ev.com\/index.php?rest_route=\/wp\/v2\/pages\/24248\/revisions\/30165"}],"up":[{"embeddable":true,"href":"https:\/\/www.cpv-ev.com\/index.php?rest_route=\/wp\/v2\/pages\/11821"}],"wp:attachment":[{"href":"https:\/\/www.cpv-ev.com\/index.php?rest_route=%2Fwp%2Fv2%2Fmedia&parent=24248"}],"curies":[{"name":"wp","href":"https:\/\/api.w.org\/{rel}","templated":true}]}}

<table border="1" cellspacing="0" cellpadding="0">
<tbody>
<tr>
<td valign="top" width="359"><strong>Farbe:</strong> Braun</td>
<td valign="top" width="359"><strong>Hengstbuch: </strong>Niederlande HB I,<br />
Schleswig-Holstein HB I<br />
<strong>Anerkannt:</strong> 08.02.2020 Neumünster</td>
</tr>
<tr>
<td valign="top" width="359"><strong>Geboren:</strong> 08.05.2016</td>
<td valign="top" width="359"><strong>Leistungsprüfung: </strong>2019 Münster-Handorf,<br />
2 TT, WN 7,41 (Rang 7/7)</td>
</tr>
<tr>
<td valign="top" width="359"><strong>Stockmaß: </strong>145 cm</td>
<td valign="top" width="359"><strong>Träger des Creme-Faktors:</strong> nein</td>
</tr>
<tr>
<td valign="top" width="359"><strong>Röhrbein: </strong><strong><br />
</strong></td>
<td valign="top" width="359"><strong>Träger des Fuchsgens:</strong> unbekannt</td>
</tr>
<tr>
<td valign="top" width="359"><strong>Ausgeschieden:</strong> Verkauf nach Frankreich</td>
<td valign="top" width="359">&nbsp;</td>
</tr>
<tr>
<td valign="top" width="359"><strong style="line-height: 24px;">HWSD-Status: </strong>N/N mit Abstammungsüberprüfung<strong style="line-height: 24px;"><br />
</strong></td>
<td valign="top" width="359"><strong>&nbsp;</strong></td>
</tr>
<tr>
<td valign="top" width="359"><img loading="lazy" decoding="async" class="alignnone size-full wp-image-232" src="https://www.cpv-ev.com/wp-content/uploads/2012/07/trans240x10.gif" alt="trans240x10" width="240" height="10" srcset="https://www.cpv-ev.com/wp-content/uploads/2012/07/trans240x10.gif 240w, https://www.cpv-ev.com/wp-content/uploads/2012/07/trans240x10-225x10.gif 225w" sizes="auto, (max-width: 240px) 100vw, 240px" /></td>
<td valign="top" width="359">&nbsp;</td>
</tr>
<tr>
<td valign="top" width="359"><strong>Gekörte Söhne: </strong>keine</td>
<td valign="top" width="359"><strong>Eingetragene Stuten:</strong> &#8211;<strong><br />
</strong></td>
</tr>
<tr>
<td valign="top" width="359">&nbsp;</td>
<td valign="top" width="359"><strong>davon StPrSt: </strong>&#8211;</td>
</tr>
<tr>
<td valign="top" width="359"><img loading="lazy" decoding="async" src="https://www.cpv-ev.com/wp-content/uploads/2012/07/trans240x10.gif" alt="trans240x10" width="240" height="10"></td>
<td valign="top" width="359">&nbsp;</td>
</tr>
<tr>
<td valign="top" width="359"><strong>Lebensgewinnsumme:</strong> &#8211;<img loading="lazy" decoding="async" class="alignnone size-full wp-image-232" title="trans240x10" src="https://www.cpv-ev.com/wp-content/uploads/2012/07/trans240x10.gif" alt="" width="100" height="20"></td>
<td valign="top" width="359"><strong>Nachkommen-LGS: </strong>&#8211;</td>
</tr>
<tr>
<td colspan="2" valign="top" width="717"><img loading="lazy" decoding="async" src="https://www.cpv-ev.com/wp-content/uploads/2012/07/trans240x10.gif" alt="trans240x10" width="240" height="10"></td>
</tr>
<tr>
<td colspan="2" valign="top" width="717"><strong><strong>Züchter: </strong></strong>Brigitte Goetske, 6040 Egtved, Dänemark<br />
<strong>Besitzer: </strong>Brigitte Goetske, 6040 Egtved, Dänemark &amp; Eline Koppenol, Eerbeek, Niederlande<strong><br />
</strong></td>
</tr>
<tr>
<td valign="top" width="359">&nbsp;</td>
<td valign="top" width="359">&nbsp;</td>
</tr>
<tr>
<td valign="top" width="307">&nbsp;</td>
<td valign="top" width="307">&nbsp;</td>
</tr>
</tbody>
</table>
<h5>Pedigree</h5>
<p><a href="https://www.cpv-ev.com/wp-content/uploads/2020/04/Skaergarden-Celtic-Night-PedN-1.jpg"><img loading="lazy" decoding="async" class="alignleft size-full wp-image-24328" src="https://www.cpv-ev.com/wp-content/uploads/2020/04/Skaergarden-Celtic-Night-PedN-1.jpg" alt="" width="680" height="310" srcset="https://www.cpv-ev.com/wp-content/uploads/2020/04/Skaergarden-Celtic-Night-PedN-1.jpg 680w, https://www.cpv-ev.com/wp-content/uploads/2020/04/Skaergarden-Celtic-Night-PedN-1-300x137.jpg 300w, https://www.cpv-ev.com/wp-content/uploads/2020/04/Skaergarden-Celtic-Night-PedN-1-500x228.jpg 500w, https://www.cpv-ev.com/wp-content/uploads/2020/04/Skaergarden-Celtic-Night-PedN-1-241x110.jpg 241w" sizes="auto, (max-width: 680px) 100vw, 680px" /></a></p>
<h5>Galerie</h5>
<p><a href="https://www.cpv-ev.com/wp-content/uploads/2020/04/Skaergardens-Dark-Night.jpg"><img loading="lazy" decoding="async" class="alignnone size-thumbnail wp-image-24515" src="https://www.cpv-ev.com/wp-content/uploads/2020/04/Skaergardens-Dark-Night-147x110.jpg" alt="" width="147" height="110" srcset="https://www.cpv-ev.com/wp-content/uploads/2020/04/Skaergardens-Dark-Night-147x110.jpg 147w, https://www.cpv-ev.com/wp-content/uploads/2020/04/Skaergardens-Dark-Night-300x225.jpg 300w, https://www.cpv-ev.com/wp-content/uploads/2020/04/Skaergardens-Dark-Night-500x375.jpg 500w, https://www.cpv-ev.com/wp-content/uploads/2020/04/Skaergardens-Dark-Night-146x110.jpg 146w, https://www.cpv-ev.com/wp-content/uploads/2020/04/Skaergardens-Dark-Night.jpg 750w" sizes="auto, (max-width: 147px) 100vw, 147px" /></a></p>
<h5>Nachkommen</h5>

<table id="tablepress-18" class="tablepress tablepress-id-18">
<thead>
<tr class="row-1">
	<th class="column-1">FOTO</th><th class="column-2">NAME</th><th class="column-3">JAHR</th><th class="column-4">VATER</th><th class="column-5">MUTTER</th><th class="column-6">ZÜCHTER</th>
</tr>
</thead>
<tbody class="row-striping row-hover">
</tbody>
</table>
<!-- #tablepress-18 from cache -->

<p>Farbe: Braun Hengstbuch: Niederlande HB I, Schleswig-Holstein HB I Anerkannt: 08.02.2020 Neumünster Geboren: 08.05.2016 Leistungsprüfung: 2019 Münster-Handorf, 2 TT, WN 7,41 (Rang 7/7) Stockmaß: 145 cm Träger des Creme-Faktors: nein Röhrbein: Träger des Fuchsgens: unbekannt Ausgeschieden: Verkauf nach Frankreich &nbsp; <a class="more-link" href="https://www.cpv-ev.com/?page_id=24248"><span class="screen-reader-text">  Skaergarden Dark Night</span> weiterlesen<span class="meta-nav">&rarr;</span></a></p>
