{"id":23285,"date":"2019-07-28T15:32:35","date_gmt":"2019-07-28T13:32:35","guid":{"rendered":"https:\/\/www.cpv-ev.com\/?page_id=23285"},"modified":"2019-07-28T15:32:35","modified_gmt":"2019-07-28T13:32:35","slug":"1998-cloppenburg","status":"publish","type":"page","link":"https:\/\/www.cpv-ev.com\/?page_id=23285","title":{"rendered":"1998 Cloppenburg"},"content":{"rendered":"<p>&nbsp;<\/p>\n<p style=\"text-align: justify;\">Die FN-Bundesstutenschau f\u00fcr die Rassen Connemara und New Forest wurde am 20. September auf dem Gel\u00e4nde der Reithalle B\u00fchrener Tannen, nahe bei Cloppenburg, abgehalten. Jeder konnte mit einer Hauptstammbuchstute teilnehmen, die Verb\u00e4nde leiteten die Nennungen weiter, ohne eine Vorauswahl vorzunehmen.<\/p>\n<p style=\"text-align: justify;\">Gro\u00df war der Schauwille bei den Connemara Pony Ausstellern, wie auch das Jahr 1998 mit 161 Connemara Pony Fohlen in Deutschland das zahlenm\u00e4\u00dfig st\u00e4rkste aller Zeiten war, so dass in den Stutenklassen nicht weniger als 42 Stuten genannt wurden. Auch bei den New Forest Pony Stuten waren 40 Stuten genannt, Zahlen, die in dieser Form bei FN-Bundesstutenschauen, die anschlie\u00dfend kontingentiert wurden, nat\u00fcrlich nie wieder erreicht wurden.<\/p>\n<p>&nbsp;<\/p>\n<p style=\"text-align: justify;\">&nbsp;<\/p>\n<p style=\"text-align: justify;\"><strong>2-j\u00e4hrige Stuten<\/strong><\/p>\n<p style=\"text-align: justify;\">&nbsp;<\/p>\n<p style=\"text-align: justify;\">1. Patty&#8217;s Vanity Fair<\/p>\n<p style=\"text-align: justify;\">*1996, Rappschimmel<\/p>\n<p style=\"text-align: justify;\">v. Bengt a.d. Pilgaards Vogue v. Majgaardens Killian<\/p>\n<p>Z\u00fc. &amp; Bes.: Fam. Martin u. Patricia Schmidt, Hildesheim<\/p>\n<p>&nbsp;<\/p>\n<p style=\"text-align: justify;\">2. Sunshine Silver Paiti<\/p>\n<p style=\"text-align: justify;\">*1996, Braunroan<\/p>\n<p style=\"text-align: justify;\">v. Power Boy a.d. Petty of Dune v. Atlantic Dew<\/p>\n<p style=\"text-align: justify;\">Z\u00fc.: Ursula Wiene, Nettetal<\/p>\n<p style=\"text-align: justify;\">Bes.: Sonja Hendricks, Kleve<\/p>\n<p style=\"text-align: justify;\">&nbsp;<\/p>\n<p style=\"text-align: justify;\">3. Springfield Sally<\/p>\n<p style=\"text-align: justify;\">*1996, Falbe<\/p>\n<p style=\"text-align: justify;\">v. Skatholm Copyright a.d. Hillery v. Fort Curran<\/p>\n<p style=\"text-align: justify;\">Z\u00fc. &amp; Bes.: Elisabeth u. Bernd Lindemann, Schneverdingen<\/p>\n<p style=\"text-align: justify;\">&nbsp;<\/p>\n<p style=\"text-align: justify;\">&nbsp;<\/p>\n<p style=\"text-align: justify;\"><strong>3-j\u00e4hrige Stuten<\/strong><\/p>\n<p style=\"text-align: justify;\">&nbsp;<\/p>\n<p style=\"text-align: justify;\">1. Bavaria<\/p>\n<p style=\"text-align: justify;\">*1995, Schimmel<\/p>\n<p style=\"text-align: justify;\">v. Gun a.d. Blossom v. Brimstone van Graaf Janshof<\/p>\n<p style=\"text-align: justify;\">Z\u00fc. &amp; Bes.: Heinz Kavermann, Hasbergen<\/p>\n<p style=\"text-align: justify;\">&nbsp;<\/p>\n<p style=\"text-align: justify;\">2. Patty&#8217;s Bright Marina<\/p>\n<p style=\"text-align: justify;\">*1995, Schwarzbraun<\/p>\n<p style=\"text-align: justify;\">v. Bengt a.d. Maryann v. Lord Romeo<\/p>\n<p style=\"text-align: justify;\">Z\u00fc. &amp; Bes.: Fam. Martin u. Patricia Schmidt, Hildesheim<\/p>\n<p style=\"text-align: justify;\">&nbsp;<\/p>\n<p style=\"text-align: justify;\">3. Glaskopf Grey Briony<\/p>\n<p style=\"text-align: justify;\">*1995, Fuchsschimmel<\/p>\n<p style=\"text-align: justify;\">v. Grange Surf Sparrow a.d. Talt Bay Beauty v. King of the Glen<\/p>\n<p style=\"text-align: justify;\">Z\u00fc. &amp; Bes.: Kurt Hillnh\u00fctter, Glash\u00fctten<\/p>\n<p>&nbsp;<\/p>\n<p style=\"text-align: justify;\">&nbsp;<\/p>\n<p style=\"text-align: justify;\"><strong>4-j\u00e4hrige Stuten<\/strong><\/p>\n<p style=\"text-align: justify;\">&nbsp;<\/p>\n<p style=\"text-align: justify;\">1. Grace<\/p>\n<p style=\"text-align: justify;\">*1994, Schimmel<\/p>\n<p style=\"text-align: justify;\">v. Gun a.d. Ilka v. Iltschi<\/p>\n<p style=\"text-align: justify;\">Z\u00fc.: Werner Kerstiens, Goch<\/p>\n<p style=\"text-align: justify;\">Bes.: Birgitta Keul-Sowa, Krefeld<\/p>\n<p style=\"text-align: justify;\">&nbsp;<\/p>\n<p style=\"text-align: justify;\">2. Birkenhof&#8217;s Sally<\/p>\n<p style=\"text-align: justify;\">*1994, Schimmel<\/p>\n<p style=\"text-align: justify;\">v. Tulira Nimble Dick a.d. Glaskopf Brown Scarlet v. Golden Dan<\/p>\n<p style=\"text-align: justify;\">Z\u00fc. &amp; Bes.: Dr. Wilhelm Raby, Gro\u00df Ippener<\/p>\n<p style=\"text-align: justify;\">&nbsp;<\/p>\n<p style=\"text-align: justify;\">3.&nbsp; Bonita<\/p>\n<p style=\"text-align: justify;\">*1994, Schimmel<\/p>\n<p style=\"text-align: justify;\">v. Gun a.d. Blossom v. Brimstone van Graaf Janshof<\/p>\n<p style=\"text-align: justify;\">Z\u00fc. &amp; Bes.: Heinz Kavermann, Hasbergen<\/p>\n<p style=\"text-align: justify;\">&nbsp;<\/p>\n<p style=\"text-align: justify;\">&nbsp;<\/p>\n<p style=\"text-align: justify;\"><strong>5- bis 7-j\u00e4hrige Stuten<\/strong><\/p>\n<p style=\"text-align: justify;\">&nbsp;<\/p>\n<p style=\"text-align: justify;\">1. Stoeben Todiene<\/p>\n<p style=\"text-align: justify;\">*1991, Dunkelbraunfalbe<\/p>\n<p style=\"text-align: justify;\">v. Tulira Todd a.d. Stoeben Jevelin v. Toxi Baun-Bob<\/p>\n<p style=\"text-align: justify;\">Z\u00fc.: Otto St\u00f6ben, Neuwittenbek<\/p>\n<p style=\"text-align: justify;\">Bes.: J\u00fcrgen St\u00f6ben, Neuwittenbek<\/p>\n<p style=\"text-align: justify;\">&nbsp;<\/p>\n<p style=\"text-align: justify;\">2. Gina Dun<\/p>\n<p style=\"text-align: justify;\">*1991, Braun<\/p>\n<p style=\"text-align: justify;\">v. Power Boy a.d. Gil v. Ginster<\/p>\n<p style=\"text-align: justify;\">Z\u00fc.: Hella Spie\u00df, M\u00f6nchengladbach<\/p>\n<p style=\"text-align: justify;\">Bes.: Ulrike Schmitt, M\u00f6nchengladbach<\/p>\n<p style=\"text-align: justify;\">&nbsp;<\/p>\n<p style=\"text-align: justify;\">3. Ivy-Lee<\/p>\n<p style=\"text-align: justify;\">*1992, Braun<\/p>\n<p style=\"text-align: justify;\">v. Skatholm Copyright a.d. Ingdscha v. Little Lord<\/p>\n<p style=\"text-align: justify;\">Z\u00fc.: Susanne Diehl, Hamburg<\/p>\n<p style=\"text-align: justify;\">Bes.: Eckhard Krabbe, Hasbergen<\/p>\n<p style=\"text-align: justify;\">&nbsp;<\/p>\n<p style=\"text-align: justify;\">&nbsp;<\/p>\n<p style=\"text-align: justify;\"><strong>8- bis 10-j\u00e4hrige Stuten<\/strong><\/p>\n<p style=\"text-align: justify;\">&nbsp;<\/p>\n<p style=\"text-align: justify;\">1. Blossom<\/p>\n<p style=\"text-align: justify;\">*1988, Schimmel<\/p>\n<p style=\"text-align: justify;\">v. Brimstone van Graaf Janshof a.d. Iris v. Iltschi<\/p>\n<p style=\"text-align: justify;\">Z\u00fc.: Gutsverwaltung Gaesdonk, Goch<\/p>\n<p style=\"text-align: justify;\">Bes.: Heinz Kavermann, Hasbergen<\/p>\n<p style=\"text-align: justify;\">&nbsp;<\/p>\n<p style=\"text-align: justify;\">2. Stoeben Beauty Jeany<\/p>\n<p style=\"text-align: justify;\">*1988, Dunkelbraunfalbe<\/p>\n<p style=\"text-align: justify;\">v. Oxenholm Bacchus a.d. Stoeben Joan v. Toxi Baun-Bob<\/p>\n<p style=\"text-align: justify;\">Z\u00fc.: Otto St\u00f6ben, Neuwittenbek<\/p>\n<p style=\"text-align: justify;\">Bes.: J\u00fcrgen St\u00f6ben, Neuwittenbek<\/p>\n<p style=\"text-align: justify;\">&nbsp;<\/p>\n<p style=\"text-align: justify;\">3. Debby<\/p>\n<p style=\"text-align: justify;\">*1989, Blue-eyed Cream<\/p>\n<p style=\"text-align: justify;\">v. Van de Arenbosch Daan a.d. Dunny v. Van de Arenbosch Davey<\/p>\n<p style=\"text-align: justify;\">Z\u00fc.: Hans-J\u00fcrgen Sander, Schalkenbach<\/p>\n<p style=\"text-align: justify;\">Bes.: Heinz Willeke, H\u00f6xter<\/p>\n<p style=\"text-align: justify;\">&nbsp;<\/p>\n<p style=\"text-align: justify;\">&nbsp;<\/p>\n<p style=\"text-align: justify;\"><strong>11- bis 16-j\u00e4hrige Stuten<\/strong><\/p>\n<p style=\"text-align: justify;\">&nbsp;<\/p>\n<p style=\"text-align: justify;\">1. Stoeben Jevelin<\/p>\n<p style=\"text-align: justify;\">*1986, Schimmel<\/p>\n<p style=\"text-align: justify;\">v. Toxi Baun-Bob a.d. Van de Arenbosch Jennifer v. Carna Bobby<\/p>\n<p style=\"text-align: justify;\">Z\u00fc.: Otto St\u00f6ben, Neuwittenbek<\/p>\n<p style=\"text-align: justify;\">Bes.: J\u00fcrgen St\u00f6ben, Neuwittenbek<\/p>\n<p style=\"text-align: justify;\">&nbsp;<\/p>\n<p style=\"text-align: justify;\">2. Inka<\/p>\n<p style=\"text-align: justify;\">*1982, Schimmel<\/p>\n<p style=\"text-align: justify;\">v. Iltschi a.d. Nay Feline v. Mervyn Grey Monkey<\/p>\n<p style=\"text-align: justify;\">Z\u00fc.: Josef Krei, Ruppichterroth<\/p>\n<p style=\"text-align: justify;\">Bes.: Petra Reinboth, Bad Honnef<\/p>\n<p style=\"text-align: justify;\">&nbsp;<\/p>\n<p style=\"text-align: justify;\">3. Holly Pop<\/p>\n<p style=\"text-align: justify;\">*1985, Schimmel<\/p>\n<p style=\"text-align: justify;\">v. Golden Dan a.d. Happy Girl v. Van de Arenbosch Kevin<\/p>\n<p style=\"text-align: justify;\">Z\u00fc.: Marlit Hoffmann, Ehringshausen<\/p>\n<p style=\"text-align: justify;\">Bes.: Brigitte Doert, Nienborstel<\/p>\n<p style=\"text-align: justify;\">&nbsp;<\/p>\n<p>&nbsp;<\/p>\n<p><strong>Siegerstute j\u00fcngere Stuten: <\/strong>Patty&#8217;s Vanity Fair<\/p>\n<p><strong>Reserve:<\/strong> Bavaria<\/p>\n<p>&nbsp;<\/p>\n<p><strong>Siegerstute \u00e4ltere Stuten:<\/strong> Stoeben Jevelin<\/p>\n<p><strong>Reserve:<\/strong> Blossom<\/p>\n<p>&nbsp;<\/p>\n<p>&nbsp;<\/p>\n<p><strong>Siegerfamilie:<\/strong><\/p>\n<p style=\"text-align: justify;\">&nbsp;<\/p>\n<p style=\"text-align: justify;\">Blossom<\/p>\n<p style=\"text-align: justify;\">*1988, Schimmel<\/p>\n<p style=\"text-align: justify;\">v. Brimstone van Graaf Janshof a.d. Iris v. Iltschi<\/p>\n<p style=\"text-align: justify;\">Z\u00fc.: Gutsverwaltung Gaesdonk, Goch<\/p>\n<p style=\"text-align: justify;\">Bes.: Heinz Kavermann, Hasbergen<\/p>\n<p>&nbsp;<\/p>\n<p style=\"text-align: justify;\">Bonita<\/p>\n<p style=\"text-align: justify;\">*1994, Schimmel<\/p>\n<p style=\"text-align: justify;\">v. Gun a.d. Blossom v. Brimstone van Graaf Janshof<\/p>\n<p style=\"text-align: justify;\">Z\u00fc. &amp; Bes.: Heinz Kavermann, Hasbergen<\/p>\n<p style=\"text-align: justify;\">&nbsp;<\/p>\n<p style=\"text-align: justify;\">Bavaria<\/p>\n<p style=\"text-align: justify;\">*1995, Schimmel<\/p>\n<p style=\"text-align: justify;\">v. Gun a.d. Blossom v. Brimstone van Graaf Janshof<\/p>\n<p style=\"text-align: justify;\">Z\u00fc. &amp; Bes.: Heinz Kavermann, Hasbergen<\/p>\n<p style=\"text-align: justify;\">&nbsp;<\/p>\n<p>&nbsp;<\/p>\n<p>&nbsp;<\/p>\n","protected":false},"excerpt":{"rendered":"<p>&nbsp; Die FN-Bundesstutenschau f\u00fcr die Rassen Connemara und New Forest wurde am 20. September auf dem Gel\u00e4nde der Reithalle B\u00fchrener Tannen, nahe bei Cloppenburg, abgehalten. Jeder konnte mit einer Hauptstammbuchstute teilnehmen, die Verb\u00e4nde leiteten die Nennungen weiter, ohne eine Vorauswahl <a class=\"more-link\" href=\"https:\/\/www.cpv-ev.com\/?page_id=23285\"><span class=\"screen-reader-text\">  1998 Cloppenburg<\/span> weiterlesen<span class=\"meta-nav\">&rarr;<\/span><\/a><\/p>\n","protected":false},"author":2,"featured_media":0,"parent":0,"menu_order":0,"comment_status":"closed","ping_status":"closed","template":"onecolumn-page.php","meta":{"ngg_post_thumbnail":0,"footnotes":""},"class_list":["post-23285","page","type-page","status-publish","hentry"],"_links":{"self":[{"href":"https:\/\/www.cpv-ev.com\/index.php?rest_route=\/wp\/v2\/pages\/23285","targetHints":{"allow":["GET"]}}],"collection":[{"href":"https:\/\/www.cpv-ev.com\/index.php?rest_route=\/wp\/v2\/pages"}],"about":[{"href":"https:\/\/www.cpv-ev.com\/index.php?rest_route=\/wp\/v2\/types\/page"}],"author":[{"embeddable":true,"href":"https:\/\/www.cpv-ev.com\/index.php?rest_route=\/wp\/v2\/users\/2"}],"replies":[{"embeddable":true,"href":"https:\/\/www.cpv-ev.com\/index.php?rest_route=%2Fwp%2Fv2%2Fcomments&post=23285"}],"version-history":[{"count":0,"href":"https:\/\/www.cpv-ev.com\/index.php?rest_route=\/wp\/v2\/pages\/23285\/revisions"}],"wp:attachment":[{"href":"https:\/\/www.cpv-ev.com\/index.php?rest_route=%2Fwp%2Fv2%2Fmedia&parent=23285"}],"curies":[{"name":"wp","href":"https:\/\/api.w.org\/{rel}","templated":true}]}}