{"id":23283,"date":"2019-07-21T20:50:48","date_gmt":"2019-07-21T18:50:48","guid":{"rendered":"https:\/\/www.cpv-ev.com\/?page_id=23283"},"modified":"2019-07-28T13:36:25","modified_gmt":"2019-07-28T11:36:25","slug":"2005-warendorf","status":"publish","type":"page","link":"https:\/\/www.cpv-ev.com\/?page_id=23283","title":{"rendered":"2005 Warendorf"},"content":{"rendered":"<p>&nbsp;<\/p>\n<p style=\"text-align: justify;\">Die Stuten wurden f\u00fcr diese Veranstaltung von den Zuchtverb\u00e4nden gemeldet. Die Veranstaltung fand am 10. Juli im Rahmen des Bundes-pferdefestivals auf dem Gel\u00e4nde der Deutschen Reiterlichen Vereinigung (FN) e.V. in Warendorf statt.<\/p>\n<p>&nbsp;<\/p>\n<p style=\"text-align: justify;\">&nbsp;<\/p>\n<p style=\"text-align: justify;\"><strong>3- bis 5-j\u00e4hrige Stuten<\/strong><\/p>\n<p style=\"text-align: justify;\">&nbsp;<\/p>\n<p style=\"text-align: justify;\">1. Glaskopf Grey Carol<\/p>\n<p style=\"text-align: justify;\">*2002, Braunschimmel<\/p>\n<p style=\"text-align: justify;\">v. Glaskopf Golden Merlin a.d. Villa Colleen v. Village Boy<\/p>\n<p>Z\u00fc.: Dr. Sabine Bachmann, Glash\u00fctten<\/p>\n<p>Bes.: Nadine Roos, Kelkheim<\/p>\n<p>&nbsp;<\/p>\n<p style=\"text-align: justify;\">2. Kinzighausen Hazy Cecily<\/p>\n<p style=\"text-align: justify;\">*2002, Rappschimmel<\/p>\n<p style=\"text-align: justify;\">v. Frederiksminde Hazy Marvel a.d. Monaghanstown Connie v. Ard Conneely<\/p>\n<p style=\"text-align: justify;\">Z\u00fc. &amp; Bes.: Michael Jaczak, W\u00e4chtersbach<\/p>\n<p style=\"text-align: justify;\">&nbsp;<\/p>\n<p style=\"text-align: justify;\">3. Blue Moon Secret Samra<\/p>\n<p style=\"text-align: justify;\">*2000, Rappe<\/p>\n<p style=\"text-align: justify;\">v. Dreikronen Lucky Star a.d. Blue Moon Sailing Seagull v. Moyglare Samson<\/p>\n<p style=\"text-align: justify;\">Z\u00fc.: Katharina Maduschka, Berlin<\/p>\n<p style=\"text-align: justify;\">Bes.: Fam. Hagemann, Walsrode<\/p>\n<p style=\"text-align: justify;\">&nbsp;<\/p>\n<p style=\"text-align: justify;\">4. Patriks Aibi Suil<\/p>\n<p style=\"text-align: justify;\">*2001, Fuchsschimmel<\/p>\n<p style=\"text-align: justify;\">v. Frederiksminde Hazy Marvel a.d. Abandoned Dream v. Logana Rex<\/p>\n<p style=\"text-align: justify;\">Z\u00fc. &amp; Bes.: Ulrike Kr\u00fcger, Weidenberg<\/p>\n<p style=\"text-align: justify;\">&nbsp;<\/p>\n<p style=\"text-align: justify;\">5. Kinzighausen Hazy Memory<\/p>\n<p style=\"text-align: justify;\">*2002, Braunschimmel<\/p>\n<p style=\"text-align: justify;\">v. Frederiksminde Hazy Marvel a.d.&nbsp; v. Bruadar<\/p>\n<p style=\"text-align: justify;\">Z\u00fc. &amp; Bes.: Michael Jaczak, W\u00e4chtersbach<\/p>\n<p style=\"text-align: justify;\">&nbsp;<\/p>\n<p style=\"text-align: justify;\">6. Marvellous Mandy<\/p>\n<p style=\"text-align: justify;\">*2002, Rappschimmel<\/p>\n<p style=\"text-align: justify;\">v. Groken Gun a.d. Milford Minx v. Ashfield Hunter&#8217;s Jewel<\/p>\n<p style=\"text-align: justify;\">Z\u00fc. &amp; Bes.: Inge u. Timmy Kreuzer, Weilrod<\/p>\n<p>&nbsp;<\/p>\n<p style=\"text-align: justify;\">&nbsp;<\/p>\n<p style=\"text-align: justify;\"><strong>6- bis 12-j\u00e4hrige Stuten<\/strong><\/p>\n<p style=\"text-align: justify;\">&nbsp;<\/p>\n<p style=\"text-align: justify;\">1. Crystal Jessie<\/p>\n<p style=\"text-align: justify;\">*2007, Schimmel<\/p>\n<p style=\"text-align: justify;\">v. Bengt a.d. Jessica v. Carrabaun Boy<\/p>\n<p style=\"text-align: justify;\">Z\u00fc. &amp; Bes.: Claudia Quasnitza, Neu-Anspach<\/p>\n<p style=\"text-align: justify;\">&nbsp;<\/p>\n<p style=\"text-align: justify;\">2. Glaskopf Grey Briony<\/p>\n<p style=\"text-align: justify;\">*1995, Fuchsschimmel<\/p>\n<p style=\"text-align: justify;\">v. Grange Surf Sparrow a.d. Talt Bay Beauty v. King of the Glen<\/p>\n<p style=\"text-align: justify;\">Z\u00fc. &amp; Bes.: Kurt Hillnh\u00fctter, Glash\u00fctten<\/p>\n<p style=\"text-align: justify;\">&nbsp;<\/p>\n<p style=\"text-align: justify;\">3.&nbsp; Dilltal Tully More<\/p>\n<p style=\"text-align: justify;\">*1993, Schimmel<\/p>\n<p style=\"text-align: justify;\">v. Tulira Nimble Dick a.d. Glory Dun v. Golden Daniel<\/p>\n<p style=\"text-align: justify;\">Z\u00fc.: Annette Platen, Ehringshausen<\/p>\n<p style=\"text-align: justify;\">Bes.: Marlit Hoffmann, Ehringshausen<\/p>\n<p style=\"text-align: justify;\">&nbsp;<\/p>\n<p style=\"text-align: justify;\">4. Bright Pearl<\/p>\n<p style=\"text-align: justify;\">*1989, Falbe<\/p>\n<p style=\"text-align: justify;\">v. Flagrant a.d. Blossom Honey v. Bunowen Brian<\/p>\n<p style=\"text-align: justify;\">Z\u00fc.: Hella Spie\u00df, M\u00f6nchengladbach<\/p>\n<p style=\"text-align: justify;\">Bes.: Gabriela Odenthal,<\/p>\n<p style=\"text-align: justify;\">&nbsp;<\/p>\n<p style=\"text-align: justify;\">5. Joy of Life<\/p>\n<p style=\"text-align: justify;\">*1994, Falbschimmel<\/p>\n<p style=\"text-align: justify;\">v. Power Boy a.d. Crystal Jalopy v. Fort Curran<\/p>\n<p style=\"text-align: justify;\">Z\u00fc.: Peter Gr\u00fcner, Bornheim<\/p>\n<p style=\"text-align: justify;\">Bes.:<\/p>\n<p style=\"text-align: justify;\">&nbsp;<\/p>\n<p style=\"text-align: justify;\">6. Pattys Maxime<\/p>\n<p style=\"text-align: justify;\">*1997, Schimmel<\/p>\n<p style=\"text-align: justify;\">v. Bengt a.d. Kirkeledgaards Margaux v. Hazy Dawn<\/p>\n<p style=\"text-align: justify;\">Z\u00fc. &amp; Bes.: Patricia Schmidt, Uetze<\/p>\n<p style=\"text-align: justify;\">&nbsp;<\/p>\n<p style=\"text-align: justify;\">7. Abandoned Dream<\/p>\n<p style=\"text-align: justify;\">*1991, Schimmel<\/p>\n<p style=\"text-align: justify;\">v. Logana Rex a.d. Angie v. May Prince<\/p>\n<p style=\"text-align: justify;\">Z\u00fc.: Konrad Weggel, Eckersdorf<\/p>\n<p style=\"text-align: justify;\">Bes.: Ulrike Kr\u00fcger, Weidenberg<\/p>\n<p style=\"text-align: justify;\">&nbsp;<\/p>\n<p style=\"text-align: justify;\">8. Maeggen<\/p>\n<p style=\"text-align: justify;\">*1999, Dunkelfalbe<\/p>\n<p style=\"text-align: justify;\">v. Eamon an Cnoic a.d. Bavaria v. Gun<\/p>\n<p style=\"text-align: justify;\">Z\u00fc.: Heinz Kavermann, Hasbergen u. Ingeborg Utrata, L\u00fcnen<\/p>\n<p style=\"text-align: justify;\">Bes.: Ingeborg Utrata, L\u00fcnen<\/p>\n<p style=\"text-align: justify;\">&nbsp;<\/p>\n<p style=\"text-align: justify;\">9. Dreikronen Wistaria<\/p>\n<p style=\"text-align: justify;\">*1996, Rappschimmel<\/p>\n<p style=\"text-align: justify;\">v. Thunder Boy a.d. With Pleasure v. Lotos<\/p>\n<p style=\"text-align: justify;\">Z\u00fc. &amp; Bes.: Fam. Hagemann, Walsrode<\/p>\n<p style=\"text-align: justify;\">&nbsp;<\/p>\n<p>&nbsp;<\/p>\n<p><strong>Siegerstute der Schau:<\/strong> Crystal Jessie (FN-Bundessiegerin)<\/p>\n<p>&nbsp;<\/p>\n<p>&nbsp;<\/p>\n<p><strong>Siegerfamilie:<\/strong><\/p>\n<p style=\"text-align: justify;\">Abandoned Dream<\/p>\n<p style=\"text-align: justify;\">*1991, Schimmel<\/p>\n<p style=\"text-align: justify;\">v. Logana Rex a.d. Angie v. May Prince<\/p>\n<p style=\"text-align: justify;\">Z\u00fc.: Konrad Weggel, Eckersdorf<\/p>\n<p style=\"text-align: justify;\">Bes.: Ulrike Kr\u00fcger, Weidenberg<\/p>\n<p>&nbsp;<\/p>\n<p style=\"text-align: justify;\">Patriks Aibi Suil<\/p>\n<p style=\"text-align: justify;\">*2001, Fuchsschimmel<\/p>\n<p style=\"text-align: justify;\">v. Frederiksminde Hazy Marvel a.d. Abandoned Dream v. Logana Rex<\/p>\n<p style=\"text-align: justify;\">Z\u00fc. &amp; Bes.: Ulrike Kr\u00fcger, Weidenberg<\/p>\n<p>&nbsp;<\/p>\n<p>Patriks Armonach Milseacht<\/p>\n<p>*2003, Fuchsschimmel<\/p>\n<p>v. Frederiksminde Hazy Marvel a.d. Abandoned Dream v. Logana Rex<\/p>\n<p>Z\u00fc. &amp; Bes.: Ulrike Kr\u00fcger, Weidenberg<\/p>\n<p>&nbsp;<\/p>\n<p>&nbsp;<\/p>\n<p>&nbsp;<\/p>\n<p style=\"text-align: justify;\">&nbsp;<\/p>\n","protected":false},"excerpt":{"rendered":"<p>&nbsp; Die Stuten wurden f\u00fcr diese Veranstaltung von den Zuchtverb\u00e4nden gemeldet. Die Veranstaltung fand am 10. Juli im Rahmen des Bundes-pferdefestivals auf dem Gel\u00e4nde der Deutschen Reiterlichen Vereinigung (FN) e.V. in Warendorf statt. &nbsp; &nbsp; 3- bis 5-j\u00e4hrige Stuten &nbsp; <a class=\"more-link\" href=\"https:\/\/www.cpv-ev.com\/?page_id=23283\"><span class=\"screen-reader-text\">  2005 Warendorf<\/span> weiterlesen<span class=\"meta-nav\">&rarr;<\/span><\/a><\/p>\n","protected":false},"author":2,"featured_media":0,"parent":0,"menu_order":0,"comment_status":"closed","ping_status":"closed","template":"onecolumn-page.php","meta":{"ngg_post_thumbnail":0,"footnotes":""},"class_list":["post-23283","page","type-page","status-publish","hentry"],"_links":{"self":[{"href":"https:\/\/www.cpv-ev.com\/index.php?rest_route=\/wp\/v2\/pages\/23283","targetHints":{"allow":["GET"]}}],"collection":[{"href":"https:\/\/www.cpv-ev.com\/index.php?rest_route=\/wp\/v2\/pages"}],"about":[{"href":"https:\/\/www.cpv-ev.com\/index.php?rest_route=\/wp\/v2\/types\/page"}],"author":[{"embeddable":true,"href":"https:\/\/www.cpv-ev.com\/index.php?rest_route=\/wp\/v2\/users\/2"}],"replies":[{"embeddable":true,"href":"https:\/\/www.cpv-ev.com\/index.php?rest_route=%2Fwp%2Fv2%2Fcomments&post=23283"}],"version-history":[{"count":0,"href":"https:\/\/www.cpv-ev.com\/index.php?rest_route=\/wp\/v2\/pages\/23283\/revisions"}],"wp:attachment":[{"href":"https:\/\/www.cpv-ev.com\/index.php?rest_route=%2Fwp%2Fv2%2Fmedia&parent=23283"}],"curies":[{"name":"wp","href":"https:\/\/api.w.org\/{rel}","templated":true}]}}