{"id":20640,"date":"2017-10-13T14:31:23","date_gmt":"2017-10-13T12:31:23","guid":{"rendered":"https:\/\/www.cpv-ev.com\/?page_id=20640"},"modified":"2017-12-08T11:31:44","modified_gmt":"2017-12-08T09:31:44","slug":"hwsd","status":"publish","type":"page","link":"https:\/\/www.cpv-ev.com\/?page_id=20640","title":{"rendered":"HWSD"},"content":{"rendered":"<p>&nbsp;<\/p>\n<p style=\"text-align: justify;\">Zum Thema HWSD (Hoof Wall Separation Disease), gesprochen wird vom Hufwandabl\u00f6sungssyndrom, hat die Connemarapony Vereinigung e.V. einen Flyer mit allgemeinen Informationen verfasst, der viele aktuelle Fragen kl\u00e4rt. Wir bedanken uns bei den vielen Unterst\u00fctzern, insbesondere den Laboren, den Zuchtverbandsvertretern im Rassebeirat Frau Eikermann und Herrn Hofmeister sowie der FN Bereich Zucht f\u00fcr die vielf\u00e4ltigen zus\u00e4tzlichen Informationen.<\/p>\n<p>&nbsp;<\/p>\n<p>Download <span style=\"font-size: 14pt;\"><strong><a href=\"https:\/\/www.cpv-ev.com\/wp-content\/uploads\/2017\/11\/HWSD-Flyer-Final.pdf\" target=\"_blank\" rel=\"noopener noreferrer\">Flyer<\/a><\/strong><\/span><\/p>\n<p>&nbsp;<\/p>\n<p style=\"text-align: justify;\">Das HWSD-Gen ist nur bei doppelten Gentr\u00e4gern problematisch, einfache Gentr\u00e4ger sind nicht beeintr\u00e4chtigt und weisen keinerlei Symptome auf. Der Test wurde entwickelt um den Z\u00fcchtern zu helfen, die Zucht von doppelten Gentr\u00e4gern zu vermeiden, ohne dabei die genetische Vielfalt zu verringern. Er kann k\u00fcnftig als ein weiteres Anpaarungskriterium verwendet werden.<\/p>\n<p>&nbsp;<\/p>\n<p style=\"text-align: justify;\">Es ist wichtig zu wissen, dass die Entwicklung und Anwendung des Tests und die geltenden Beschl\u00fcsse, die inzwischen in den <strong><a href=\"https:\/\/www.cpv-ev.com\/wp-content\/uploads\/2017\/10\/CPBS-Studbook-Principles-2017-1.pdf\" target=\"_blank\" rel=\"noopener noreferrer\">Zucht-Principles<\/a><\/strong> des Mutterstutbuchs, der CPBS in Irland, und in allen <strong><a href=\"https:\/\/www.cpv-ev.com\/wp-content\/uploads\/2017\/10\/2017-Zuchtprogramm-Connemara-Pony.pdf\" target=\"_blank\" rel=\"noopener noreferrer\">Zuchtprogrammen<\/a><\/strong> f\u00fcr Connemara Ponys weltweit verankert sind, weiterhin m\u00f6glichen Erg\u00e4nzungen unterliegen &#8211; wir informieren \u00fcber k\u00fcnftige Entwicklungen.<\/p>\n<p>&nbsp;<\/p>\n<p style=\"text-align: justify;\">Der ab 01.01.2018 f\u00fcr alle Connemara Fohlen in Deutschland verbindliche Test kann, nach aktuellem Wissensstand, von mehreren Laboren in Deutschland (wie auch in anderen L\u00e4ndern) durchgef\u00fchrt werden, die den Test nat\u00fcrlich auch f\u00fcr alle \u00e4lteren Connemara Ponys anbieten. Die Labore bieten noch mehr M\u00f6glichkeiten, z.B. Farbvererbungsmarker festzustellten, so dass sich ein Besuch der Websites, unabh\u00e4ngig vom HWSD, lohnt, wenn verschiedene Tests an einer Probe durchgef\u00fchrt werden sollen. Bitte achten Sie also, bei Interesse, auf Kombi-Angebote:<\/p>\n<p>&nbsp;<\/p>\n<p><strong>\u2022 <a href=\"https:\/\/www.centerforanimalgenetics.com\/de\/leistungen\/gentests-fur-pferde\/erbkrankheiten-beim-pferd\/\" target=\"_blank\" rel=\"noopener noreferrer\">Center for Animal Genetics (CAG)<\/a><\/strong><\/p>\n<p>&nbsp;<\/p>\n<p><strong>\u2022 <a href=\"https:\/\/www.certagen.de\/DNATests\/Testdetails\/tabid\/1513\/ProdID\/2204\/Language\/de-DE\/CatID\/137\/HufwandAbl%C3%B6sungsSyndrom.aspx\" target=\"_blank\" rel=\"noopener noreferrer\">Certagen<\/a><\/strong><\/p>\n<p>&nbsp;<\/p>\n<p><strong>\u2022 <a href=\"https:\/\/shop.labogen.com\/genuntersuchung-bestellen\/pferd\/connemara-pony\/\" target=\"_blank\" rel=\"noopener noreferrer\">Laboklin<\/a><\/strong><\/p>\n<p>&nbsp;<\/p>\n<p><strong>\u2022 <a href=\"https:\/\/weatherbysscientific.com\/contact-page\/\" target=\"_blank\" rel=\"noopener noreferrer\">Weatherbys Irland<\/a><\/strong><\/p>\n<p>F\u00fcr Fragen zum Test bei Weatherbys steht Ihnen die <strong><a href=\"https:\/\/www.cpv-ev.com\/?page_id=46\" target=\"_blank\" rel=\"noopener noreferrer\">Zuchtbeauftragte der CPV<\/a><\/strong> zur Verf\u00fcgung.<\/p>\n<p>&nbsp;<\/p>\n<p>&nbsp;<\/p>\n<p>Download <strong><a href=\"https:\/\/www.cpv-ev.com\/wp-content\/uploads\/2017\/10\/HWSD-Test-Probe.pdf\" target=\"_blank\" rel=\"noopener noreferrer\">Probent\u00fctenaufkleber<\/a><\/strong> (zus\u00e4tzlich zum vom Institut bereitgestellten Antrag auf die einzureichende Probe zu kleben)<\/p>\n<p>&nbsp;<\/p>\n<p>Download <strong><a href=\"https:\/\/www.cpv-ev.com\/wp-content\/uploads\/2017\/10\/Ergebnis-Aufkleber.pdf\" target=\"_blank\" rel=\"noopener noreferrer\">Ergebnis-Aufkleber<\/a><\/strong> (so oder \u00e4hnlich k\u00f6nnte der Aufkleber aussehen, den der Zuchtverband im Equidenpass einklebt)<\/p>\n<p>&nbsp;<\/p>\n<p style=\"text-align: justify;\">Teilweise sind diese Labore bereits f\u00fcr die Zuchtverb\u00e4nde t\u00e4tig, um die ebenfalls erforderliche Abstammungs\u00fcberpr\u00fcfung durchzuf\u00fchren, und bieten (z.B.) Mitgliedern in Zuchtverb\u00e4nden Sonderkonditionen. Auch bei gr\u00f6\u00dferen Chargen sind ggfs. Sonderkonditionen m\u00f6glich.<\/p>\n<p style=\"text-align: justify;\">&nbsp;<\/p>\n<p style=\"text-align: justify;\">Beachten Sie weiterhin, dass die Zuchtverb\u00e4nde nur die HWSD-Test-Ergebnisse mit gleichzeitiger Abstammungs\u00fcberpr\u00fcfung anerkennen d\u00fcrfen. Im Umkehrschluss brauchen alle Anpaarungen von N\/N x N\/N nicht \u00fcberpr\u00fcft werden, die Zuchtverb\u00e4nde dokumentieren den Status auch r\u00fcckwirkend bei \u00e4lteren Fohlenjahrg\u00e4ngen.<\/p>\n<p style=\"text-align: justify;\">&nbsp;<\/p>\n<p style=\"text-align: justify;\"><span style=\"font-size: 14pt;\"><strong>Hengsthaltern<\/strong><\/span> bietet sich die Gelegenheit, das HWSD-Ergebnis ihrer Hengste\/ ihres Hengstes auf der jeweiligen Seite des Hengst-verteilungsplans aufnehmen zu lassen. Das Ergebnis wird &#8222;mit Abstammungs\u00fcberpr\u00fcfung&#8220; bzw. &#8222;ohne Abstammungs\u00fcberpr\u00fcfung&#8220; (s. Flyer) ver\u00f6ffentlicht, beispielhaft sehen Sie die Seite des Hengstes <strong><a href=\"https:\/\/www.cpv-ev.com\/?page_id=19669\" target=\"_blank\" rel=\"noopener noreferrer\">Coolcom JJ<\/a><\/strong><\/p>\n<p style=\"text-align: justify;\">&nbsp;<\/p>\n<p style=\"text-align: justify;\">&nbsp;<\/p>\n<p style=\"text-align: justify;\">F\u00fcr die Aufnahme Ihres Ergebnisses und f\u00fcr weitere Fragen zum Thema wenden Sie sich bitte an <strong><a href=\"mailto:info@connemara-pony.de\" target=\"_blank\" rel=\"noopener noreferrer\">info@connemara-pony.de<\/a><\/strong> bzw. <strong><a href=\"mailto:zucht@connemara-pony.de\" target=\"_blank\" rel=\"noopener noreferrer\">zucht@connemara-pony.de<\/a><\/strong><\/p>\n<p>&nbsp;<\/p>\n<p>&nbsp;<\/p>\n<p>&nbsp;<\/p>\n<p>&nbsp;<\/p>\n<p>&nbsp;<\/p>\n<p>&nbsp;<\/p>\n<p>&nbsp;<\/p>\n<p>&nbsp;<\/p>\n<p>&nbsp;<\/p>\n","protected":false},"excerpt":{"rendered":"<p>&nbsp; Zum Thema HWSD (Hoof Wall Separation Disease), gesprochen wird vom Hufwandabl\u00f6sungssyndrom, hat die Connemarapony Vereinigung e.V. einen Flyer mit allgemeinen Informationen verfasst, der viele aktuelle Fragen kl\u00e4rt. Wir bedanken uns bei den vielen Unterst\u00fctzern, insbesondere den Laboren, den Zuchtverbandsvertretern <a class=\"more-link\" href=\"https:\/\/www.cpv-ev.com\/?page_id=20640\"><span class=\"screen-reader-text\">  HWSD<\/span> weiterlesen<span class=\"meta-nav\">&rarr;<\/span><\/a><\/p>\n","protected":false},"author":2,"featured_media":0,"parent":0,"menu_order":0,"comment_status":"closed","ping_status":"closed","template":"onecolumn-page.php","meta":{"ngg_post_thumbnail":0,"footnotes":""},"class_list":["post-20640","page","type-page","status-publish","hentry"],"_links":{"self":[{"href":"https:\/\/www.cpv-ev.com\/index.php?rest_route=\/wp\/v2\/pages\/20640","targetHints":{"allow":["GET"]}}],"collection":[{"href":"https:\/\/www.cpv-ev.com\/index.php?rest_route=\/wp\/v2\/pages"}],"about":[{"href":"https:\/\/www.cpv-ev.com\/index.php?rest_route=\/wp\/v2\/types\/page"}],"author":[{"embeddable":true,"href":"https:\/\/www.cpv-ev.com\/index.php?rest_route=\/wp\/v2\/users\/2"}],"replies":[{"embeddable":true,"href":"https:\/\/www.cpv-ev.com\/index.php?rest_route=%2Fwp%2Fv2%2Fcomments&post=20640"}],"version-history":[{"count":0,"href":"https:\/\/www.cpv-ev.com\/index.php?rest_route=\/wp\/v2\/pages\/20640\/revisions"}],"wp:attachment":[{"href":"https:\/\/www.cpv-ev.com\/index.php?rest_route=%2Fwp%2Fv2%2Fmedia&parent=20640"}],"curies":[{"name":"wp","href":"https:\/\/api.w.org\/{rel}","templated":true}]}}