{"id":19574,"date":"2017-03-14T16:18:10","date_gmt":"2017-03-14T14:18:10","guid":{"rendered":"https:\/\/www.cpv-ev.com\/?page_id=19574"},"modified":"2026-04-24T06:55:58","modified_gmt":"2026-04-24T04:55:58","slug":"seehof-hazy-mojito","status":"publish","type":"page","link":"https:\/\/www.cpv-ev.com\/?page_id=19574","title":{"rendered":"Seehof Hazy Mojito"},"content":{"rendered":"<table border=\"1\" cellspacing=\"0\" cellpadding=\"0\">\n<tbody>\n<tr>\n<td colspan=\"2\" valign=\"top\" width=\"717\"><img loading=\"lazy\" decoding=\"async\" src=\"https:\/\/www.cpv-ev.com\/wp-content\/uploads\/2012\/07\/trans240x10.gif\" alt=\"trans240x10\" width=\"240\" height=\"10\"><\/td>\n<\/tr>\n<tr>\n<td valign=\"top\" width=\"359\"><strong>Farbe:<\/strong> Schimmel<br \/>\n<strong>Geburtsfarbe:<\/strong> Palomino<\/td>\n<td valign=\"top\" width=\"359\"><strong>Hengstbuch:<\/strong> Mecklenburg-Vorpommern HB I<br \/>\n<strong>K\u00f6rung:<\/strong> 06.04.2016 Redefin<\/td>\n<\/tr>\n<tr>\n<td valign=\"top\" width=\"359\"><strong>Geboren:<\/strong> 05.06.2013<\/td>\n<td valign=\"top\" width=\"359\"><strong>Leistungspr\u00fcfung: <\/strong>2017 Neustadt\/Dosse,<br \/>\n30TT, WN 7,48 (Rang 13\/20)<strong><br \/>\n<\/strong><\/td>\n<\/tr>\n<tr>\n<td valign=\"top\" width=\"359\"><strong>Stockma\u00df: <\/strong>142 cm<\/td>\n<td valign=\"top\" width=\"359\"><strong>Tr\u00e4ger des Creme-Faktors:<\/strong> ja<\/td>\n<\/tr>\n<tr>\n<td valign=\"top\" width=\"359\"><strong>R\u00f6hrbein: <\/strong><strong><br \/>\n<\/strong><\/td>\n<td valign=\"top\" width=\"359\"><strong>Tr\u00e4ger des Fuchsgens:<\/strong> unbekannt<\/td>\n<\/tr>\n<tr>\n<td valign=\"top\" width=\"359\"><b>Ausgeschieden:&nbsp;<\/b><\/td>\n<td valign=\"top\" width=\"359\">&nbsp;<\/td>\n<\/tr>\n<tr>\n<td colspan=\"2\" valign=\"top\" width=\"717\"><strong style=\"line-height: 24px;\">HWSD-Status: <\/strong>N\/N mit Abstammungs\u00fcberpr\u00fcfung<strong style=\"line-height: 24px;\"><br \/>\n<\/strong><\/td>\n<\/tr>\n<tr>\n<td valign=\"top\" width=\"359\"><img loading=\"lazy\" decoding=\"async\" class=\"alignnone size-full wp-image-232\" src=\"https:\/\/www.cpv-ev.com\/wp-content\/uploads\/2012\/07\/trans240x10.gif\" alt=\"trans240x10\" width=\"240\" height=\"10\" srcset=\"https:\/\/www.cpv-ev.com\/wp-content\/uploads\/2012\/07\/trans240x10.gif 240w, https:\/\/www.cpv-ev.com\/wp-content\/uploads\/2012\/07\/trans240x10-225x10.gif 225w\" sizes=\"auto, (max-width: 240px) 100vw, 240px\" \/><\/td>\n<td valign=\"top\" width=\"359\">&nbsp;<\/td>\n<\/tr>\n<tr>\n<td valign=\"top\" width=\"359\"><strong>Gek\u00f6rte S\u00f6hne: <\/strong>bisher keine<\/td>\n<td valign=\"top\" width=\"359\"><strong>Eingetragene Stuten:<\/strong> &#8211;<br \/>\n<strong>davon StPrSt: <\/strong>&#8211;<strong><br \/>\n<\/strong><\/td>\n<\/tr>\n<tr>\n<td valign=\"top\" width=\"359\"><img loading=\"lazy\" decoding=\"async\" src=\"https:\/\/www.cpv-ev.com\/wp-content\/uploads\/2012\/07\/trans240x10.gif\" alt=\"trans240x10\" width=\"240\" height=\"10\"><\/td>\n<td valign=\"top\" width=\"359\">&nbsp;<\/td>\n<\/tr>\n<tr>\n<td valign=\"top\" width=\"359\"><strong>Lebensgewinnsumme:<\/strong> &#8211;<img loading=\"lazy\" decoding=\"async\" class=\"alignnone size-full wp-image-232\" title=\"trans240x10\" src=\"https:\/\/www.cpv-ev.com\/wp-content\/uploads\/2012\/07\/trans240x10.gif\" alt=\"\" width=\"100\" height=\"20\"><\/td>\n<td valign=\"top\" width=\"359\"><strong>Nachkommen-LGS: <\/strong>&#8211;<\/td>\n<\/tr>\n<tr>\n<td colspan=\"2\" valign=\"top\" width=\"717\"><img loading=\"lazy\" decoding=\"async\" src=\"https:\/\/www.cpv-ev.com\/wp-content\/uploads\/2012\/07\/trans240x10.gif\" alt=\"trans240x10\" width=\"240\" height=\"10\"><\/td>\n<\/tr>\n<tr>\n<td colspan=\"2\" valign=\"top\" width=\"717\"><strong>Z\u00fcchter &amp; Besitzer:<\/strong>&nbsp;Beatrix und Volker Dreschel, Gest\u00fct Seehof, Dorfstr. 1, 17349 Neetzka<\/td>\n<\/tr>\n<tr>\n<td valign=\"top\" width=\"359\">&nbsp;<\/td>\n<td valign=\"top\" width=\"359\">&nbsp;<\/td>\n<\/tr>\n<tr>\n<td valign=\"top\" width=\"307\">&nbsp;<\/td>\n<td valign=\"top\" width=\"307\">&nbsp;<\/td>\n<\/tr>\n<\/tbody>\n<\/table>\n<h5>Pedigree<\/h5>\n<p><img loading=\"lazy\" decoding=\"async\" class=\"alignleft size-full wp-image-19581\" src=\"https:\/\/www.cpv-ev.com\/wp-content\/uploads\/2017\/03\/Seehof-Hazy-Mojito-Ped.jpg\" alt=\"\" width=\"680\" height=\"310\" srcset=\"https:\/\/www.cpv-ev.com\/wp-content\/uploads\/2017\/03\/Seehof-Hazy-Mojito-Ped.jpg 680w, https:\/\/www.cpv-ev.com\/wp-content\/uploads\/2017\/03\/Seehof-Hazy-Mojito-Ped-241x110.jpg 241w, https:\/\/www.cpv-ev.com\/wp-content\/uploads\/2017\/03\/Seehof-Hazy-Mojito-Ped-300x137.jpg 300w, https:\/\/www.cpv-ev.com\/wp-content\/uploads\/2017\/03\/Seehof-Hazy-Mojito-Ped-500x228.jpg 500w\" sizes=\"auto, (max-width: 680px) 100vw, 680px\" \/><br \/>\n&nbsp;<\/p>\n<h5>Galerie<\/h5>\n<p><img loading=\"lazy\" decoding=\"async\" class=\"alignnone size-thumbnail wp-image-19582\" src=\"https:\/\/www.cpv-ev.com\/wp-content\/uploads\/2017\/03\/Seehof-Hazy-Mojito-147x110.jpg\" alt=\"\" width=\"147\" height=\"110\" srcset=\"https:\/\/www.cpv-ev.com\/wp-content\/uploads\/2017\/03\/Seehof-Hazy-Mojito-147x110.jpg 147w, https:\/\/www.cpv-ev.com\/wp-content\/uploads\/2017\/03\/Seehof-Hazy-Mojito-300x225.jpg 300w, https:\/\/www.cpv-ev.com\/wp-content\/uploads\/2017\/03\/Seehof-Hazy-Mojito-500x375.jpg 500w, https:\/\/www.cpv-ev.com\/wp-content\/uploads\/2017\/03\/Seehof-Hazy-Mojito-146x110.jpg 146w, https:\/\/www.cpv-ev.com\/wp-content\/uploads\/2017\/03\/Seehof-Hazy-Mojito.jpg 750w\" sizes=\"auto, (max-width: 147px) 100vw, 147px\" \/><\/p>\n<h5>Nachkommen<\/h5>\n\n<table id=\"tablepress-18\" class=\"tablepress tablepress-id-18\">\n<thead>\n<tr class=\"row-1\">\n\t<th class=\"column-1\">FOTO<\/th><th class=\"column-2\">NAME<\/th><th class=\"column-3\">JAHR<\/th><th class=\"column-4\">VATER<\/th><th class=\"column-5\">MUTTER<\/th><th class=\"column-6\">Z\u00dcCHTER<\/th>\n<\/tr>\n<\/thead>\n<tbody class=\"row-striping row-hover\">\n<\/tbody>\n<\/table>\n<!-- #tablepress-18 from cache -->\n","protected":false},"excerpt":{"rendered":"<p>Farbe: Schimmel Geburtsfarbe: Palomino Hengstbuch: Mecklenburg-Vorpommern HB I K\u00f6rung: 06.04.2016 Redefin Geboren: 05.06.2013 Leistungspr\u00fcfung: 2017 Neustadt\/Dosse, 30TT, WN 7,48 (Rang 13\/20) Stockma\u00df: 142 cm Tr\u00e4ger des Creme-Faktors: ja R\u00f6hrbein: Tr\u00e4ger des Fuchsgens: unbekannt Ausgeschieden:&nbsp; &nbsp; HWSD-Status: N\/N mit Abstammungs\u00fcberpr\u00fcfung &nbsp; <a class=\"more-link\" href=\"https:\/\/www.cpv-ev.com\/?page_id=19574\"><span class=\"screen-reader-text\">  Seehof Hazy Mojito<\/span> weiterlesen<span class=\"meta-nav\">&rarr;<\/span><\/a><\/p>\n","protected":false},"author":2,"featured_media":0,"parent":11821,"menu_order":0,"comment_status":"closed","ping_status":"closed","template":"","meta":{"ngg_post_thumbnail":0,"footnotes":""},"class_list":["post-19574","page","type-page","status-publish","hentry"],"_links":{"self":[{"href":"https:\/\/www.cpv-ev.com\/index.php?rest_route=\/wp\/v2\/pages\/19574","targetHints":{"allow":["GET"]}}],"collection":[{"href":"https:\/\/www.cpv-ev.com\/index.php?rest_route=\/wp\/v2\/pages"}],"about":[{"href":"https:\/\/www.cpv-ev.com\/index.php?rest_route=\/wp\/v2\/types\/page"}],"author":[{"embeddable":true,"href":"https:\/\/www.cpv-ev.com\/index.php?rest_route=\/wp\/v2\/users\/2"}],"replies":[{"embeddable":true,"href":"https:\/\/www.cpv-ev.com\/index.php?rest_route=%2Fwp%2Fv2%2Fcomments&post=19574"}],"version-history":[{"count":2,"href":"https:\/\/www.cpv-ev.com\/index.php?rest_route=\/wp\/v2\/pages\/19574\/revisions"}],"predecessor-version":[{"id":30191,"href":"https:\/\/www.cpv-ev.com\/index.php?rest_route=\/wp\/v2\/pages\/19574\/revisions\/30191"}],"up":[{"embeddable":true,"href":"https:\/\/www.cpv-ev.com\/index.php?rest_route=\/wp\/v2\/pages\/11821"}],"wp:attachment":[{"href":"https:\/\/www.cpv-ev.com\/index.php?rest_route=%2Fwp%2Fv2%2Fmedia&parent=19574"}],"curies":[{"name":"wp","href":"https:\/\/api.w.org\/{rel}","templated":true}]}}

<table border="1" cellspacing="0" cellpadding="0">
<tbody>
<tr>
<td colspan="2" valign="top" width="717"><img loading="lazy" decoding="async" src="https://www.cpv-ev.com/wp-content/uploads/2012/07/trans240x10.gif" alt="trans240x10" width="240" height="10"></td>
</tr>
<tr>
<td valign="top" width="359"><strong>Farbe:</strong> Schimmel<br />
<strong>Geburtsfarbe:</strong> Palomino</td>
<td valign="top" width="359"><strong>Hengstbuch:</strong> Mecklenburg-Vorpommern HB I<br />
<strong>Körung:</strong> 06.04.2016 Redefin</td>
</tr>
<tr>
<td valign="top" width="359"><strong>Geboren:</strong> 05.06.2013</td>
<td valign="top" width="359"><strong>Leistungsprüfung: </strong>2017 Neustadt/Dosse,<br />
30TT, WN 7,48 (Rang 13/20)<strong><br />
</strong></td>
</tr>
<tr>
<td valign="top" width="359"><strong>Stockmaß: </strong>142 cm</td>
<td valign="top" width="359"><strong>Träger des Creme-Faktors:</strong> ja</td>
</tr>
<tr>
<td valign="top" width="359"><strong>Röhrbein: </strong><strong><br />
</strong></td>
<td valign="top" width="359"><strong>Träger des Fuchsgens:</strong> unbekannt</td>
</tr>
<tr>
<td valign="top" width="359"><b>Ausgeschieden:&nbsp;</b></td>
<td valign="top" width="359">&nbsp;</td>
</tr>
<tr>
<td colspan="2" valign="top" width="717"><strong style="line-height: 24px;">HWSD-Status: </strong>N/N mit Abstammungsüberprüfung<strong style="line-height: 24px;"><br />
</strong></td>
</tr>
<tr>
<td valign="top" width="359"><img loading="lazy" decoding="async" class="alignnone size-full wp-image-232" src="https://www.cpv-ev.com/wp-content/uploads/2012/07/trans240x10.gif" alt="trans240x10" width="240" height="10" srcset="https://www.cpv-ev.com/wp-content/uploads/2012/07/trans240x10.gif 240w, https://www.cpv-ev.com/wp-content/uploads/2012/07/trans240x10-225x10.gif 225w" sizes="auto, (max-width: 240px) 100vw, 240px" /></td>
<td valign="top" width="359">&nbsp;</td>
</tr>
<tr>
<td valign="top" width="359"><strong>Gekörte Söhne: </strong>bisher keine</td>
<td valign="top" width="359"><strong>Eingetragene Stuten:</strong> &#8211;<br />
<strong>davon StPrSt: </strong>&#8211;<strong><br />
</strong></td>
</tr>
<tr>
<td valign="top" width="359"><img loading="lazy" decoding="async" src="https://www.cpv-ev.com/wp-content/uploads/2012/07/trans240x10.gif" alt="trans240x10" width="240" height="10"></td>
<td valign="top" width="359">&nbsp;</td>
</tr>
<tr>
<td valign="top" width="359"><strong>Lebensgewinnsumme:</strong> &#8211;<img loading="lazy" decoding="async" class="alignnone size-full wp-image-232" title="trans240x10" src="https://www.cpv-ev.com/wp-content/uploads/2012/07/trans240x10.gif" alt="" width="100" height="20"></td>
<td valign="top" width="359"><strong>Nachkommen-LGS: </strong>&#8211;</td>
</tr>
<tr>
<td colspan="2" valign="top" width="717"><img loading="lazy" decoding="async" src="https://www.cpv-ev.com/wp-content/uploads/2012/07/trans240x10.gif" alt="trans240x10" width="240" height="10"></td>
</tr>
<tr>
<td colspan="2" valign="top" width="717"><strong>Züchter &amp; Besitzer:</strong>&nbsp;Beatrix und Volker Dreschel, Gestüt Seehof, Dorfstr. 1, 17349 Neetzka</td>
</tr>
<tr>
<td valign="top" width="359">&nbsp;</td>
<td valign="top" width="359">&nbsp;</td>
</tr>
<tr>
<td valign="top" width="307">&nbsp;</td>
<td valign="top" width="307">&nbsp;</td>
</tr>
</tbody>
</table>
<h5>Pedigree</h5>
<p><img loading="lazy" decoding="async" class="alignleft size-full wp-image-19581" src="https://www.cpv-ev.com/wp-content/uploads/2017/03/Seehof-Hazy-Mojito-Ped.jpg" alt="" width="680" height="310" srcset="https://www.cpv-ev.com/wp-content/uploads/2017/03/Seehof-Hazy-Mojito-Ped.jpg 680w, https://www.cpv-ev.com/wp-content/uploads/2017/03/Seehof-Hazy-Mojito-Ped-241x110.jpg 241w, https://www.cpv-ev.com/wp-content/uploads/2017/03/Seehof-Hazy-Mojito-Ped-300x137.jpg 300w, https://www.cpv-ev.com/wp-content/uploads/2017/03/Seehof-Hazy-Mojito-Ped-500x228.jpg 500w" sizes="auto, (max-width: 680px) 100vw, 680px" /><br />
&nbsp;</p>
<h5>Galerie</h5>
<p><img loading="lazy" decoding="async" class="alignnone size-thumbnail wp-image-19582" src="https://www.cpv-ev.com/wp-content/uploads/2017/03/Seehof-Hazy-Mojito-147x110.jpg" alt="" width="147" height="110" srcset="https://www.cpv-ev.com/wp-content/uploads/2017/03/Seehof-Hazy-Mojito-147x110.jpg 147w, https://www.cpv-ev.com/wp-content/uploads/2017/03/Seehof-Hazy-Mojito-300x225.jpg 300w, https://www.cpv-ev.com/wp-content/uploads/2017/03/Seehof-Hazy-Mojito-500x375.jpg 500w, https://www.cpv-ev.com/wp-content/uploads/2017/03/Seehof-Hazy-Mojito-146x110.jpg 146w, https://www.cpv-ev.com/wp-content/uploads/2017/03/Seehof-Hazy-Mojito.jpg 750w" sizes="auto, (max-width: 147px) 100vw, 147px" /></p>
<h5>Nachkommen</h5>

<table id="tablepress-18" class="tablepress tablepress-id-18">
<thead>
<tr class="row-1">
	<th class="column-1">FOTO</th><th class="column-2">NAME</th><th class="column-3">JAHR</th><th class="column-4">VATER</th><th class="column-5">MUTTER</th><th class="column-6">ZÜCHTER</th>
</tr>
</thead>
<tbody class="row-striping row-hover">
</tbody>
</table>
<!-- #tablepress-18 from cache -->

<p>Farbe: Schimmel Geburtsfarbe: Palomino Hengstbuch: Mecklenburg-Vorpommern HB I Körung: 06.04.2016 Redefin Geboren: 05.06.2013 Leistungsprüfung: 2017 Neustadt/Dosse, 30TT, WN 7,48 (Rang 13/20) Stockmaß: 142 cm Träger des Creme-Faktors: ja Röhrbein: Träger des Fuchsgens: unbekannt Ausgeschieden:&nbsp; &nbsp; HWSD-Status: N/N mit Abstammungsüberprüfung &nbsp; <a class="more-link" href="https://www.cpv-ev.com/?page_id=19574"><span class="screen-reader-text">  Seehof Hazy Mojito</span> weiterlesen<span class="meta-nav">&rarr;</span></a></p>
