{"id":187,"date":"2012-07-10T18:32:25","date_gmt":"2012-07-10T16:32:25","guid":{"rendered":"https:\/\/www.cpv-ev.com\/?page_id=187"},"modified":"2026-04-20T10:41:59","modified_gmt":"2026-04-20T08:41:59","slug":"links","status":"publish","type":"page","link":"https:\/\/www.cpv-ev.com\/?page_id=187","title":{"rendered":"Links"},"content":{"rendered":"<p><strong>Links zu <span style=\"text-decoration: underline;\">deutschen Z\u00fcchtern<\/span> finden Sie im <a title=\"Z\u00fcchterverzeichnis\" href=\"https:\/\/www.cpv-ev.com\/?page_id=167\">\u00bb&nbsp;Z\u00fcchterverzeichnis<\/a><\/strong><\/p>\n<p><span style=\"text-decoration: underline;\"><strong>Pedigree-Datenbanken<\/strong><\/span><\/p>\n<ul style=\"margin-left: 20px;\">\n<li><a href=\"https:\/\/connemara.on-web.dk\/\" target=\"_blank\" rel=\"noopener noreferrer\">Datenbank D\u00e4nemark<\/a><\/li>\n<li><a href=\"https:\/\/cpbs.ie\/db\/public.php?a=10\" target=\"_blank\" rel=\"noopener noreferrer\">Datenbank Irland<\/a><\/li>\n<li><a href=\"https:\/\/www.allbreedpedigree.com\/\" target=\"_blank\" rel=\"noopener noreferrer\">Allbreed Pedigree<\/a><\/li>\n<li><a href=\"https:\/\/www.tephra.se\" target=\"_blank\" rel=\"noopener noreferrer\">Jenny Hagenblad<\/a><\/li>\n<\/ul>\n<p><span style=\"text-decoration: underline;\"><strong>Zuchtverb\u00e4nde in Deutschland<\/strong><\/span><\/p>\n<ul style=\"margin-left: 20px;\">\n<li><a href=\"https:\/\/www.pzv-bw.de\/\" target=\"_blank\" rel=\"noopener noreferrer\">Pferdezuchtverband Baden-W\u00fcrttemberg e.V.<\/a><\/li>\n<li><a href=\"https:\/\/www.kleinpferde-und-spezialpferderassen.de\/\" target=\"_blank\" rel=\"noopener noreferrer\">Bayerischer Zuchtverband f\u00fcr Kleinpferde und Spezialpferderassen e.V.<\/a><\/li>\n<li><a href=\"https:\/\/www.pferde-brandenburg-anhalt.de\/\" target=\"_blank\" rel=\"noopener noreferrer\">Pferdezuchtverband Brandenburg-Anhalt e.V.<\/a><\/li>\n<li><a href=\"https:\/\/www.ponyhannover.de\/\" target=\"_blank\" rel=\"noopener noreferrer\">Verband der Pony- und Kleinpferdez\u00fcchter Hannover e.V.<\/a><\/li>\n<li><a href=\"https:\/\/www.ponyverband.de\/\" target=\"_blank\" rel=\"noopener noreferrer\">Verband der Pony- und Pferdez\u00fcchter Hessen e.V.<\/a><\/li>\n<li><a href=\"https:\/\/www.pferdezuchtverband-mv.de\/\" target=\"_blank\" rel=\"noopener noreferrer\">Verband der Pferdez\u00fcchter Mecklenburg-Vorpommern e.V.<\/a><\/li>\n<li><a href=\"https:\/\/www.pferdezucht-rheinland.de\/\" target=\"_blank\" rel=\"noopener noreferrer\">Rheinisches Pferdestammbuch e.V.<\/a><\/li>\n<li><a href=\"https:\/\/www.pferdezucht-rps.de\/\" target=\"_blank\" rel=\"noopener noreferrer\">Pferdezuchtverband Rheinland-Pfalz-Saar e.V.<\/a><\/li>\n<li><a href=\"https:\/\/www.pferde-sachsen-thueringen.de\/\" target=\"_blank\" rel=\"noopener noreferrer\">Pferdezuchtverband Sachsen-Th\u00fcringen e.V.<\/a><\/li>\n<li><a href=\"https:\/\/www.pferdestammbuch-sh.de\/\" target=\"_blank\" rel=\"noopener noreferrer\">Pferdestammbuch Schleswig-Holstein\/ Hamburg e.V.<\/a><\/li>\n<li><a href=\"https:\/\/www.psbwe.de\/\" target=\"_blank\" rel=\"noopener noreferrer\">Pferdestammbuch Weser-Ems e.V.<\/a><\/li>\n<li><a href=\"https:\/\/www.westfalenpferde.de\/\" target=\"_blank\" rel=\"noopener noreferrer\">Westf\u00e4lisches Pferdestammbuch e.V.<\/a><\/li>\n<li><a href=\"https:\/\/www.zfdp.de\/\" target=\"_blank\" rel=\"noopener noreferrer\">ZfdP &#8211; Zuchtverband f\u00fcr deutsche Pferde<\/a><\/li>\n<\/ul>\n<p><span style=\"text-decoration: underline;\"><strong>Allgemeine Pferdeseiten<\/strong><\/span><\/p>\n<ul style=\"margin-left: 20px;\">\n<li><a href=\"https:\/\/www.buecher-zum-pferd.de\/\" target=\"_blank\" rel=\"noopener noreferrer\">B\u00fccher zum Pferd<\/a><\/li>\n<li><a href=\"https:\/\/www.pferd-aktuell.de\/\">FN<\/a><\/li>\n<li><a href=\"https:\/\/www.horsesport.org\/\">FEI<\/a><\/li>\n<li><a href=\"https:\/\/www.fahrsport-aktuell.de\/\" target=\"_blank\" rel=\"noopener noreferrer\">Fahrsport Aktuell<\/a><\/li>\n<li><a href=\"https:\/\/www.fahrsport-hessen.de\/\" target=\"_blank\" rel=\"noopener noreferrer\">Fahrsport Hessen<\/a><\/li>\n<li><a href=\"https:\/\/www.hk-media.de\" target=\"_blank\" rel=\"noopener noreferrer\">HK Media<\/a><\/li>\n<li><a href=\"https:\/\/www.pferdehessen.de\/\" target=\"_blank\" rel=\"noopener noreferrer\">Pferdehessen.de<\/a><\/li>\n<li><a href=\"https:\/\/www.pferdekutscher.de\/\" target=\"_blank\" rel=\"noopener noreferrer\">Pferdekutscher<\/a><\/li>\n<li><a href=\"https:\/\/www.pferdezeitung.com\/\" target=\"_blank\" rel=\"noopener noreferrer\">Pferdezeitung<\/a><\/li>\n<li><a href=\"https:\/\/www.proeinspaenner.de\/\" target=\"_blank\" rel=\"noopener noreferrer\">Pro Einsp\u00e4nner e.V.<\/a><\/li>\n<li><a href=\"https:\/\/www.puk-schoenbach.de\/\" target=\"_blank\" rel=\"noopener noreferrer\">PUK Sch\u00f6nbach<\/a><\/li>\n<li><a href=\"https:\/\/www.reitferien-in-irland.de\" target=\"_blank\" rel=\"noopener noreferrer\">Reitferien in Irland<\/a><\/li>\n<li><a href=\"https:\/\/www.reesenufer.de\/\" target=\"_blank\" rel=\"noopener noreferrer\">Teckel vom Reesenufer<\/a><\/li>\n<li><a href=\"https:\/\/www.cavanequestrian.com\/\" target=\"_blank\" rel=\"noopener noreferrer\">Cavan Horse Marketing (IRL)<\/a><\/li>\n<li><a href=\"https:\/\/www.connemarapony.ch\/default.htm\" target=\"_blank\" rel=\"noopener noreferrer\">Internet Connemara Gallery (SUI)<\/a><\/li>\n<li><a href=\"https:\/\/www.irishhorsesociety.com\/\" target=\"_blank\" rel=\"noopener noreferrer\">Irish Horse Society (IRL)<\/a><\/li>\n<li><a href=\"https:\/\/www.thenativepony.com\/\" target=\"_blank\" rel=\"noopener noreferrer\">The Native Pony&nbsp;(GBR)<\/a><\/li>\n<\/ul>\n<p><span style=\"text-decoration: underline;\"><strong>Connemara Societies weltweit<\/strong><\/span><\/p>\n<ul style=\"margin-left: 20px;\">\n<li><a href=\"https:\/\/www.cpbsa.com.au\/\" target=\"_blank\" rel=\"noopener noreferrer\">Connemara Pony Breeders&#8216; Society (AUS)<\/a><\/li>\n<li><a href=\"https:\/\/www.connemara-pony.be\/welcome\/index.php\" target=\"_blank\" rel=\"noopener noreferrer\">Belgian Connemara Pony Breeder Association (BEL)<\/a><\/li>\n<li><a href=\"https:\/\/www.connemaraponybelgium.be\/\" target=\"_blank\" rel=\"noopener noreferrer\">Connemara Pony Belgium (BEL)<\/a><\/li>\n<li><a href=\"https:\/\/www.connemarapony.dk\/\" target=\"_blank\" rel=\"noopener noreferrer\">Connemara Ponyer i Danmark (DEN)<\/a><\/li>\n<li><a href=\"https:\/\/www.connemara-pony-ig.de\/\" target=\"_blank\" rel=\"noopener noreferrer\">Connemara Pony Interessengemeinschaft e.V. (GER)<\/a><\/li>\n<li><a href=\"https:\/\/www.connemara.fi\/\" target=\"_blank\" rel=\"noopener noreferrer\">Suomen Connemarayhdistys Ry (FIN)<\/a><\/li>\n<li><a href=\"https:\/\/www.britishconnemaras.co.uk\/index.php\" target=\"_blank\" rel=\"noopener noreferrer\">British Connemara Pony Society (GBR)<\/a><\/li>\n<li><a href=\"https:\/\/www.connemarapony.org\/\" target=\"_blank\" rel=\"noopener noreferrer\">ICCPS (International Committee of Connemara Pony Societies)<\/a><\/li>\n<li><a href=\"https:\/\/www.cpbs.ie\/\" target=\"_blank\" rel=\"noopener noreferrer\">CPBS &#8211; Connemara Pony Breeders Society (IRL)<\/a><\/li>\n<li><a href=\"https:\/\/www.canadianconnemara.org\/\" target=\"_blank\" rel=\"noopener noreferrer\">Canadian Connemara Pony Society (CAN)<\/a><\/li>\n<li><a href=\"https:\/\/www.connemara.nl\/\" target=\"_blank\" rel=\"noopener noreferrer\">Nederlands Connemara Pony Stamboek (NED)<\/a><\/li>\n<li><a href=\"https:\/\/www.connemara.at\/\" target=\"_blank\" rel=\"noopener noreferrer\">Das Connemara Pony (AUT)<\/a><\/li>\n<li><a href=\"https:\/\/www.connemaraponny.org\/\" target=\"_blank\" rel=\"noopener noreferrer\">Svenska Connemaras\u00e4llskapet (SWE)<\/a><\/li>\n<li><a href=\"https:\/\/www.svpk.ch\/\" target=\"_blank\" rel=\"noopener noreferrer\">Schweizerischer Verband f\u00fcr Ponys und Kleinpferde (SUI)<\/a><\/li>\n<li><a href=\"https:\/\/www.acps.org\/\" target=\"_blank\" rel=\"noopener noreferrer\">American Connemara Pony Society (USA)<\/a><\/li>\n<li><a href=\"https:\/\/www.connemara-ponyer.dk\/\" target=\"_blank\" rel=\"noopener noreferrer\">Dansk Connemara Pony Selskab (DEN)<\/a><\/li>\n<li><a href=\"https:\/\/www.connemara-france.com\/\" target=\"_blank\" rel=\"noopener noreferrer\">Association Francaise du Poney Connemara (FRA)<\/a><\/li>\n<\/ul>\n<p><span style=\"text-decoration: underline;\"><strong>Gest\u00fcte und Connemara-Seiten weltweit<\/strong><\/span><\/p>\n<ul style=\"margin-left: 20px;\">\n<li><a href=\"https:\/\/www.glenormistonconnemaras.com\/\" target=\"_blank\" rel=\"noopener noreferrer\">Glenormiston (AUS)<\/a><\/li>\n<li><a href=\"https:\/\/www.abf-bvba.com\/\" target=\"_blank\" rel=\"noopener noreferrer\">ABF Aalter Breeding Farm (BEL)<\/a><\/li>\n<li><a href=\"https:\/\/www.stoeterijdeloof.be\/site\/\" target=\"_blank\" rel=\"noopener noreferrer\">Deloof (BEL)<\/a><\/li>\n<li><a href=\"https:\/\/www.kloverhill.com\/\" target=\"_blank\" rel=\"noopener noreferrer\">Klover Hill (BEL)<\/a><\/li>\n<li><a href=\"https:\/\/www.les4chemins.be\/\" target=\"_blank\" rel=\"noopener noreferrer\">Quatre Chemins (BEL)<\/a><\/li>\n<li><a href=\"https:\/\/www.ac-engvang.dk\/\" target=\"_blank\" rel=\"noopener noreferrer\">AC Engvang (DEN)<\/a><\/li>\n<li><a href=\"https:\/\/www.stutteri-bank.dk\/\" target=\"_blank\" rel=\"noopener noreferrer\">Bank (DEN)<\/a><\/li>\n<li><a href=\"https:\/\/www.bredemadgaard.dk\/\" target=\"_blank\" rel=\"noopener noreferrer\">Bredemadg\u00e5rd (DEN)<\/a><\/li>\n<li><a href=\"https:\/\/www.carex-stutteri.dk\/\" target=\"_blank\" rel=\"noopener noreferrer\">Carex (DEN)<\/a><\/li>\n<li><a href=\"https:\/\/www.stutteri-bech.dk\/\" target=\"_blank\" rel=\"noopener noreferrer\">Dambaekg\u00e5rd (DEN)<\/a><\/li>\n<li><a href=\"https:\/\/www.stutteridamgaard.dk\/\" target=\"_blank\" rel=\"noopener noreferrer\">Damg\u00e5rd (DEN)<\/a><\/li>\n<li><a href=\"https:\/\/www.stutteri-elmely.dk\/\" target=\"_blank\" rel=\"noopener noreferrer\">Elmely (DEN)<\/a><\/li>\n<li><a href=\"https:\/\/www.stutteri-haahr.dk\/\" target=\"_blank\" rel=\"noopener noreferrer\">Haahr (DEN)<\/a><\/li>\n<li><a href=\"https:\/\/www.stutteri-hesselholt.dk\/\" target=\"_blank\" rel=\"noopener noreferrer\">Hesselholt (DEN)<\/a><\/li>\n<li><a href=\"https:\/\/www.hesteklewa.dk\/\" target=\"_blank\" rel=\"noopener noreferrer\">Hesteklewa (DEN)<\/a><\/li>\n<li><a href=\"https:\/\/www.stutteri-laerken.dk\/\" target=\"_blank\" rel=\"noopener noreferrer\">L\u00e6rken (DEN)<\/a><\/li>\n<li><a href=\"https:\/\/www.connemara.dk\/\" target=\"_blank\" rel=\"noopener noreferrer\">Maskenkol (DEN)<\/a><\/li>\n<li><a href=\"https:\/\/www.noerlund.com\/\" target=\"_blank\" rel=\"noopener noreferrer\">N\u00f8rlund (DEN)<\/a><\/li>\n<li><a href=\"https:\/\/skaergaarden.dk\/DK.aspx\" target=\"_blank\" rel=\"noopener noreferrer\">Sk\u00e6rg\u00e5rden (DEN)<\/a><\/li>\n<li><a href=\"https:\/\/www.skatholm.dk\/\" target=\"_blank\" rel=\"noopener noreferrer\">Skatholm (DEN)<\/a><\/li>\n<li><a href=\"https:\/\/www.doyher.net\/\" target=\"_blank\" rel=\"noopener noreferrer\">Doyher (FIN)<\/a><\/li>\n<li><a href=\"https:\/\/connemaradelaulne.free.fr\/\" target=\"_blank\" rel=\"noopener noreferrer\">Elevage d&#8217;Aulne (FRA)<\/a><\/li>\n<li><a href=\"https:\/\/harasclosel.chez-alice.fr\/startf.htm\" target=\"_blank\" rel=\"noopener noreferrer\">Elevage Closel (FRA)<\/a><\/li>\n<li><a href=\"https:\/\/www.poney-connemara-france.com\/\" target=\"_blank\" rel=\"noopener noreferrer\">Elevage du Reuil (FRA)<\/a><\/li>\n<li><a href=\"https:\/\/www.harasvaucoulmin.com\/pages\/index.html\" target=\"_blank\" rel=\"noopener noreferrer\">Haras Vaucoulmin (FRA)<\/a><\/li>\n<li><a href=\"https:\/\/www.syndicatlinaro.com\/\" target=\"_blank\" rel=\"noopener noreferrer\">Syndicat Linaro (FRA)<\/a><\/li>\n<li><a href=\"https:\/\/www.staldehaar.nl\/\" target=\"_blank\" rel=\"noopener noreferrer\">De Haar (NED)<\/a><\/li>\n<li><a href=\"https:\/\/www.deleliaard.nl\/\" target=\"_blank\" rel=\"noopener noreferrer\">De Leliaard (NED)<\/a><\/li>\n<li><a href=\"https:\/\/www.zonnehoeve.net\/\" target=\"_blank\" rel=\"noopener noreferrer\">De Zonnehoeve (NED)<\/a><\/li>\n<li><a href=\"https:\/\/www.zonnehoeve.net\/\" target=\"_blank\" rel=\"noopener noreferrer\">Paarden Rasse (NED)<\/a><\/li>\n<li><a href=\"https:\/\/members.aon.at\/auerbach\/\" target=\"_blank\" rel=\"noopener noreferrer\">Gest\u00fct Auerbach (AUT)<\/a><\/li>\n<li><a href=\"https:\/\/www.connemaraponys.at\/\" target=\"_blank\" rel=\"noopener noreferrer\">Green Heart (AUT)<\/a><\/li>\n<li><a href=\"https:\/\/www.working-hunter.com\/\" target=\"_blank\" rel=\"noopener noreferrer\">Working Hunter (AUT)<\/a><\/li>\n<li><a href=\"https:\/\/www.chilhamconnemaras.co.uk\/\" target=\"_blank\" rel=\"noopener noreferrer\">Chilham (GBR)<\/a><\/li>\n<li><a href=\"https:\/\/www.claresconnemaras.com\/\" target=\"_blank\" rel=\"noopener noreferrer\">Edenwood (GBR)<\/a><\/li>\n<li><a href=\"https:\/\/www.glenwoodstud.co.uk\/\" target=\"_blank\" rel=\"noopener noreferrer\">Glenwood (GBR)<\/a><\/li>\n<li><a href=\"https:\/\/www.lanburnconnemaras.co.uk\/\" target=\"_blank\" rel=\"noopener noreferrer\">Lanburn (GBR)<\/a><\/li>\n<li><a href=\"https:\/\/www.newhillfarmstud.co.uk\/\" target=\"_blank\" rel=\"noopener noreferrer\">Newhill (GBR)<\/a><\/li>\n<li><a href=\"https:\/\/www.users.waitrose.com\/~nicholas77\/\" target=\"_blank\" rel=\"noopener noreferrer\">Oaklands (GBR)<\/a><\/li>\n<li><a href=\"https:\/\/www.connemara-pony.net\/\" target=\"_blank\" rel=\"noopener noreferrer\">Pat Lyne (GBR)<\/a><\/li>\n<li><a href=\"https:\/\/www.skellornstud.co.uk\/\" target=\"_blank\" rel=\"noopener noreferrer\">Skellorn (GBR)<\/a><\/li>\n<li><a href=\"https:\/\/www.tyanconnemaras.co.uk\/\" target=\"_blank\" rel=\"noopener noreferrer\">Tyan (GBR)<\/a><\/li>\n<li><a href=\"https:\/\/www.aille-cross.com\/\" target=\"_blank\" rel=\"noopener noreferrer\">Aille Cross (IRL)<\/a><\/li>\n<li><a href=\"https:\/\/ashbrookstud.ie\/\" target=\"_blank\" rel=\"noopener noreferrer\">Ashbrockstud (IRL)<\/a><\/li>\n<li><a href=\"https:\/\/www.irelandhorse.com\/\" target=\"_blank\" rel=\"noopener noreferrer\">Ard Cherymount (IRL)<\/a><\/li>\n<li><a href=\"https:\/\/www.belleislefarm.co\/\" target=\"_blank\" rel=\"noopener noreferrer\">Bell Isle Farm (IRL)<\/a><\/li>\n<li><a href=\"https:\/\/www.bruckless.com\/\" target=\"_blank\" rel=\"noopener noreferrer\">Bruckless House (IRL)<\/a><\/li>\n<li><a href=\"https:\/\/cashelbay.com\/\" target=\"_blank\" rel=\"noopener noreferrer\">Cashel Bay (IRL)<\/a><\/li>\n<li><a href=\"https:\/\/www.cashelanestud.com\/\" target=\"_blank\" rel=\"noopener noreferrer\">Cashelane (IRL)<\/a><\/li>\n<li><a href=\"https:\/\/www.crossowen.com\/\" target=\"_blank\" rel=\"noopener noreferrer\">Crossowen (IRL)<\/a><\/li>\n<li><a href=\"https:\/\/www.diamonds-of-renvyle.com\/\" target=\"_blank\" rel=\"noopener noreferrer\">Diamonds of Renvyle (IRL)<\/a><\/li>\n<li><a href=\"https:\/\/www.faerietalefarmsconnemaras.com\/\" target=\"_blank\" rel=\"noopener noreferrer\">Faeritale Farms (IRL)<\/a><\/li>\n<li><a href=\"https:\/\/www.kippureconnemaraponies.com\/\" target=\"_blank\" rel=\"noopener noreferrer\">Kippurestud (IRL)<\/a><\/li>\n<li><a href=\"https:\/\/www.irishpony.com\/\" target=\"_blank\" rel=\"noopener noreferrer\">Lishmar (IRL)<\/a><\/li>\n<li><a href=\"https:\/\/www.loguestown.co.uk\/\" target=\"_blank\" rel=\"noopener noreferrer\">Loquestown (IRL)<\/a><\/li>\n<li><a href=\"https:\/\/www.irishconnemara.com\/\" target=\"_blank\" rel=\"noopener noreferrer\">Midland Connemara Pony Breeders (IRL)<\/a><\/li>\n<li><a href=\"https:\/\/www.irishconnemara.com\/\" target=\"_blank\" rel=\"noopener noreferrer\">Connemara Sales (IRL)<\/a><\/li>\n<li><a href=\"https:\/\/www.clrc.ca\/connemara.shtml#\" target=\"_blank\" rel=\"noopener noreferrer\">Canadian Livestock Corporation (CAN)<\/a><\/li>\n<li><a href=\"https:\/\/www.carawayconnemaras.ca\/\" target=\"_blank\" rel=\"noopener noreferrer\">Caraway (CAN)<\/a><\/li>\n<li><a href=\"https:\/\/www.connemarapony.ch\/\" target=\"_blank\" rel=\"noopener noreferrer\">Connemara Pony Gallen (SUI)<\/a><\/li>\n<li><a href=\"https:\/\/www.haegliloo.ch\/\" target=\"_blank\" rel=\"noopener noreferrer\">H\u00e4gliloo (SUI)<\/a><\/li>\n<li><a href=\"https:\/\/www.lemaponies.ch\/de\/main.asp?index=10\" target=\"_blank\" rel=\"noopener noreferrer\">Lema Ponies (SUI)<\/a><\/li>\n<li><a href=\"https:\/\/www.ponyhof.ch\/default.aspx?navid=1\" target=\"_blank\" rel=\"noopener noreferrer\">Ponyhof Schwarzenberg (SUI)<\/a><\/li>\n<\/ul>\n<p><span style=\"text-decoration: underline;\"><strong>Pferdefotografen<\/strong><\/span><\/p>\n<ul style=\"margin-left: 20px;\">\n<li><a href=\"https:\/\/www.fotoagentur-dill.de\" target=\"_blank\" rel=\"noopener noreferrer\">Fotoagentur Dill<\/a><\/li>\n<li><a href=\"https:\/\/www.fotocb.de\/\" target=\"_blank\" rel=\"noopener noreferrer\">Fotografie C.B.<\/a><\/li>\n<li><a href=\"https:\/\/www.foto-job.com\" target=\"_blank\" rel=\"noopener noreferrer\">Foto-Job.com<\/a><\/li>\n<li><a href=\"https:\/\/www.gretaflohe.de\/\" target=\"_blank\" rel=\"noopener noreferrer\">Greta Flohe<\/a><\/li>\n<li><a href=\"https:\/\/www.pferdefotoarchiv.de\/\" target=\"_blank\" rel=\"noopener noreferrer\">Lothar Lenz<\/a><\/li>\n<li><a href=\"https:\/\/www.paulvanoers.nl\/\" target=\"_blank\" rel=\"noopener noreferrer\">Paul van Oers<\/a><\/li>\n<li><a href=\"https:\/\/www.rauphoto.de\/\" target=\"_blank\" rel=\"noopener noreferrer\">Julia Rau<\/a><\/li>\n<li><a href=\"https:\/\/www.sidon-ranch.de\/\" target=\"_blank\" rel=\"noopener noreferrer\">Ilse Sidon<\/a><\/li>\n<li><a href=\"https:\/\/www.slawik.com\/\" target=\"_blank\" rel=\"noopener noreferrer\">Christiane Slawik<\/a><\/li>\n<li><a href=\"https:\/\/www.foto-telahr.de\/Foto-Telahr\/Start.html\" target=\"_blank\" rel=\"noopener noreferrer\">Peter Telahr<\/a><\/li>\n<li><a href=\"https:\/\/www.sabine-van-waasen.de\/\" target=\"_blank\" rel=\"noopener noreferrer\">Sabine van Waasen<\/a><\/li>\n<li><a href=\"https:\/\/www.u2online.nl\/\" target=\"_blank\" rel=\"noopener noreferrer\">U2online<\/a><\/li>\n<\/ul>\n<p>&nbsp;<\/p>\n","protected":false},"excerpt":{"rendered":"<p>Links zu deutschen Z\u00fcchtern finden Sie im \u00bb&nbsp;Z\u00fcchterverzeichnis Pedigree-Datenbanken Datenbank D\u00e4nemark Datenbank Irland Allbreed Pedigree Jenny Hagenblad Zuchtverb\u00e4nde in Deutschland Pferdezuchtverband Baden-W\u00fcrttemberg e.V. Bayerischer Zuchtverband f\u00fcr Kleinpferde und Spezialpferderassen e.V. Pferdezuchtverband Brandenburg-Anhalt e.V. Verband der Pony- und Kleinpferdez\u00fcchter Hannover e.V. <a class=\"more-link\" href=\"https:\/\/www.cpv-ev.com\/?page_id=187\"><span class=\"screen-reader-text\">  Links<\/span> weiterlesen<span class=\"meta-nav\">&rarr;<\/span><\/a><\/p>\n","protected":false},"author":1,"featured_media":0,"parent":0,"menu_order":0,"comment_status":"closed","ping_status":"open","template":"","meta":{"ngg_post_thumbnail":0,"footnotes":""},"class_list":["post-187","page","type-page","status-publish","hentry"],"_links":{"self":[{"href":"https:\/\/www.cpv-ev.com\/index.php?rest_route=\/wp\/v2\/pages\/187","targetHints":{"allow":["GET"]}}],"collection":[{"href":"https:\/\/www.cpv-ev.com\/index.php?rest_route=\/wp\/v2\/pages"}],"about":[{"href":"https:\/\/www.cpv-ev.com\/index.php?rest_route=\/wp\/v2\/types\/page"}],"author":[{"embeddable":true,"href":"https:\/\/www.cpv-ev.com\/index.php?rest_route=\/wp\/v2\/users\/1"}],"replies":[{"embeddable":true,"href":"https:\/\/www.cpv-ev.com\/index.php?rest_route=%2Fwp%2Fv2%2Fcomments&post=187"}],"version-history":[{"count":15,"href":"https:\/\/www.cpv-ev.com\/index.php?rest_route=\/wp\/v2\/pages\/187\/revisions"}],"predecessor-version":[{"id":30031,"href":"https:\/\/www.cpv-ev.com\/index.php?rest_route=\/wp\/v2\/pages\/187\/revisions\/30031"}],"wp:attachment":[{"href":"https:\/\/www.cpv-ev.com\/index.php?rest_route=%2Fwp%2Fv2%2Fmedia&parent=187"}],"curies":[{"name":"wp","href":"https:\/\/api.w.org\/{rel}","templated":true}]}}