{"id":16677,"date":"2015-12-02T23:30:40","date_gmt":"2015-12-02T21:30:40","guid":{"rendered":"https:\/\/www.cpv-ev.com\/?page_id=16677"},"modified":"2018-04-11T10:01:39","modified_gmt":"2018-04-11T08:01:39","slug":"kevin-ii-van-de-arenbosch-guido","status":"publish","type":"page","link":"https:\/\/www.cpv-ev.com\/?page_id=16677","title":{"rendered":"Kevin II (Van de Arenbosch Guido)"},"content":{"rendered":"<p>&nbsp;<\/p>\n<table border=\"1\" cellspacing=\"0\" cellpadding=\"0\">\n<tbody>\n<tr>\n<td valign=\"top\" width=\"359\"><strong>Farbe:<\/strong> Schimmel<\/td>\n<td valign=\"top\" width=\"359\"><strong>Hengstbuch:<\/strong> Westfalen HB I<\/td>\n<\/tr>\n<tr>\n<td valign=\"top\" width=\"359\"><strong>Geboren:<\/strong> 22.04.1976<\/td>\n<td valign=\"top\" width=\"359\"><strong>Leistungspr\u00fcfung:<\/strong><\/td>\n<\/tr>\n<tr>\n<td valign=\"top\" width=\"359\"><strong>Stockma\u00df: <\/strong><strong><br \/>\n<\/strong><\/td>\n<td valign=\"top\" width=\"359\"><strong>Tr\u00e4ger des Creme-Faktors:<\/strong> unbekannt<\/td>\n<\/tr>\n<tr>\n<td valign=\"top\" width=\"359\"><strong>R\u00f6hrbein: <\/strong><strong><br \/>\n<\/strong><\/td>\n<td valign=\"top\" width=\"359\"><strong>Tr\u00e4ger des Fuchsgens:<\/strong> unbekannt<\/td>\n<\/tr>\n<tr>\n<td valign=\"top\" width=\"359\"><strong>Ausgeschieden:<\/strong><\/td>\n<td valign=\"top\" width=\"359\"><\/td>\n<\/tr>\n<tr>\n<td valign=\"top\" width=\"359\"><img loading=\"lazy\" decoding=\"async\" class=\"alignnone size-full wp-image-232\" src=\"https:\/\/www.cpv-ev.com\/wp-content\/uploads\/2012\/07\/trans240x10.gif\" alt=\"trans240x10\" width=\"240\" height=\"10\" srcset=\"https:\/\/www.cpv-ev.com\/wp-content\/uploads\/2012\/07\/trans240x10.gif 240w, https:\/\/www.cpv-ev.com\/wp-content\/uploads\/2012\/07\/trans240x10-225x10.gif 225w\" sizes=\"auto, (max-width: 240px) 100vw, 240px\" \/><\/td>\n<td valign=\"top\" width=\"359\"><\/td>\n<\/tr>\n<tr>\n<td valign=\"top\" width=\"359\"><strong>Gek\u00f6rte S\u00f6hne:<\/strong><\/td>\n<td valign=\"top\" width=\"359\"><strong>Eingetragene Stuten:<\/strong><\/td>\n<\/tr>\n<tr>\n<td valign=\"top\" width=\"359\"><\/td>\n<td valign=\"top\" width=\"359\"><strong>davon StPrSt:<\/strong><\/td>\n<\/tr>\n<tr>\n<td valign=\"top\" width=\"359\"><img loading=\"lazy\" decoding=\"async\" src=\"https:\/\/www.cpv-ev.com\/wp-content\/uploads\/2012\/07\/trans240x10.gif\" alt=\"trans240x10\" width=\"240\" height=\"10\" \/><\/td>\n<td valign=\"top\" width=\"359\"><\/td>\n<\/tr>\n<tr>\n<td valign=\"top\" width=\"359\"><strong>Lebensgewinnsumme:<\/strong><img loading=\"lazy\" decoding=\"async\" class=\"alignnone size-full wp-image-232\" title=\"trans240x10\" src=\"https:\/\/www.cpv-ev.com\/wp-content\/uploads\/2012\/07\/trans240x10.gif\" alt=\"\" width=\"100\" height=\"20\" \/><\/td>\n<td valign=\"top\" width=\"359\"><strong>Nachkommen-LGS:<\/strong><\/td>\n<\/tr>\n<tr>\n<td colspan=\"2\" valign=\"top\" width=\"717\"><img loading=\"lazy\" decoding=\"async\" src=\"https:\/\/www.cpv-ev.com\/wp-content\/uploads\/2012\/07\/trans240x10.gif\" alt=\"trans240x10\" width=\"240\" height=\"10\" \/><\/td>\n<\/tr>\n<tr>\n<td colspan=\"2\" valign=\"top\" width=\"717\"><strong><strong>Z\u00fcchter: <\/strong><\/strong>Leon Verschuren, Niederlande<strong><strong><br \/>\n<\/strong><\/strong><strong>Besitzer:<\/strong><strong><br \/>\n<\/strong><\/td>\n<\/tr>\n<tr>\n<td valign=\"top\" width=\"359\"><\/td>\n<td valign=\"top\" width=\"359\"><\/td>\n<\/tr>\n<tr>\n<td colspan=\"2\" valign=\"top\" width=\"717\"><\/td>\n<\/tr>\n<\/tbody>\n<\/table>\n<h5>Pedigree<\/h5>\n<p><img loading=\"lazy\" decoding=\"async\" class=\"alignnone size-full wp-image-9756\" src=\"https:\/\/www.cpv-ev.com\/wp-content\/uploads\/2014\/02\/Kevin-III-Van-de-Arenbosch-Joris.jpg\" alt=\"Kevin III Van de Arenbosch Joris\" width=\"680\" height=\"320\" srcset=\"https:\/\/www.cpv-ev.com\/wp-content\/uploads\/2014\/02\/Kevin-III-Van-de-Arenbosch-Joris.jpg 680w, https:\/\/www.cpv-ev.com\/wp-content\/uploads\/2014\/02\/Kevin-III-Van-de-Arenbosch-Joris-233x110.jpg 233w, https:\/\/www.cpv-ev.com\/wp-content\/uploads\/2014\/02\/Kevin-III-Van-de-Arenbosch-Joris-300x141.jpg 300w, https:\/\/www.cpv-ev.com\/wp-content\/uploads\/2014\/02\/Kevin-III-Van-de-Arenbosch-Joris-500x235.jpg 500w\" sizes=\"auto, (max-width: 680px) 100vw, 680px\" \/><\/p>\n<h5>Galerie<\/h5>\n<p>&nbsp;<\/p>\n<h5>Nachkommen<\/h5>\n\n<table id=\"tablepress-18\" class=\"tablepress tablepress-id-18 mtr-table mtr-thead-th\">\n<thead>\n<tr class=\"row-1\">\n\t<th class=\"column-1 mtr-th-tag\" data-mtr-content=\"FOTO\"><div class=\"mtr-cell-content\">FOTO<\/div><\/th><th class=\"column-2 mtr-th-tag\" data-mtr-content=\"NAME\"><div class=\"mtr-cell-content\">NAME<\/div><\/th><th class=\"column-3 mtr-th-tag\" data-mtr-content=\"JAHR\"><div class=\"mtr-cell-content\">JAHR<\/div><\/th><th class=\"column-4 mtr-th-tag\" data-mtr-content=\"VATER\"><div class=\"mtr-cell-content\">VATER<\/div><\/th><th class=\"column-5 mtr-th-tag\" data-mtr-content=\"MUTTER\"><div class=\"mtr-cell-content\">MUTTER<\/div><\/th><th class=\"column-6 mtr-th-tag\" data-mtr-content=\"Z\u00dcCHTER\"><div class=\"mtr-cell-content\">Z\u00dcCHTER<\/div><\/th>\n<\/tr>\n<\/thead>\n<tbody class=\"row-striping row-hover\">\n<tr class=\"row-2\">\n\t<td class=\"column-1 mtr-td-tag\" data-mtr-content=\"FOTO\"><div class=\"mtr-cell-content\"><\/div><\/td><td class=\"column-2 mtr-td-tag\" data-mtr-content=\"NAME\"><div class=\"mtr-cell-content\"><b>N.N.<\/b><br><br>Wallach<br>Rappschimmel<br>1980<br><br><\/div><\/td><td class=\"column-3 mtr-td-tag\" data-mtr-content=\"JAHR\"><div class=\"mtr-cell-content\">1980<\/div><\/td><td class=\"column-4 mtr-td-tag\" data-mtr-content=\"VATER\"><div class=\"mtr-cell-content\">Kevin II<\/div><\/td><td class=\"column-5 mtr-td-tag\" data-mtr-content=\"MUTTER\"><div class=\"mtr-cell-content\">Maike<br>v. Marco Polo of Clonkeehan<\/div><\/td><td class=\"column-6 mtr-td-tag\" data-mtr-content=\"Z\u00dcCHTER\"><div class=\"mtr-cell-content\"><\/div><\/td>\n<\/tr>\n<tr class=\"row-3\">\n\t<td class=\"column-1 mtr-td-tag\" data-mtr-content=\"FOTO\"><div class=\"mtr-cell-content\"><\/div><\/td><td class=\"column-2 mtr-td-tag\" data-mtr-content=\"NAME\"><div class=\"mtr-cell-content\"><b>N.N.<\/b><br><br>Wallach<br>Falbschimmel<br>1981<br><br><\/div><\/td><td class=\"column-3 mtr-td-tag\" data-mtr-content=\"JAHR\"><div class=\"mtr-cell-content\">1981<\/div><\/td><td class=\"column-4 mtr-td-tag\" data-mtr-content=\"VATER\"><div class=\"mtr-cell-content\">Kevin II<\/div><\/td><td class=\"column-5 mtr-td-tag\" data-mtr-content=\"MUTTER\"><div class=\"mtr-cell-content\">Merry<br>v. Mervyn Grey Monkey<\/div><\/td><td class=\"column-6 mtr-td-tag\" data-mtr-content=\"Z\u00dcCHTER\"><div class=\"mtr-cell-content\"><\/div><\/td>\n<\/tr>\n<\/tbody>\n<\/table>\n<!-- #tablepress-18 from cache -->\n","protected":false},"excerpt":{"rendered":"<p>&nbsp; Farbe: Schimmel Hengstbuch: Westfalen HB I Geboren: 22.04.1976 Leistungspr\u00fcfung: Stockma\u00df: Tr\u00e4ger des Creme-Faktors: unbekannt R\u00f6hrbein: Tr\u00e4ger des Fuchsgens: unbekannt Ausgeschieden: Gek\u00f6rte S\u00f6hne: Eingetragene Stuten: davon StPrSt: Lebensgewinnsumme: Nachkommen-LGS: Z\u00fcchter: Leon Verschuren, Niederlande Besitzer: Pedigree Galerie &nbsp; Nachkommen<\/p>\n","protected":false},"author":2,"featured_media":0,"parent":11815,"menu_order":0,"comment_status":"closed","ping_status":"closed","template":"","meta":{"ngg_post_thumbnail":0,"footnotes":""},"class_list":["post-16677","page","type-page","status-publish","hentry"],"_links":{"self":[{"href":"https:\/\/www.cpv-ev.com\/index.php?rest_route=\/wp\/v2\/pages\/16677","targetHints":{"allow":["GET"]}}],"collection":[{"href":"https:\/\/www.cpv-ev.com\/index.php?rest_route=\/wp\/v2\/pages"}],"about":[{"href":"https:\/\/www.cpv-ev.com\/index.php?rest_route=\/wp\/v2\/types\/page"}],"author":[{"embeddable":true,"href":"https:\/\/www.cpv-ev.com\/index.php?rest_route=\/wp\/v2\/users\/2"}],"replies":[{"embeddable":true,"href":"https:\/\/www.cpv-ev.com\/index.php?rest_route=%2Fwp%2Fv2%2Fcomments&post=16677"}],"version-history":[{"count":0,"href":"https:\/\/www.cpv-ev.com\/index.php?rest_route=\/wp\/v2\/pages\/16677\/revisions"}],"up":[{"embeddable":true,"href":"https:\/\/www.cpv-ev.com\/index.php?rest_route=\/wp\/v2\/pages\/11815"}],"wp:attachment":[{"href":"https:\/\/www.cpv-ev.com\/index.php?rest_route=%2Fwp%2Fv2%2Fmedia&parent=16677"}],"curies":[{"name":"wp","href":"https:\/\/api.w.org\/{rel}","templated":true}]}}

<p>&nbsp;</p>
<table border="1" cellspacing="0" cellpadding="0">
<tbody>
<tr>
<td valign="top" width="359"><strong>Farbe:</strong> Schimmel</td>
<td valign="top" width="359"><strong>Hengstbuch:</strong> Westfalen HB I</td>
</tr>
<tr>
<td valign="top" width="359"><strong>Geboren:</strong> 22.04.1976</td>
<td valign="top" width="359"><strong>Leistungsprüfung:</strong></td>
</tr>
<tr>
<td valign="top" width="359"><strong>Stockmaß: </strong><strong><br />
</strong></td>
<td valign="top" width="359"><strong>Träger des Creme-Faktors:</strong> unbekannt</td>
</tr>
<tr>
<td valign="top" width="359"><strong>Röhrbein: </strong><strong><br />
</strong></td>
<td valign="top" width="359"><strong>Träger des Fuchsgens:</strong> unbekannt</td>
</tr>
<tr>
<td valign="top" width="359"><strong>Ausgeschieden:</strong></td>
<td valign="top" width="359"></td>
</tr>
<tr>
<td valign="top" width="359"><img loading="lazy" decoding="async" class="alignnone size-full wp-image-232" src="https://www.cpv-ev.com/wp-content/uploads/2012/07/trans240x10.gif" alt="trans240x10" width="240" height="10" srcset="https://www.cpv-ev.com/wp-content/uploads/2012/07/trans240x10.gif 240w, https://www.cpv-ev.com/wp-content/uploads/2012/07/trans240x10-225x10.gif 225w" sizes="auto, (max-width: 240px) 100vw, 240px" /></td>
<td valign="top" width="359"></td>
</tr>
<tr>
<td valign="top" width="359"><strong>Gekörte Söhne:</strong></td>
<td valign="top" width="359"><strong>Eingetragene Stuten:</strong></td>
</tr>
<tr>
<td valign="top" width="359"></td>
<td valign="top" width="359"><strong>davon StPrSt:</strong></td>
</tr>
<tr>
<td valign="top" width="359"><img loading="lazy" decoding="async" src="https://www.cpv-ev.com/wp-content/uploads/2012/07/trans240x10.gif" alt="trans240x10" width="240" height="10" /></td>
<td valign="top" width="359"></td>
</tr>
<tr>
<td valign="top" width="359"><strong>Lebensgewinnsumme:</strong><img loading="lazy" decoding="async" class="alignnone size-full wp-image-232" title="trans240x10" src="https://www.cpv-ev.com/wp-content/uploads/2012/07/trans240x10.gif" alt="" width="100" height="20" /></td>
<td valign="top" width="359"><strong>Nachkommen-LGS:</strong></td>
</tr>
<tr>
<td colspan="2" valign="top" width="717"><img loading="lazy" decoding="async" src="https://www.cpv-ev.com/wp-content/uploads/2012/07/trans240x10.gif" alt="trans240x10" width="240" height="10" /></td>
</tr>
<tr>
<td colspan="2" valign="top" width="717"><strong><strong>Züchter: </strong></strong>Leon Verschuren, Niederlande<strong><strong><br />
</strong></strong><strong>Besitzer:</strong><strong><br />
</strong></td>
</tr>
<tr>
<td valign="top" width="359"></td>
<td valign="top" width="359"></td>
</tr>
<tr>
<td colspan="2" valign="top" width="717"></td>
</tr>
</tbody>
</table>
<h5>Pedigree</h5>
<p><img loading="lazy" decoding="async" class="alignnone size-full wp-image-9756" src="https://www.cpv-ev.com/wp-content/uploads/2014/02/Kevin-III-Van-de-Arenbosch-Joris.jpg" alt="Kevin III Van de Arenbosch Joris" width="680" height="320" srcset="https://www.cpv-ev.com/wp-content/uploads/2014/02/Kevin-III-Van-de-Arenbosch-Joris.jpg 680w, https://www.cpv-ev.com/wp-content/uploads/2014/02/Kevin-III-Van-de-Arenbosch-Joris-233x110.jpg 233w, https://www.cpv-ev.com/wp-content/uploads/2014/02/Kevin-III-Van-de-Arenbosch-Joris-300x141.jpg 300w, https://www.cpv-ev.com/wp-content/uploads/2014/02/Kevin-III-Van-de-Arenbosch-Joris-500x235.jpg 500w" sizes="auto, (max-width: 680px) 100vw, 680px" /></p>
<h5>Galerie</h5>
<p>&nbsp;</p>
<h5>Nachkommen</h5>

<table id="tablepress-18" class="tablepress tablepress-id-18 mtr-table mtr-thead-th">
<thead>
<tr class="row-1">
	<th class="column-1 mtr-th-tag" data-mtr-content="FOTO"><div class="mtr-cell-content">FOTO</div></th><th class="column-2 mtr-th-tag" data-mtr-content="NAME"><div class="mtr-cell-content">NAME</div></th><th class="column-3 mtr-th-tag" data-mtr-content="JAHR"><div class="mtr-cell-content">JAHR</div></th><th class="column-4 mtr-th-tag" data-mtr-content="VATER"><div class="mtr-cell-content">VATER</div></th><th class="column-5 mtr-th-tag" data-mtr-content="MUTTER"><div class="mtr-cell-content">MUTTER</div></th><th class="column-6 mtr-th-tag" data-mtr-content="ZÜCHTER"><div class="mtr-cell-content">ZÜCHTER</div></th>
</tr>
</thead>
<tbody class="row-striping row-hover">
<tr class="row-2">
	<td class="column-1 mtr-td-tag" data-mtr-content="FOTO"><div class="mtr-cell-content"></div></td><td class="column-2 mtr-td-tag" data-mtr-content="NAME"><div class="mtr-cell-content"><b>N.N.</b><br><br>Wallach<br>Rappschimmel<br>1980<br><br></div></td><td class="column-3 mtr-td-tag" data-mtr-content="JAHR"><div class="mtr-cell-content">1980</div></td><td class="column-4 mtr-td-tag" data-mtr-content="VATER"><div class="mtr-cell-content">Kevin II</div></td><td class="column-5 mtr-td-tag" data-mtr-content="MUTTER"><div class="mtr-cell-content">Maike<br>v. Marco Polo of Clonkeehan</div></td><td class="column-6 mtr-td-tag" data-mtr-content="ZÜCHTER"><div class="mtr-cell-content"></div></td>
</tr>
<tr class="row-3">
	<td class="column-1 mtr-td-tag" data-mtr-content="FOTO"><div class="mtr-cell-content"></div></td><td class="column-2 mtr-td-tag" data-mtr-content="NAME"><div class="mtr-cell-content"><b>N.N.</b><br><br>Wallach<br>Falbschimmel<br>1981<br><br></div></td><td class="column-3 mtr-td-tag" data-mtr-content="JAHR"><div class="mtr-cell-content">1981</div></td><td class="column-4 mtr-td-tag" data-mtr-content="VATER"><div class="mtr-cell-content">Kevin II</div></td><td class="column-5 mtr-td-tag" data-mtr-content="MUTTER"><div class="mtr-cell-content">Merry<br>v. Mervyn Grey Monkey</div></td><td class="column-6 mtr-td-tag" data-mtr-content="ZÜCHTER"><div class="mtr-cell-content"></div></td>
</tr>
</tbody>
</table>
<!-- #tablepress-18 from cache -->

<p>&nbsp; Farbe: Schimmel Hengstbuch: Westfalen HB I Geboren: 22.04.1976 Leistungsprüfung: Stockmaß: Träger des Creme-Faktors: unbekannt Röhrbein: Träger des Fuchsgens: unbekannt Ausgeschieden: Gekörte Söhne: Eingetragene Stuten: davon StPrSt: Lebensgewinnsumme: Nachkommen-LGS: Züchter: Leon Verschuren, Niederlande Besitzer: Pedigree Galerie &nbsp; Nachkommen</p>
