{"id":12486,"date":"2014-06-16T18:01:57","date_gmt":"2014-06-16T16:01:57","guid":{"rendered":"https:\/\/www.cpv-ev.com\/?page_id=12486"},"modified":"2014-06-17T09:05:35","modified_gmt":"2014-06-17T07:05:35","slug":"g-equitana-open-air-2014","status":"publish","type":"page","link":"https:\/\/www.cpv-ev.com\/?page_id=12486","title":{"rendered":"G &#8211; Equitana Open Air 2014"},"content":{"rendered":"<p>&nbsp;<\/p>\n<p style=\"text-align: justify;\">Die Equitana Open Air in Neuss 2014 war erneut ein voller Erfolg f\u00fcr die Organistatorin Bettina H\u00e4rtel und ihre Crew: ein Messestand mit zwei Paddock-Boxen, ein Connemara-Paddock-Bereich, insgesamt 14 Connemara Ponys, die in sieben Schaubildern an drei Tagen die unterschiedliche Verwendung der Rasse zur Schau stellten. Viele interessante Gespr\u00e4che, neue Bekanntschaften, Sonnenschein und Spa\u00df &#8211; und das wenige Tage nach den verheerenden St\u00fcrmen, die dem Baumbestand im Umfeld m\u00e4chtig zugesetzt hatten &#8211; ein gro\u00dfer Dank geht vor allem an das Organisations-Team der Messe, das allen Widrigkeiten zum Trotz diese Tage m\u00f6glich gemacht hat!<strong><br \/>\n<\/strong><\/p>\n<p>&nbsp;<\/p>\nngg_shortcode_0_placeholder\n","protected":false},"excerpt":{"rendered":"<p>&nbsp; Die Equitana Open Air in Neuss 2014 war erneut ein voller Erfolg f\u00fcr die Organistatorin Bettina H\u00e4rtel und ihre Crew: ein Messestand mit zwei Paddock-Boxen, ein Connemara-Paddock-Bereich, insgesamt 14 Connemara Ponys, die in sieben Schaubildern an drei Tagen die <a class=\"more-link\" href=\"https:\/\/www.cpv-ev.com\/?page_id=12486\"><span class=\"screen-reader-text\">  G &#8211; Equitana Open Air 2014<\/span> weiterlesen<span class=\"meta-nav\">&rarr;<\/span><\/a><\/p>\n","protected":false},"author":2,"featured_media":0,"parent":0,"menu_order":0,"comment_status":"closed","ping_status":"closed","template":"","meta":{"ngg_post_thumbnail":0,"footnotes":""},"class_list":["post-12486","page","type-page","status-publish","hentry"],"_links":{"self":[{"href":"https:\/\/www.cpv-ev.com\/index.php?rest_route=\/wp\/v2\/pages\/12486","targetHints":{"allow":["GET"]}}],"collection":[{"href":"https:\/\/www.cpv-ev.com\/index.php?rest_route=\/wp\/v2\/pages"}],"about":[{"href":"https:\/\/www.cpv-ev.com\/index.php?rest_route=\/wp\/v2\/types\/page"}],"author":[{"embeddable":true,"href":"https:\/\/www.cpv-ev.com\/index.php?rest_route=\/wp\/v2\/users\/2"}],"replies":[{"embeddable":true,"href":"https:\/\/www.cpv-ev.com\/index.php?rest_route=%2Fwp%2Fv2%2Fcomments&post=12486"}],"version-history":[{"count":0,"href":"https:\/\/www.cpv-ev.com\/index.php?rest_route=\/wp\/v2\/pages\/12486\/revisions"}],"wp:attachment":[{"href":"https:\/\/www.cpv-ev.com\/index.php?rest_route=%2Fwp%2Fv2%2Fmedia&parent=12486"}],"curies":[{"name":"wp","href":"https:\/\/api.w.org\/{rel}","templated":true}]}}