{"id":12096,"date":"2014-06-08T13:36:32","date_gmt":"2014-06-08T11:36:32","guid":{"rendered":"https:\/\/www.cpv-ev.com\/?page_id=12096"},"modified":"2021-01-27T15:04:07","modified_gmt":"2021-01-27T13:04:07","slug":"brucherhof-finjo","status":"publish","type":"page","link":"https:\/\/www.cpv-ev.com\/?page_id=12096","title":{"rendered":"Brucherhof Finjo"},"content":{"rendered":"<p>&nbsp;<\/p>\n<table cellspacing=\"0\" cellpadding=\"0\" border=\"1\">\n<tbody>\n<tr>\n<td width=\"359\" valign=\"top\"><strong>Farbe:<\/strong> Braun<\/td>\n<td width=\"359\" valign=\"top\"><strong>Hengstbuch:<\/strong> Rheinland HB I<\/td>\n<\/tr>\n<tr>\n<td width=\"359\" valign=\"top\"><strong>Geboren:<\/strong> 26.03.1999<\/td>\n<td width=\"359\" valign=\"top\"><strong>Leistungspr\u00fcfung: <\/strong>keine<strong><br \/>\n<\/strong><\/td>\n<\/tr>\n<tr>\n<td width=\"359\" valign=\"top\"><strong>Stockma\u00df: <\/strong>146 cm<\/td>\n<td width=\"359\" valign=\"top\"><strong>Tr\u00e4ger des Creme-Faktors:<\/strong> nein<\/td>\n<\/tr>\n<tr>\n<td width=\"359\" valign=\"top\"><strong>R\u00f6hrbein: <\/strong>19 cm<strong><br \/>\n<\/strong><\/td>\n<td width=\"359\" valign=\"top\"><strong>Tr\u00e4ger des Fuchsgens:<\/strong> unbekannt<\/td>\n<\/tr>\n<tr>\n<td width=\"359\" valign=\"top\"><strong>Ausgeschieden: <\/strong>kastriert<strong><br \/>\n<\/strong><\/td>\n<td width=\"359\" valign=\"top\">&nbsp;<\/td>\n<\/tr>\n<tr>\n<td width=\"359\" valign=\"top\"><img loading=\"lazy\" decoding=\"async\" class=\"alignnone size-full wp-image-232\" src=\"https:\/\/www.cpv-ev.com\/wp-content\/uploads\/2012\/07\/trans240x10.gif\" alt=\"trans240x10\" width=\"240\" height=\"10\" srcset=\"https:\/\/www.cpv-ev.com\/wp-content\/uploads\/2012\/07\/trans240x10.gif 240w, https:\/\/www.cpv-ev.com\/wp-content\/uploads\/2012\/07\/trans240x10-225x10.gif 225w\" sizes=\"auto, (max-width: 240px) 100vw, 240px\" \/><\/td>\n<td width=\"359\" valign=\"top\">&nbsp;<\/td>\n<\/tr>\n<tr>\n<td width=\"359\" valign=\"top\"><strong>Gek\u00f6rte S\u00f6hne: <\/strong>keine<strong><br \/>\n<\/strong><\/td>\n<td width=\"359\" valign=\"top\"><strong>Eingetragene Stuten: <\/strong>&#8211;<strong><br \/>\n<\/strong><\/td>\n<\/tr>\n<tr>\n<td width=\"359\" valign=\"top\">&nbsp;<\/td>\n<td width=\"359\" valign=\"top\"><strong>davon StPrSt: <\/strong>&#8211;<\/td>\n<\/tr>\n<tr>\n<td width=\"359\" valign=\"top\"><img loading=\"lazy\" decoding=\"async\" src=\"https:\/\/www.cpv-ev.com\/wp-content\/uploads\/2012\/07\/trans240x10.gif\" alt=\"trans240x10\" width=\"240\" height=\"10\"><\/td>\n<td width=\"359\" valign=\"top\">&nbsp;<\/td>\n<\/tr>\n<tr>\n<td width=\"359\" valign=\"top\"><strong>Lebensgewinnsumme:<\/strong> &#8211;<img loading=\"lazy\" decoding=\"async\" class=\"alignnone size-full wp-image-232\" title=\"trans240x10\" src=\"https:\/\/www.cpv-ev.com\/wp-content\/uploads\/2012\/07\/trans240x10.gif\" alt=\"\" width=\"100\" height=\"20\"><\/td>\n<td width=\"359\" valign=\"top\"><strong>Nachkommen-LGS: <\/strong>&#8211;<strong><br \/>\n<\/strong><\/td>\n<\/tr>\n<tr>\n<td colspan=\"2\" width=\"717\" valign=\"top\"><img loading=\"lazy\" decoding=\"async\" src=\"https:\/\/www.cpv-ev.com\/wp-content\/uploads\/2012\/07\/trans240x10.gif\" alt=\"trans240x10\" width=\"240\" height=\"10\"><\/td>\n<\/tr>\n<tr>\n<td colspan=\"2\" width=\"717\" valign=\"top\"><strong><strong>Z\u00fcchter: <\/strong><\/strong>Heimtraud K\u00fcppers, 45481 M\u00fclheim<strong><strong><br \/>\n<\/strong><\/strong><strong>Besitzer: <\/strong>Karina Seidel, 25938 Oevenum, Insel F\u00f6hr<strong><br \/>\n<\/strong><\/td>\n<\/tr>\n<\/tbody>\n<\/table>\n<h5>Pedigree<\/h5>\n<p><img loading=\"lazy\" decoding=\"async\" class=\"alignnone size-full wp-image-12401\" src=\"https:\/\/www.cpv-ev.com\/wp-content\/uploads\/2014\/06\/Brucherhof-Finjo.jpg\" alt=\"Brucherhof Finjo\" width=\"680\" height=\"310\" srcset=\"https:\/\/www.cpv-ev.com\/wp-content\/uploads\/2014\/06\/Brucherhof-Finjo.jpg 680w, https:\/\/www.cpv-ev.com\/wp-content\/uploads\/2014\/06\/Brucherhof-Finjo-241x110.jpg 241w, https:\/\/www.cpv-ev.com\/wp-content\/uploads\/2014\/06\/Brucherhof-Finjo-300x136.jpg 300w, https:\/\/www.cpv-ev.com\/wp-content\/uploads\/2014\/06\/Brucherhof-Finjo-500x227.jpg 500w\" sizes=\"auto, (max-width: 680px) 100vw, 680px\" \/><\/p>\n<h5>Galerie<\/h5>\n<p><a href=\"https:\/\/www.cpv-ev.com\/wp-content\/uploads\/2013\/11\/Brucherhof-Finjo.jpg\"><img loading=\"lazy\" decoding=\"async\" class=\"alignnone size-thumbnail wp-image-7061\" src=\"https:\/\/www.cpv-ev.com\/wp-content\/uploads\/2013\/11\/Brucherhof-Finjo-146x110.jpg\" alt=\"Brucherhof Finjo\" width=\"146\" height=\"110\" srcset=\"https:\/\/www.cpv-ev.com\/wp-content\/uploads\/2013\/11\/Brucherhof-Finjo-146x110.jpg 146w, https:\/\/www.cpv-ev.com\/wp-content\/uploads\/2013\/11\/Brucherhof-Finjo-300x225.jpg 300w, https:\/\/www.cpv-ev.com\/wp-content\/uploads\/2013\/11\/Brucherhof-Finjo-500x375.jpg 500w, https:\/\/www.cpv-ev.com\/wp-content\/uploads\/2013\/11\/Brucherhof-Finjo.jpg 1024w\" sizes=\"auto, (max-width: 146px) 100vw, 146px\" \/><\/a>&nbsp; <a href=\"https:\/\/www.cpv-ev.com\/wp-content\/uploads\/2014\/06\/Brucherhof-Finjo1.jpg\"><img loading=\"lazy\" decoding=\"async\" class=\"alignnone size-thumbnail wp-image-12556\" src=\"https:\/\/www.cpv-ev.com\/wp-content\/uploads\/2014\/06\/Brucherhof-Finjo1-82x110.jpg\" alt=\"Brucherhof Finjo\" width=\"82\" height=\"110\" srcset=\"https:\/\/www.cpv-ev.com\/wp-content\/uploads\/2014\/06\/Brucherhof-Finjo1-82x110.jpg 82w, https:\/\/www.cpv-ev.com\/wp-content\/uploads\/2014\/06\/Brucherhof-Finjo1-300x399.jpg 300w, https:\/\/www.cpv-ev.com\/wp-content\/uploads\/2014\/06\/Brucherhof-Finjo1-375x500.jpg 375w, https:\/\/www.cpv-ev.com\/wp-content\/uploads\/2014\/06\/Brucherhof-Finjo1-110x146.jpg 110w, https:\/\/www.cpv-ev.com\/wp-content\/uploads\/2014\/06\/Brucherhof-Finjo1-225x300.jpg 225w, https:\/\/www.cpv-ev.com\/wp-content\/uploads\/2014\/06\/Brucherhof-Finjo1.jpg 388w\" sizes=\"auto, (max-width: 82px) 100vw, 82px\" \/><\/a><\/p>\n<h5>Nachkommen<\/h5>\n\n<table id=\"tablepress-18\" class=\"tablepress tablepress-id-18\">\n<thead>\n<tr class=\"row-1\">\n\t<th class=\"column-1\">FOTO<\/th><th class=\"column-2\">NAME<\/th><th class=\"column-3\">JAHR<\/th><th class=\"column-4\">VATER<\/th><th class=\"column-5\">MUTTER<\/th><th class=\"column-6\">Z\u00dcCHTER<\/th>\n<\/tr>\n<\/thead>\n<tbody class=\"row-striping row-hover\">\n<\/tbody>\n<\/table>\n<!-- #tablepress-18 from cache -->\n","protected":false},"excerpt":{"rendered":"<p>&nbsp; Farbe: Braun Hengstbuch: Rheinland HB I Geboren: 26.03.1999 Leistungspr\u00fcfung: keine Stockma\u00df: 146 cm Tr\u00e4ger des Creme-Faktors: nein R\u00f6hrbein: 19 cm Tr\u00e4ger des Fuchsgens: unbekannt Ausgeschieden: kastriert &nbsp; &nbsp; Gek\u00f6rte S\u00f6hne: keine Eingetragene Stuten: &#8211; &nbsp; davon StPrSt: &#8211; &nbsp; <a class=\"more-link\" href=\"https:\/\/www.cpv-ev.com\/?page_id=12096\"><span class=\"screen-reader-text\">  Brucherhof Finjo<\/span> weiterlesen<span class=\"meta-nav\">&rarr;<\/span><\/a><\/p>\n","protected":false},"author":2,"featured_media":0,"parent":11809,"menu_order":0,"comment_status":"closed","ping_status":"closed","template":"","meta":{"ngg_post_thumbnail":0,"footnotes":""},"class_list":["post-12096","page","type-page","status-publish","hentry"],"_links":{"self":[{"href":"https:\/\/www.cpv-ev.com\/index.php?rest_route=\/wp\/v2\/pages\/12096","targetHints":{"allow":["GET"]}}],"collection":[{"href":"https:\/\/www.cpv-ev.com\/index.php?rest_route=\/wp\/v2\/pages"}],"about":[{"href":"https:\/\/www.cpv-ev.com\/index.php?rest_route=\/wp\/v2\/types\/page"}],"author":[{"embeddable":true,"href":"https:\/\/www.cpv-ev.com\/index.php?rest_route=\/wp\/v2\/users\/2"}],"replies":[{"embeddable":true,"href":"https:\/\/www.cpv-ev.com\/index.php?rest_route=%2Fwp%2Fv2%2Fcomments&post=12096"}],"version-history":[{"count":0,"href":"https:\/\/www.cpv-ev.com\/index.php?rest_route=\/wp\/v2\/pages\/12096\/revisions"}],"up":[{"embeddable":true,"href":"https:\/\/www.cpv-ev.com\/index.php?rest_route=\/wp\/v2\/pages\/11809"}],"wp:attachment":[{"href":"https:\/\/www.cpv-ev.com\/index.php?rest_route=%2Fwp%2Fv2%2Fmedia&parent=12096"}],"curies":[{"name":"wp","href":"https:\/\/api.w.org\/{rel}","templated":true}]}}

<p>&nbsp;</p>
<table cellspacing="0" cellpadding="0" border="1">
<tbody>
<tr>
<td width="359" valign="top"><strong>Farbe:</strong> Braun</td>
<td width="359" valign="top"><strong>Hengstbuch:</strong> Rheinland HB I</td>
</tr>
<tr>
<td width="359" valign="top"><strong>Geboren:</strong> 26.03.1999</td>
<td width="359" valign="top"><strong>Leistungsprüfung: </strong>keine<strong><br />
</strong></td>
</tr>
<tr>
<td width="359" valign="top"><strong>Stockmaß: </strong>146 cm</td>
<td width="359" valign="top"><strong>Träger des Creme-Faktors:</strong> nein</td>
</tr>
<tr>
<td width="359" valign="top"><strong>Röhrbein: </strong>19 cm<strong><br />
</strong></td>
<td width="359" valign="top"><strong>Träger des Fuchsgens:</strong> unbekannt</td>
</tr>
<tr>
<td width="359" valign="top"><strong>Ausgeschieden: </strong>kastriert<strong><br />
</strong></td>
<td width="359" valign="top">&nbsp;</td>
</tr>
<tr>
<td width="359" valign="top"><img loading="lazy" decoding="async" class="alignnone size-full wp-image-232" src="https://www.cpv-ev.com/wp-content/uploads/2012/07/trans240x10.gif" alt="trans240x10" width="240" height="10" srcset="https://www.cpv-ev.com/wp-content/uploads/2012/07/trans240x10.gif 240w, https://www.cpv-ev.com/wp-content/uploads/2012/07/trans240x10-225x10.gif 225w" sizes="auto, (max-width: 240px) 100vw, 240px" /></td>
<td width="359" valign="top">&nbsp;</td>
</tr>
<tr>
<td width="359" valign="top"><strong>Gekörte Söhne: </strong>keine<strong><br />
</strong></td>
<td width="359" valign="top"><strong>Eingetragene Stuten: </strong>&#8211;<strong><br />
</strong></td>
</tr>
<tr>
<td width="359" valign="top">&nbsp;</td>
<td width="359" valign="top"><strong>davon StPrSt: </strong>&#8211;</td>
</tr>
<tr>
<td width="359" valign="top"><img loading="lazy" decoding="async" src="https://www.cpv-ev.com/wp-content/uploads/2012/07/trans240x10.gif" alt="trans240x10" width="240" height="10"></td>
<td width="359" valign="top">&nbsp;</td>
</tr>
<tr>
<td width="359" valign="top"><strong>Lebensgewinnsumme:</strong> &#8211;<img loading="lazy" decoding="async" class="alignnone size-full wp-image-232" title="trans240x10" src="https://www.cpv-ev.com/wp-content/uploads/2012/07/trans240x10.gif" alt="" width="100" height="20"></td>
<td width="359" valign="top"><strong>Nachkommen-LGS: </strong>&#8211;<strong><br />
</strong></td>
</tr>
<tr>
<td colspan="2" width="717" valign="top"><img loading="lazy" decoding="async" src="https://www.cpv-ev.com/wp-content/uploads/2012/07/trans240x10.gif" alt="trans240x10" width="240" height="10"></td>
</tr>
<tr>
<td colspan="2" width="717" valign="top"><strong><strong>Züchter: </strong></strong>Heimtraud Küppers, 45481 Mülheim<strong><strong><br />
</strong></strong><strong>Besitzer: </strong>Karina Seidel, 25938 Oevenum, Insel Föhr<strong><br />
</strong></td>
</tr>
</tbody>
</table>
<h5>Pedigree</h5>
<p><img loading="lazy" decoding="async" class="alignnone size-full wp-image-12401" src="https://www.cpv-ev.com/wp-content/uploads/2014/06/Brucherhof-Finjo.jpg" alt="Brucherhof Finjo" width="680" height="310" srcset="https://www.cpv-ev.com/wp-content/uploads/2014/06/Brucherhof-Finjo.jpg 680w, https://www.cpv-ev.com/wp-content/uploads/2014/06/Brucherhof-Finjo-241x110.jpg 241w, https://www.cpv-ev.com/wp-content/uploads/2014/06/Brucherhof-Finjo-300x136.jpg 300w, https://www.cpv-ev.com/wp-content/uploads/2014/06/Brucherhof-Finjo-500x227.jpg 500w" sizes="auto, (max-width: 680px) 100vw, 680px" /></p>
<h5>Galerie</h5>
<p><a href="https://www.cpv-ev.com/wp-content/uploads/2013/11/Brucherhof-Finjo.jpg"><img loading="lazy" decoding="async" class="alignnone size-thumbnail wp-image-7061" src="https://www.cpv-ev.com/wp-content/uploads/2013/11/Brucherhof-Finjo-146x110.jpg" alt="Brucherhof Finjo" width="146" height="110" srcset="https://www.cpv-ev.com/wp-content/uploads/2013/11/Brucherhof-Finjo-146x110.jpg 146w, https://www.cpv-ev.com/wp-content/uploads/2013/11/Brucherhof-Finjo-300x225.jpg 300w, https://www.cpv-ev.com/wp-content/uploads/2013/11/Brucherhof-Finjo-500x375.jpg 500w, https://www.cpv-ev.com/wp-content/uploads/2013/11/Brucherhof-Finjo.jpg 1024w" sizes="auto, (max-width: 146px) 100vw, 146px" /></a>&nbsp; <a href="https://www.cpv-ev.com/wp-content/uploads/2014/06/Brucherhof-Finjo1.jpg"><img loading="lazy" decoding="async" class="alignnone size-thumbnail wp-image-12556" src="https://www.cpv-ev.com/wp-content/uploads/2014/06/Brucherhof-Finjo1-82x110.jpg" alt="Brucherhof Finjo" width="82" height="110" srcset="https://www.cpv-ev.com/wp-content/uploads/2014/06/Brucherhof-Finjo1-82x110.jpg 82w, https://www.cpv-ev.com/wp-content/uploads/2014/06/Brucherhof-Finjo1-300x399.jpg 300w, https://www.cpv-ev.com/wp-content/uploads/2014/06/Brucherhof-Finjo1-375x500.jpg 375w, https://www.cpv-ev.com/wp-content/uploads/2014/06/Brucherhof-Finjo1-110x146.jpg 110w, https://www.cpv-ev.com/wp-content/uploads/2014/06/Brucherhof-Finjo1-225x300.jpg 225w, https://www.cpv-ev.com/wp-content/uploads/2014/06/Brucherhof-Finjo1.jpg 388w" sizes="auto, (max-width: 82px) 100vw, 82px" /></a></p>
<h5>Nachkommen</h5>

<table id="tablepress-18" class="tablepress tablepress-id-18">
<thead>
<tr class="row-1">
	<th class="column-1">FOTO</th><th class="column-2">NAME</th><th class="column-3">JAHR</th><th class="column-4">VATER</th><th class="column-5">MUTTER</th><th class="column-6">ZÜCHTER</th>
</tr>
</thead>
<tbody class="row-striping row-hover">
</tbody>
</table>
<!-- #tablepress-18 from cache -->

<p>&nbsp; Farbe: Braun Hengstbuch: Rheinland HB I Geboren: 26.03.1999 Leistungsprüfung: keine Stockmaß: 146 cm Träger des Creme-Faktors: nein Röhrbein: 19 cm Träger des Fuchsgens: unbekannt Ausgeschieden: kastriert &nbsp; &nbsp; Gekörte Söhne: keine Eingetragene Stuten: &#8211; &nbsp; davon StPrSt: &#8211; &nbsp; <a class="more-link" href="https://www.cpv-ev.com/?page_id=12096"><span class="screen-reader-text">  Brucherhof Finjo</span> weiterlesen<span class="meta-nav">&rarr;</span></a></p>
