{"id":10717,"date":"2014-05-09T13:55:54","date_gmt":"2014-05-09T11:55:54","guid":{"rendered":"https:\/\/www.cpv-ev.com\/?page_id=10717"},"modified":"2023-11-14T20:34:57","modified_gmt":"2023-11-14T18:34:57","slug":"castleside-magnum","status":"publish","type":"page","link":"https:\/\/www.cpv-ev.com\/?page_id=10717","title":{"rendered":"Castleside Magnum"},"content":{"rendered":"<table border=\"1\" cellspacing=\"0\" cellpadding=\"0\">\n<tbody>\n<tr>\n<td colspan=\"2\" valign=\"top\" width=\"717\"><img loading=\"lazy\" decoding=\"async\" src=\"https:\/\/www.cpv-ev.com\/wp-content\/uploads\/2012\/07\/trans240x10.gif\" alt=\"trans240x10\" width=\"240\" height=\"10\" \/><\/td>\n<\/tr>\n<tr>\n<td valign=\"top\" width=\"359\"><strong>Farbe:<\/strong> Dunkelbraun<\/td>\n<td valign=\"top\" width=\"359\"><strong>Hengstbuch:<\/strong> CPBS S1-10424, Westfalen HB I,<br \/>\nzugelassen f\u00fcr Deutsche Reitponys<br \/>\n<strong>K\u00f6rung:<\/strong> CPBS Irland<br \/>\n<strong>K\u00f6rung:<\/strong> 12.06.2014 Hoftermin<\/td>\n<\/tr>\n<tr>\n<td valign=\"top\" width=\"359\"><strong>Geboren:<\/strong> 01.05.2011<\/td>\n<td valign=\"top\" width=\"359\"><strong>Leistungspr\u00fcfung: <\/strong>M\u00fcnster-Handorf 2015,<strong><br \/>\n<\/strong>30 TT, WN 7,43 (Rang 7\/7)<\/td>\n<\/tr>\n<tr>\n<td valign=\"top\" width=\"359\"><strong>Stockma\u00df: <\/strong>148 cm<\/td>\n<td valign=\"top\" width=\"359\"><strong>Tr\u00e4ger des Creme-Faktors:<\/strong> nein<\/td>\n<\/tr>\n<tr>\n<td valign=\"top\" width=\"359\"><strong>R\u00f6hrbein: <\/strong><strong><br \/>\n<\/strong><\/td>\n<td valign=\"top\" width=\"359\"><strong>Tr\u00e4ger des Fuchsgens:<\/strong> unbekannt<\/td>\n<\/tr>\n<tr>\n<td valign=\"top\" width=\"359\"><strong style=\"line-height: 24px;\">Deckbedingungen: <\/strong>auf Anfrage<\/td>\n<td valign=\"top\" width=\"359\"><strong>Decktaxe:<\/strong><\/td>\n<\/tr>\n<tr>\n<td valign=\"top\" width=\"359\"><strong style=\"line-height: 24px;\">HWSD-Status: <\/strong>N\/HWSD mit Abstammungs\u00fcberpr\u00fcfung<strong style=\"line-height: 24px;\"><br \/>\n<\/strong><\/td>\n<td valign=\"top\" width=\"359\"><strong>CA-Status: <\/strong>N\/N<strong><br \/>\n<\/strong><\/td>\n<\/tr>\n<tr>\n<td valign=\"top\" width=\"359\"><img loading=\"lazy\" decoding=\"async\" class=\"alignnone size-full wp-image-232\" src=\"https:\/\/www.cpv-ev.com\/wp-content\/uploads\/2012\/07\/trans240x10.gif\" alt=\"trans240x10\" width=\"240\" height=\"10\" srcset=\"https:\/\/www.cpv-ev.com\/wp-content\/uploads\/2012\/07\/trans240x10.gif 240w, https:\/\/www.cpv-ev.com\/wp-content\/uploads\/2012\/07\/trans240x10-225x10.gif 225w\" sizes=\"auto, (max-width: 240px) 100vw, 240px\" \/><\/td>\n<td valign=\"top\" width=\"359\"><\/td>\n<\/tr>\n<tr>\n<td valign=\"top\" width=\"359\"><strong>Gek\u00f6rte S\u00f6hne: <\/strong>noch keine<\/td>\n<td valign=\"top\" width=\"359\"><strong>Eingetragene Stuten:<\/strong> &#8211;<strong><br \/>\n<\/strong><\/td>\n<\/tr>\n<tr>\n<td valign=\"top\" width=\"359\"><\/td>\n<td valign=\"top\" width=\"359\"><strong>davon StPrSt: <\/strong>&#8211;<strong><br \/>\n<\/strong><\/td>\n<\/tr>\n<tr>\n<td valign=\"top\" width=\"359\"><img loading=\"lazy\" decoding=\"async\" src=\"https:\/\/www.cpv-ev.com\/wp-content\/uploads\/2012\/07\/trans240x10.gif\" alt=\"trans240x10\" width=\"240\" height=\"10\" \/><\/td>\n<td valign=\"top\" width=\"359\"><\/td>\n<\/tr>\n<tr>\n<td valign=\"top\" width=\"359\"><strong>Lebensgewinnsumme:<\/strong>\u00a0104 EUR (2022)<img loading=\"lazy\" decoding=\"async\" class=\"alignnone size-full wp-image-232\" title=\"trans240x10\" src=\"https:\/\/www.cpv-ev.com\/wp-content\/uploads\/2012\/07\/trans240x10.gif\" alt=\"\" width=\"100\" height=\"20\" \/><\/td>\n<td valign=\"top\" width=\"359\"><strong>Nachkommen-LGS: <\/strong>&#8211;<strong><br \/>\n<\/strong><\/td>\n<\/tr>\n<tr>\n<td colspan=\"2\" valign=\"top\" width=\"717\"><strong><strong>Z\u00fcchter: <\/strong><\/strong>Michael Rabbette, Irland<strong><strong><br \/>\n<\/strong><\/strong><strong>Besitzer: <\/strong>Barbara B\u00f6kenschmidt, 34516 V\u00f6hl<\/td>\n<\/tr>\n<tr>\n<td valign=\"top\" width=\"359\">Telefon:<\/td>\n<td valign=\"top\" width=\"359\">Mobil:<\/td>\n<\/tr>\n<tr>\n<td valign=\"top\" width=\"307\">Email: <em><strong><br \/>\n<\/strong><\/em><\/td>\n<td valign=\"top\" width=\"307\">Website:<\/td>\n<\/tr>\n<tr>\n<td colspan=\"2\" valign=\"top\" width=\"717\"><strong><br \/>\n<\/strong><strong>Station 2022:<\/strong> Birgit Daude, Gest\u00fct Kaiserhof, Brunnenstr. 6, 34516 V\u00f6hl-Basdorf<\/td>\n<\/tr>\n<tr>\n<td valign=\"top\" width=\"359\">Telefon: 05635-1257<\/td>\n<td valign=\"top\" width=\"359\">Mobil: 0151\u201356168481<\/td>\n<\/tr>\n<tr>\n<td valign=\"top\" width=\"307\">Email: <a href=\"mailto:h-daude@online.de\">h-daude@online.de<\/a><\/td>\n<td valign=\"top\" width=\"307\">Website: <a href=\"https:\/\/www.kaiserhof-connemara.de\/\" target=\"_blank\" rel=\"noopener noreferrer\">www.kaiserhof-connemara.de<\/a><\/td>\n<\/tr>\n<\/tbody>\n<\/table>\n<h5>Pedigree<\/h5>\n<p><img loading=\"lazy\" decoding=\"async\" class=\"alignnone size-full wp-image-10953\" src=\"https:\/\/www.cpv-ev.com\/wp-content\/uploads\/2014\/05\/Castleside-Magnum-PedKorr.jpg\" alt=\"Castleside Magnum Ped\" width=\"680\" height=\"310\" srcset=\"https:\/\/www.cpv-ev.com\/wp-content\/uploads\/2014\/05\/Castleside-Magnum-PedKorr.jpg 680w, https:\/\/www.cpv-ev.com\/wp-content\/uploads\/2014\/05\/Castleside-Magnum-PedKorr-241x110.jpg 241w, https:\/\/www.cpv-ev.com\/wp-content\/uploads\/2014\/05\/Castleside-Magnum-PedKorr-300x136.jpg 300w, https:\/\/www.cpv-ev.com\/wp-content\/uploads\/2014\/05\/Castleside-Magnum-PedKorr-500x227.jpg 500w\" sizes=\"auto, (max-width: 680px) 100vw, 680px\" \/><\/p>\n<p><img loading=\"lazy\" decoding=\"async\" src=\"https:\/\/www.cpv-ev.com\/wp-content\/uploads\/2012\/07\/trans240x10.gif\" alt=\"trans240x10\" width=\"240\" height=\"10\" \/><\/p>\n<h5>Galerie<\/h5>\n<p><a href=\"https:\/\/www.cpv-ev.com\/wp-content\/uploads\/2014\/05\/Castleside-Magnum-Stand.jpg\"><img loading=\"lazy\" decoding=\"async\" class=\"alignnone size-vs6_thumb wp-image-10719\" src=\"https:\/\/www.cpv-ev.com\/wp-content\/uploads\/2014\/05\/Castleside-Magnum-Stand-150x110.jpg\" alt=\"Castleside Magnum\" width=\"150\" height=\"110\" \/><\/a>\u00a0\u00a0 <a href=\"https:\/\/www.cpv-ev.com\/wp-content\/uploads\/2014\/05\/Castleside-Magnum-Trab.jpg\"><img loading=\"lazy\" decoding=\"async\" class=\"alignnone size-vs6_thumb wp-image-10720\" src=\"https:\/\/www.cpv-ev.com\/wp-content\/uploads\/2014\/05\/Castleside-Magnum-Trab-150x110.jpg\" alt=\"Castleside Magnum\" width=\"150\" height=\"110\" \/><\/a>\u00a0\u00a0 <a href=\"https:\/\/www.cpv-ev.com\/wp-content\/uploads\/2014\/05\/Castleside-Magnum-Galopp.jpg\"><img loading=\"lazy\" decoding=\"async\" class=\"alignnone size-vs6_thumb wp-image-10718\" src=\"https:\/\/www.cpv-ev.com\/wp-content\/uploads\/2014\/05\/Castleside-Magnum-Galopp-150x110.jpg\" alt=\"Castleside Magnum\" width=\"150\" height=\"110\" \/><\/a>\u00a0\u00a0 <a href=\"https:\/\/www.cpv-ev.com\/wp-content\/uploads\/2014\/07\/Castleside-Magnum.jpg\"><img loading=\"lazy\" decoding=\"async\" class=\"alignnone size-thumbnail wp-image-12960\" src=\"https:\/\/www.cpv-ev.com\/wp-content\/uploads\/2014\/07\/Castleside-Magnum-146x110.jpg\" alt=\"Castleside Magnum\" width=\"146\" height=\"110\" srcset=\"https:\/\/www.cpv-ev.com\/wp-content\/uploads\/2014\/07\/Castleside-Magnum-146x110.jpg 146w, https:\/\/www.cpv-ev.com\/wp-content\/uploads\/2014\/07\/Castleside-Magnum-300x225.jpg 300w, https:\/\/www.cpv-ev.com\/wp-content\/uploads\/2014\/07\/Castleside-Magnum-500x375.jpg 500w, https:\/\/www.cpv-ev.com\/wp-content\/uploads\/2014\/07\/Castleside-Magnum.jpg 750w\" sizes=\"auto, (max-width: 146px) 100vw, 146px\" \/><\/a>\u00a0\u00a0 \u00a0\u00a0 <a href=\"https:\/\/www.cpv-ev.com\/wp-content\/uploads\/2015\/11\/MAS_1161.jpg\"><img loading=\"lazy\" decoding=\"async\" class=\"alignnone size-thumbnail wp-image-16649\" src=\"https:\/\/www.cpv-ev.com\/wp-content\/uploads\/2015\/11\/MAS_1161-82x110.jpg\" alt=\"MAS_1161\" width=\"82\" height=\"110\" srcset=\"https:\/\/www.cpv-ev.com\/wp-content\/uploads\/2015\/11\/MAS_1161-82x110.jpg 82w, https:\/\/www.cpv-ev.com\/wp-content\/uploads\/2015\/11\/MAS_1161-300x399.jpg 300w, https:\/\/www.cpv-ev.com\/wp-content\/uploads\/2015\/11\/MAS_1161-375x500.jpg 375w, https:\/\/www.cpv-ev.com\/wp-content\/uploads\/2015\/11\/MAS_1161-110x146.jpg 110w, https:\/\/www.cpv-ev.com\/wp-content\/uploads\/2015\/11\/MAS_1161-225x300.jpg 225w, https:\/\/www.cpv-ev.com\/wp-content\/uploads\/2015\/11\/MAS_1161.jpg 563w\" sizes=\"auto, (max-width: 82px) 100vw, 82px\" \/><\/a>\u00a0\u00a0 <a href=\"https:\/\/www.cpv-ev.com\/wp-content\/uploads\/2015\/11\/MAS_1236.jpg\"><img loading=\"lazy\" decoding=\"async\" class=\"alignnone size-thumbnail wp-image-16651\" src=\"https:\/\/www.cpv-ev.com\/wp-content\/uploads\/2015\/11\/MAS_1236-146x110.jpg\" alt=\"MAS_1236\" width=\"146\" height=\"110\" srcset=\"https:\/\/www.cpv-ev.com\/wp-content\/uploads\/2015\/11\/MAS_1236-146x110.jpg 146w, https:\/\/www.cpv-ev.com\/wp-content\/uploads\/2015\/11\/MAS_1236-300x225.jpg 300w, https:\/\/www.cpv-ev.com\/wp-content\/uploads\/2015\/11\/MAS_1236-500x375.jpg 500w, https:\/\/www.cpv-ev.com\/wp-content\/uploads\/2015\/11\/MAS_1236.jpg 750w\" sizes=\"auto, (max-width: 146px) 100vw, 146px\" \/><\/a> \u00a0 <a href=\"https:\/\/www.cpv-ev.com\/wp-content\/uploads\/2015\/11\/MAS_1235.jpg\"><img loading=\"lazy\" decoding=\"async\" class=\"alignnone size-thumbnail wp-image-16650\" src=\"https:\/\/www.cpv-ev.com\/wp-content\/uploads\/2015\/11\/MAS_1235-146x110.jpg\" alt=\"MAS_1235\" width=\"146\" height=\"110\" srcset=\"https:\/\/www.cpv-ev.com\/wp-content\/uploads\/2015\/11\/MAS_1235-146x110.jpg 146w, https:\/\/www.cpv-ev.com\/wp-content\/uploads\/2015\/11\/MAS_1235-300x225.jpg 300w, https:\/\/www.cpv-ev.com\/wp-content\/uploads\/2015\/11\/MAS_1235-500x375.jpg 500w, https:\/\/www.cpv-ev.com\/wp-content\/uploads\/2015\/11\/MAS_1235.jpg 750w\" sizes=\"auto, (max-width: 146px) 100vw, 146px\" \/><\/a>\u00a0\u00a0 <a href=\"https:\/\/www.cpv-ev.com\/wp-content\/uploads\/2015\/11\/MAS_1330.jpg\"><img loading=\"lazy\" decoding=\"async\" class=\"alignnone size-thumbnail wp-image-16652\" src=\"https:\/\/www.cpv-ev.com\/wp-content\/uploads\/2015\/11\/MAS_1330-146x110.jpg\" alt=\"MAS_1330\" width=\"146\" height=\"110\" srcset=\"https:\/\/www.cpv-ev.com\/wp-content\/uploads\/2015\/11\/MAS_1330-146x110.jpg 146w, https:\/\/www.cpv-ev.com\/wp-content\/uploads\/2015\/11\/MAS_1330-300x225.jpg 300w, https:\/\/www.cpv-ev.com\/wp-content\/uploads\/2015\/11\/MAS_1330-500x374.jpg 500w, https:\/\/www.cpv-ev.com\/wp-content\/uploads\/2015\/11\/MAS_1330.jpg 750w\" sizes=\"auto, (max-width: 146px) 100vw, 146px\" \/><\/a><\/p>\n<h5>Nachkommen<\/h5>\n\n<table id=\"tablepress-18\" class=\"tablepress tablepress-id-18 mtr-table mtr-thead-th\">\n<thead>\n<tr class=\"row-1\">\n\t<th class=\"column-1 mtr-th-tag\" data-mtr-content=\"FOTO\"><div class=\"mtr-cell-content\">FOTO<\/div><\/th><th class=\"column-2 mtr-th-tag\" data-mtr-content=\"NAME\"><div class=\"mtr-cell-content\">NAME<\/div><\/th><th class=\"column-3 mtr-th-tag\" data-mtr-content=\"JAHR\"><div class=\"mtr-cell-content\">JAHR<\/div><\/th><th class=\"column-4 mtr-th-tag\" data-mtr-content=\"VATER\"><div class=\"mtr-cell-content\">VATER<\/div><\/th><th class=\"column-5 mtr-th-tag\" data-mtr-content=\"MUTTER\"><div class=\"mtr-cell-content\">MUTTER<\/div><\/th><th class=\"column-6 mtr-th-tag\" data-mtr-content=\"Z\u00dcCHTER\"><div class=\"mtr-cell-content\">Z\u00dcCHTER<\/div><\/th>\n<\/tr>\n<\/thead>\n<tbody class=\"row-striping row-hover\">\n<tr class=\"row-2\">\n\t<td class=\"column-1 mtr-td-tag\" data-mtr-content=\"FOTO\"><div class=\"mtr-cell-content\"><\/div><\/td><td class=\"column-2 mtr-td-tag\" data-mtr-content=\"NAME\"><div class=\"mtr-cell-content\"><b>KAISERHOF <br>BEAUTY GINNY<\/b><br>DE441410432817<br><br>Stute<br>Braun<br>*09.04.2017<br>N\/HWSD<br><br><\/div><\/td><td class=\"column-3 mtr-td-tag\" data-mtr-content=\"JAHR\"><div class=\"mtr-cell-content\">2017<\/div><\/td><td class=\"column-4 mtr-td-tag\" data-mtr-content=\"VATER\"><div class=\"mtr-cell-content\">Castleside Magnum<\/div><\/td><td class=\"column-5 mtr-td-tag\" data-mtr-content=\"MUTTER\"><div class=\"mtr-cell-content\">Kaiserhof Beauty Ginger<br>v. Flashing Brendan<\/div><\/td><td class=\"column-6 mtr-td-tag\" data-mtr-content=\"Z\u00dcCHTER\"><div class=\"mtr-cell-content\">Kaiserhof<br>Birgit Daude<br>34561 V\u00f6hl-Basdorf<br><\/div><\/td>\n<\/tr>\n<tr class=\"row-3\">\n\t<td class=\"column-1 mtr-td-tag\" data-mtr-content=\"FOTO\"><div class=\"mtr-cell-content\"><\/div><\/td><td class=\"column-2 mtr-td-tag\" data-mtr-content=\"NAME\"><div class=\"mtr-cell-content\"><b>KAISERHOF <br>BEAUTY GRACIE<\/b><br>DE441410445118<br><br>Stute<br>2018<br>N\/HWSD<br><br><\/div><\/td><td class=\"column-3 mtr-td-tag\" data-mtr-content=\"JAHR\"><div class=\"mtr-cell-content\">2018<\/div><\/td><td class=\"column-4 mtr-td-tag\" data-mtr-content=\"VATER\"><div class=\"mtr-cell-content\">Castleside Magnum<\/div><\/td><td class=\"column-5 mtr-td-tag\" data-mtr-content=\"MUTTER\"><div class=\"mtr-cell-content\">Kaiserhof Beauty Ginger<br>v. Flashing Brendan<\/div><\/td><td class=\"column-6 mtr-td-tag\" data-mtr-content=\"Z\u00dcCHTER\"><div class=\"mtr-cell-content\">Kaiserhof<br>Birgit Daude<br>34561 V\u00f6hl-Basdorf<br><\/div><\/td>\n<\/tr>\n<tr class=\"row-4\">\n\t<td class=\"column-1 mtr-td-tag\" data-mtr-content=\"FOTO\"><div class=\"mtr-cell-content\"><\/div><\/td><td class=\"column-2 mtr-td-tag\" data-mtr-content=\"NAME\"><div class=\"mtr-cell-content\"><b>KAISERHOF <br>GLENNA<\/b><br><br>Stute<br>Braun<br>*07.06.2015<br><br><\/div><\/td><td class=\"column-3 mtr-td-tag\" data-mtr-content=\"JAHR\"><div class=\"mtr-cell-content\">2015<\/div><\/td><td class=\"column-4 mtr-td-tag\" data-mtr-content=\"VATER\"><div class=\"mtr-cell-content\">Castleside Magnum<\/div><\/td><td class=\"column-5 mtr-td-tag\" data-mtr-content=\"MUTTER\"><div class=\"mtr-cell-content\">Kaiserhof Godiva's Gladys<br>v. Flashing Brendan<\/div><\/td><td class=\"column-6 mtr-td-tag\" data-mtr-content=\"Z\u00dcCHTER\"><div class=\"mtr-cell-content\">Kaiserhof<br>Birgit Daude<br>34561 V\u00f6hl-Basdorf<br><\/div><\/td>\n<\/tr>\n<tr class=\"row-5\">\n\t<td class=\"column-1 mtr-td-tag\" data-mtr-content=\"FOTO\"><div class=\"mtr-cell-content\"><\/div><\/td><td class=\"column-2 mtr-td-tag\" data-mtr-content=\"NAME\"><div class=\"mtr-cell-content\"><b>KAISERHOF <br>GRACIE<\/b><br><br>Stute<br>Braun<br>*16.04.2018<br>N\/HWSD<br><br><\/div><\/td><td class=\"column-3 mtr-td-tag\" data-mtr-content=\"JAHR\"><div class=\"mtr-cell-content\">2018<\/div><\/td><td class=\"column-4 mtr-td-tag\" data-mtr-content=\"VATER\"><div class=\"mtr-cell-content\">Castleside Magnum<\/div><\/td><td class=\"column-5 mtr-td-tag\" data-mtr-content=\"MUTTER\"><div class=\"mtr-cell-content\">Kaiserhof Beauty Ginger<br>v. Flashing Brendan<\/div><\/td><td class=\"column-6 mtr-td-tag\" data-mtr-content=\"Z\u00dcCHTER\"><div class=\"mtr-cell-content\">Kaiserhof<br>Birgit Daude<br>34561 V\u00f6hl-Basdorf<br><\/div><\/td>\n<\/tr>\n<tr class=\"row-6\">\n\t<td class=\"column-1 mtr-td-tag\" data-mtr-content=\"FOTO\"><div class=\"mtr-cell-content\"><a href=\"https:\/\/www.cpv-ev.com\/wp-content\/uploads\/2017\/11\/IMG_6691-e1531146680948.jpg\"><img loading=\"lazy\" decoding=\"async\" src=\"https:\/\/www.cpv-ev.com\/wp-content\/uploads\/2017\/11\/IMG_6691-e1531146680948-110x110.jpg\" alt=\"\" width=\"110\" height=\"110\" class=\"alignnone size-thumbnail wp-image-21037\"><\/a><\/div><\/td><td class=\"column-2 mtr-td-tag\" data-mtr-content=\"NAME\"><div class=\"mtr-cell-content\"><b>KAISERHOF <br>MAGIC MILTON<\/b><br><br>Hengst<br>Dunkelbraunschimmel<br>*11.04.2017<br><br><\/div><\/td><td class=\"column-3 mtr-td-tag\" data-mtr-content=\"JAHR\"><div class=\"mtr-cell-content\">2017<\/div><\/td><td class=\"column-4 mtr-td-tag\" data-mtr-content=\"VATER\"><div class=\"mtr-cell-content\">Castleside Magnum<\/div><\/td><td class=\"column-5 mtr-td-tag\" data-mtr-content=\"MUTTER\"><div class=\"mtr-cell-content\">Kaiserhof Gillian<br>v. Greenwoods Killroy<\/div><\/td><td class=\"column-6 mtr-td-tag\" data-mtr-content=\"Z\u00dcCHTER\"><div class=\"mtr-cell-content\">Kaiserhof<br>Birgit Daude<br>34561 V\u00f6hl-Basdorf<br><\/div><\/td>\n<\/tr>\n<tr class=\"row-7\">\n\t<td class=\"column-1 mtr-td-tag\" data-mtr-content=\"FOTO\"><div class=\"mtr-cell-content\"><\/div><\/td><td class=\"column-2 mtr-td-tag\" data-mtr-content=\"NAME\"><div class=\"mtr-cell-content\"><b>KAISERHOF <br>MAIRTIN<\/b><br>DE441411092920<br><br>Hengst<br>Falbe<br>*10.03.2020<br>N\/N<br><br><\/div><\/td><td class=\"column-3 mtr-td-tag\" data-mtr-content=\"JAHR\"><div class=\"mtr-cell-content\">2020<\/div><\/td><td class=\"column-4 mtr-td-tag\" data-mtr-content=\"VATER\"><div class=\"mtr-cell-content\">Castleside Magnum<\/div><\/td><td class=\"column-5 mtr-td-tag\" data-mtr-content=\"MUTTER\"><div class=\"mtr-cell-content\">Kaiserhof Beauty Ginger<br>v. Flashing Brendan<\/div><\/td><td class=\"column-6 mtr-td-tag\" data-mtr-content=\"Z\u00dcCHTER\"><div class=\"mtr-cell-content\">Kaiserhof<br>Birgit Daude<br>34561 V\u00f6hl-Basdorf<br><\/div><\/td>\n<\/tr>\n<tr class=\"row-8\">\n\t<td class=\"column-1 mtr-td-tag\" data-mtr-content=\"FOTO\"><div class=\"mtr-cell-content\"><\/div><\/td><td class=\"column-2 mtr-td-tag\" data-mtr-content=\"NAME\"><div class=\"mtr-cell-content\"><b>KAISERHOF <br>MCGUYVER<\/b><br><br>Hengst<br>Falbe<br>*12.06.2015<br><br><\/div><\/td><td class=\"column-3 mtr-td-tag\" data-mtr-content=\"JAHR\"><div class=\"mtr-cell-content\">2015<\/div><\/td><td class=\"column-4 mtr-td-tag\" data-mtr-content=\"VATER\"><div class=\"mtr-cell-content\">Castleside Magnum<\/div><\/td><td class=\"column-5 mtr-td-tag\" data-mtr-content=\"MUTTER\"><div class=\"mtr-cell-content\">Golden Siobhan<br>v. Glaskopf Golden Siskin<\/div><\/td><td class=\"column-6 mtr-td-tag\" data-mtr-content=\"Z\u00dcCHTER\"><div class=\"mtr-cell-content\">Kaiserhof<br>Birgit Daude<br>34561 V\u00f6hl-Basdorf<br><\/div><\/td>\n<\/tr>\n<tr class=\"row-9\">\n\t<td class=\"column-1 mtr-td-tag\" data-mtr-content=\"FOTO\"><div class=\"mtr-cell-content\"><\/div><\/td><td class=\"column-2 mtr-td-tag\" data-mtr-content=\"NAME\"><div class=\"mtr-cell-content\"><b>KAISERHOF <br>MERRICK<\/b><br><br>Hengst<br>Dunkelbraunfalb<br>*02.06.2015<br>146 cm<br><br><\/div><\/td><td class=\"column-3 mtr-td-tag\" data-mtr-content=\"JAHR\"><div class=\"mtr-cell-content\">2015<\/div><\/td><td class=\"column-4 mtr-td-tag\" data-mtr-content=\"VATER\"><div class=\"mtr-cell-content\">Castleside Magnum<\/div><\/td><td class=\"column-5 mtr-td-tag\" data-mtr-content=\"MUTTER\"><div class=\"mtr-cell-content\">Limited Editions Sarah<br>v. Gonzales<\/div><\/td><td class=\"column-6 mtr-td-tag\" data-mtr-content=\"Z\u00dcCHTER\"><div class=\"mtr-cell-content\">Kaiserhof<br>Birgit Daude<br>34561 V\u00f6hl-Basdorf<br><\/div><\/td>\n<\/tr>\n<tr class=\"row-10\">\n\t<td class=\"column-1 mtr-td-tag\" data-mtr-content=\"FOTO\"><div class=\"mtr-cell-content\"><a href=\"https:\/\/www.cpv-ev.com\/wp-content\/uploads\/2016\/06\/2016-Kaiserhof-Saidy.jpg\"><img loading=\"lazy\" decoding=\"async\" src=\"https:\/\/www.cpv-ev.com\/wp-content\/uploads\/2016\/06\/2016-Kaiserhof-Saidy-110x110.jpg\" alt=\"\" width=\"110\" height=\"110\" class=\"alignnone size-thumbnail wp-image-18427\" srcset=\"https:\/\/www.cpv-ev.com\/wp-content\/uploads\/2016\/06\/2016-Kaiserhof-Saidy-110x110.jpg 110w, https:\/\/www.cpv-ev.com\/wp-content\/uploads\/2016\/06\/2016-Kaiserhof-Saidy-150x150.jpg 150w\" sizes=\"auto, (max-width: 110px) 100vw, 110px\"><\/a><\/div><\/td><td class=\"column-2 mtr-td-tag\" data-mtr-content=\"NAME\"><div class=\"mtr-cell-content\"><b>KAISERHOF <br>SAIDY<\/b><br><br>Stute<br>Braun<br>*30.05.2016<br><br><\/div><\/td><td class=\"column-3 mtr-td-tag\" data-mtr-content=\"JAHR\"><div class=\"mtr-cell-content\">2016<\/div><\/td><td class=\"column-4 mtr-td-tag\" data-mtr-content=\"VATER\"><div class=\"mtr-cell-content\">Castleside Magnum<\/div><\/td><td class=\"column-5 mtr-td-tag\" data-mtr-content=\"MUTTER\"><div class=\"mtr-cell-content\">Limited Editions Sarah<br>v. Gonzales<\/div><\/td><td class=\"column-6 mtr-td-tag\" data-mtr-content=\"Z\u00dcCHTER\"><div class=\"mtr-cell-content\">Kaiserhof<br>Birgit Daude<br>34561 V\u00f6hl-Basdorf<br><\/div><\/td>\n<\/tr>\n<tr class=\"row-11\">\n\t<td class=\"column-1 mtr-td-tag\" data-mtr-content=\"FOTO\"><div class=\"mtr-cell-content\"><\/div><\/td><td class=\"column-2 mtr-td-tag\" data-mtr-content=\"NAME\"><div class=\"mtr-cell-content\"><b>KAISERHOF <br>BEAUTY GODIVA<\/b><br><br>Stute<br>Falbe<br>*10.05.2021<br><br><\/div><\/td><td class=\"column-3 mtr-td-tag\" data-mtr-content=\"JAHR\"><div class=\"mtr-cell-content\">2021<\/div><\/td><td class=\"column-4 mtr-td-tag\" data-mtr-content=\"VATER\"><div class=\"mtr-cell-content\">Castleside Magnum<\/div><\/td><td class=\"column-5 mtr-td-tag\" data-mtr-content=\"MUTTER\"><div class=\"mtr-cell-content\">Kaiserhof Beauty Ginger<br>v. Flashing Brendan<\/div><\/td><td class=\"column-6 mtr-td-tag\" data-mtr-content=\"Z\u00dcCHTER\"><div class=\"mtr-cell-content\">Kaiserhof<br>Birgit Daude<br>34561 V\u00f6hl-Basdorf<br><\/div><\/td>\n<\/tr>\n<\/tbody>\n<\/table>\n<!-- #tablepress-18 from cache -->\n","protected":false},"excerpt":{"rendered":"<p>Farbe: Dunkelbraun Hengstbuch: CPBS S1-10424, Westfalen HB I, zugelassen f\u00fcr Deutsche Reitponys K\u00f6rung: CPBS Irland K\u00f6rung: 12.06.2014 Hoftermin Geboren: 01.05.2011 Leistungspr\u00fcfung: M\u00fcnster-Handorf 2015, 30 TT, WN 7,43 (Rang 7\/7) Stockma\u00df: 148 cm Tr\u00e4ger des Creme-Faktors: nein R\u00f6hrbein: Tr\u00e4ger des Fuchsgens: <a class=\"more-link\" href=\"https:\/\/www.cpv-ev.com\/?page_id=10717\"><span class=\"screen-reader-text\">  Castleside Magnum<\/span> weiterlesen<span class=\"meta-nav\">&rarr;<\/span><\/a><\/p>\n","protected":false},"author":2,"featured_media":0,"parent":97,"menu_order":0,"comment_status":"closed","ping_status":"closed","template":"","meta":{"ngg_post_thumbnail":0,"footnotes":""},"class_list":["post-10717","page","type-page","status-publish","hentry"],"_links":{"self":[{"href":"https:\/\/www.cpv-ev.com\/index.php?rest_route=\/wp\/v2\/pages\/10717","targetHints":{"allow":["GET"]}}],"collection":[{"href":"https:\/\/www.cpv-ev.com\/index.php?rest_route=\/wp\/v2\/pages"}],"about":[{"href":"https:\/\/www.cpv-ev.com\/index.php?rest_route=\/wp\/v2\/types\/page"}],"author":[{"embeddable":true,"href":"https:\/\/www.cpv-ev.com\/index.php?rest_route=\/wp\/v2\/users\/2"}],"replies":[{"embeddable":true,"href":"https:\/\/www.cpv-ev.com\/index.php?rest_route=%2Fwp%2Fv2%2Fcomments&post=10717"}],"version-history":[{"count":0,"href":"https:\/\/www.cpv-ev.com\/index.php?rest_route=\/wp\/v2\/pages\/10717\/revisions"}],"up":[{"embeddable":true,"href":"https:\/\/www.cpv-ev.com\/index.php?rest_route=\/wp\/v2\/pages\/97"}],"wp:attachment":[{"href":"https:\/\/www.cpv-ev.com\/index.php?rest_route=%2Fwp%2Fv2%2Fmedia&parent=10717"}],"curies":[{"name":"wp","href":"https:\/\/api.w.org\/{rel}","templated":true}]}}