{"id":10527,"date":"2014-05-28T13:29:22","date_gmt":"2014-05-28T11:29:22","guid":{"rendered":"https:\/\/www.cpv-ev.com\/?page_id=10527"},"modified":"2018-04-12T10:32:02","modified_gmt":"2018-04-12T08:32:02","slug":"orpheus","status":"publish","type":"page","link":"https:\/\/www.cpv-ev.com\/?page_id=10527","title":{"rendered":"Orpheus"},"content":{"rendered":"<p>&nbsp;<\/p>\n<table cellspacing=\"0\" cellpadding=\"0\" border=\"1\">\n<tbody>\n<tr>\n<td width=\"359\" valign=\"top\"><strong>Farbe: <\/strong>Schimmel<strong><br \/>\n<\/strong><\/td>\n<td width=\"359\" valign=\"top\"><strong>Hengstbuch: <\/strong>Weser-Ems HB I<strong><br \/>\n<\/strong><\/td>\n<\/tr>\n<tr>\n<td width=\"359\" valign=\"top\"><strong>Geboren:<\/strong> 24.05.1973<\/td>\n<td width=\"359\" valign=\"top\"><strong>Leistungspr\u00fcfung:<\/strong><\/td>\n<\/tr>\n<tr>\n<td width=\"359\" valign=\"top\"><strong>Stockma\u00df: <\/strong>145 cm<strong><br \/>\n<\/strong><\/td>\n<td width=\"359\" valign=\"top\"><strong>Tr\u00e4ger des Creme-Faktors:<\/strong> unbekannt<\/td>\n<\/tr>\n<tr>\n<td width=\"359\" valign=\"top\"><strong>R\u00f6hrbein: <\/strong><strong><br \/>\n<\/strong><\/td>\n<td width=\"359\" valign=\"top\"><strong>Tr\u00e4ger des Fuchsgens:<\/strong> unbekannt<\/td>\n<\/tr>\n<tr>\n<td width=\"359\" valign=\"top\"><strong>Ausgeschieden: <\/strong>1975 kastriert<strong><br \/>\n<\/strong><\/td>\n<td width=\"359\" valign=\"top\">&nbsp;<\/td>\n<\/tr>\n<tr>\n<td width=\"359\" valign=\"top\"><img loading=\"lazy\" decoding=\"async\" class=\"alignnone size-full wp-image-232\" src=\"https:\/\/www.cpv-ev.com\/wp-content\/uploads\/2012\/07\/trans240x10.gif\" alt=\"trans240x10\" width=\"240\" height=\"10\" srcset=\"https:\/\/www.cpv-ev.com\/wp-content\/uploads\/2012\/07\/trans240x10.gif 240w, https:\/\/www.cpv-ev.com\/wp-content\/uploads\/2012\/07\/trans240x10-225x10.gif 225w\" sizes=\"auto, (max-width: 240px) 100vw, 240px\" \/><\/td>\n<td width=\"359\" valign=\"top\">&nbsp;<\/td>\n<\/tr>\n<tr>\n<td width=\"359\" valign=\"top\"><strong>Gek\u00f6rte S\u00f6hne:<\/strong><\/td>\n<td width=\"359\" valign=\"top\"><strong>Eingetragene Stuten: <\/strong>1<strong><br \/>\n<\/strong><\/td>\n<\/tr>\n<tr>\n<td width=\"359\" valign=\"top\">&nbsp;<\/td>\n<td width=\"359\" valign=\"top\"><strong>davon StPrSt:<\/strong><\/td>\n<\/tr>\n<tr>\n<td width=\"359\" valign=\"top\"><img loading=\"lazy\" decoding=\"async\" src=\"https:\/\/www.cpv-ev.com\/wp-content\/uploads\/2012\/07\/trans240x10.gif\" alt=\"trans240x10\" width=\"240\" height=\"10\"><\/td>\n<td width=\"359\" valign=\"top\">&nbsp;<\/td>\n<\/tr>\n<tr>\n<td width=\"359\" valign=\"top\"><strong>Lebensgewinnsumme:<\/strong> <img loading=\"lazy\" decoding=\"async\" class=\"alignnone size-full wp-image-232\" title=\"trans240x10\" src=\"https:\/\/www.cpv-ev.com\/wp-content\/uploads\/2012\/07\/trans240x10.gif\" alt=\"\" width=\"100\" height=\"20\"><\/td>\n<td width=\"359\" valign=\"top\"><strong>Nachkommen-LGS:<\/strong><\/td>\n<\/tr>\n<tr>\n<td colspan=\"2\" width=\"717\" valign=\"top\"><img loading=\"lazy\" decoding=\"async\" src=\"https:\/\/www.cpv-ev.com\/wp-content\/uploads\/2012\/07\/trans240x10.gif\" alt=\"trans240x10\" width=\"240\" height=\"10\"><\/td>\n<\/tr>\n<tr>\n<td colspan=\"2\" width=\"717\" valign=\"top\"><strong><strong>Z\u00fcchter: <\/strong><\/strong>Elisabeth von Saint Paul, Bonn-Ippendorf<strong><strong><br \/>\n<\/strong><\/strong><strong>Besitzer: <\/strong>Ellen Th\u00f6rner, Hasbergen<strong><br \/>\n<\/strong><\/td>\n<\/tr>\n<tr>\n<td width=\"359\" valign=\"top\">&nbsp;<\/td>\n<td width=\"359\" valign=\"top\">&nbsp;<\/td>\n<\/tr>\n<tr>\n<td colspan=\"2\" width=\"717\" valign=\"top\">&nbsp;<\/td>\n<\/tr>\n<\/tbody>\n<\/table>\n<h5>Pedigree<\/h5>\n<p><img loading=\"lazy\" decoding=\"async\" class=\"alignnone size-full wp-image-13304\" src=\"https:\/\/www.cpv-ev.com\/wp-content\/uploads\/2014\/08\/Orpheus.jpg\" alt=\"Orpheus\" width=\"680\" height=\"310\" srcset=\"https:\/\/www.cpv-ev.com\/wp-content\/uploads\/2014\/08\/Orpheus.jpg 680w, https:\/\/www.cpv-ev.com\/wp-content\/uploads\/2014\/08\/Orpheus-241x110.jpg 241w, https:\/\/www.cpv-ev.com\/wp-content\/uploads\/2014\/08\/Orpheus-300x136.jpg 300w, https:\/\/www.cpv-ev.com\/wp-content\/uploads\/2014\/08\/Orpheus-500x227.jpg 500w\" sizes=\"auto, (max-width: 680px) 100vw, 680px\" \/><\/p>\n<p>&nbsp;<\/p>\n<h5>Galerie<\/h5>\n<p>&nbsp;<\/p>\n<h5>Nachkommen<\/h5>\n\n<table id=\"tablepress-18\" class=\"tablepress tablepress-id-18 mtr-table mtr-thead-th\">\n<thead>\n<tr class=\"row-1\">\n\t<th class=\"column-1 mtr-th-tag\" data-mtr-content=\"FOTO\"><div class=\"mtr-cell-content\">FOTO<\/div><\/th><th class=\"column-2 mtr-th-tag\" data-mtr-content=\"NAME\"><div class=\"mtr-cell-content\">NAME<\/div><\/th><th class=\"column-3 mtr-th-tag\" data-mtr-content=\"JAHR\"><div class=\"mtr-cell-content\">JAHR<\/div><\/th><th class=\"column-4 mtr-th-tag\" data-mtr-content=\"VATER\"><div class=\"mtr-cell-content\">VATER<\/div><\/th><th class=\"column-5 mtr-th-tag\" data-mtr-content=\"MUTTER\"><div class=\"mtr-cell-content\">MUTTER<\/div><\/th><th class=\"column-6 mtr-th-tag\" data-mtr-content=\"Z\u00dcCHTER\"><div class=\"mtr-cell-content\">Z\u00dcCHTER<\/div><\/th>\n<\/tr>\n<\/thead>\n<tbody class=\"row-striping row-hover\">\n<tr class=\"row-2\">\n\t<td class=\"column-1 mtr-td-tag\" data-mtr-content=\"FOTO\"><div class=\"mtr-cell-content\"><\/div><\/td><td class=\"column-2 mtr-td-tag\" data-mtr-content=\"NAME\"><div class=\"mtr-cell-content\"><b>MOY WOOD SILVERLADY<\/b><br><br>Stute<br>Schimmel<br>*01.05.1976<br><br><\/div><\/td><td class=\"column-3 mtr-td-tag\" data-mtr-content=\"JAHR\"><div class=\"mtr-cell-content\">1976<\/div><\/td><td class=\"column-4 mtr-td-tag\" data-mtr-content=\"VATER\"><div class=\"mtr-cell-content\">Orpheus<\/div><\/td><td class=\"column-5 mtr-td-tag\" data-mtr-content=\"MUTTER\"><div class=\"mtr-cell-content\">Moy Wood Sorrel<br>v. Rebel Wind 127<\/div><\/td><td class=\"column-6 mtr-td-tag\" data-mtr-content=\"Z\u00dcCHTER\"><div class=\"mtr-cell-content\">Ellen Th\u00f6rner<br>Voltlage<br><\/div><\/td>\n<\/tr>\n<\/tbody>\n<\/table>\n<!-- #tablepress-18 from cache -->\n","protected":false},"excerpt":{"rendered":"<p>&nbsp; Farbe: Schimmel Hengstbuch: Weser-Ems HB I Geboren: 24.05.1973 Leistungspr\u00fcfung: Stockma\u00df: 145 cm Tr\u00e4ger des Creme-Faktors: unbekannt R\u00f6hrbein: Tr\u00e4ger des Fuchsgens: unbekannt Ausgeschieden: 1975 kastriert &nbsp; &nbsp; Gek\u00f6rte S\u00f6hne: Eingetragene Stuten: 1 &nbsp; davon StPrSt: &nbsp; Lebensgewinnsumme: Nachkommen-LGS: Z\u00fcchter: Elisabeth <a class=\"more-link\" href=\"https:\/\/www.cpv-ev.com\/?page_id=10527\"><span class=\"screen-reader-text\">  Orpheus<\/span> weiterlesen<span class=\"meta-nav\">&rarr;<\/span><\/a><\/p>\n","protected":false},"author":2,"featured_media":0,"parent":11819,"menu_order":0,"comment_status":"closed","ping_status":"closed","template":"","meta":{"ngg_post_thumbnail":0,"footnotes":""},"class_list":["post-10527","page","type-page","status-publish","hentry"],"_links":{"self":[{"href":"https:\/\/www.cpv-ev.com\/index.php?rest_route=\/wp\/v2\/pages\/10527","targetHints":{"allow":["GET"]}}],"collection":[{"href":"https:\/\/www.cpv-ev.com\/index.php?rest_route=\/wp\/v2\/pages"}],"about":[{"href":"https:\/\/www.cpv-ev.com\/index.php?rest_route=\/wp\/v2\/types\/page"}],"author":[{"embeddable":true,"href":"https:\/\/www.cpv-ev.com\/index.php?rest_route=\/wp\/v2\/users\/2"}],"replies":[{"embeddable":true,"href":"https:\/\/www.cpv-ev.com\/index.php?rest_route=%2Fwp%2Fv2%2Fcomments&post=10527"}],"version-history":[{"count":0,"href":"https:\/\/www.cpv-ev.com\/index.php?rest_route=\/wp\/v2\/pages\/10527\/revisions"}],"up":[{"embeddable":true,"href":"https:\/\/www.cpv-ev.com\/index.php?rest_route=\/wp\/v2\/pages\/11819"}],"wp:attachment":[{"href":"https:\/\/www.cpv-ev.com\/index.php?rest_route=%2Fwp%2Fv2%2Fmedia&parent=10527"}],"curies":[{"name":"wp","href":"https:\/\/api.w.org\/{rel}","templated":true}]}}

<p>&nbsp;</p>
<table cellspacing="0" cellpadding="0" border="1">
<tbody>
<tr>
<td width="359" valign="top"><strong>Farbe: </strong>Schimmel<strong><br />
</strong></td>
<td width="359" valign="top"><strong>Hengstbuch: </strong>Weser-Ems HB I<strong><br />
</strong></td>
</tr>
<tr>
<td width="359" valign="top"><strong>Geboren:</strong> 24.05.1973</td>
<td width="359" valign="top"><strong>Leistungsprüfung:</strong></td>
</tr>
<tr>
<td width="359" valign="top"><strong>Stockmaß: </strong>145 cm<strong><br />
</strong></td>
<td width="359" valign="top"><strong>Träger des Creme-Faktors:</strong> unbekannt</td>
</tr>
<tr>
<td width="359" valign="top"><strong>Röhrbein: </strong><strong><br />
</strong></td>
<td width="359" valign="top"><strong>Träger des Fuchsgens:</strong> unbekannt</td>
</tr>
<tr>
<td width="359" valign="top"><strong>Ausgeschieden: </strong>1975 kastriert<strong><br />
</strong></td>
<td width="359" valign="top">&nbsp;</td>
</tr>
<tr>
<td width="359" valign="top"><img loading="lazy" decoding="async" class="alignnone size-full wp-image-232" src="https://www.cpv-ev.com/wp-content/uploads/2012/07/trans240x10.gif" alt="trans240x10" width="240" height="10" srcset="https://www.cpv-ev.com/wp-content/uploads/2012/07/trans240x10.gif 240w, https://www.cpv-ev.com/wp-content/uploads/2012/07/trans240x10-225x10.gif 225w" sizes="auto, (max-width: 240px) 100vw, 240px" /></td>
<td width="359" valign="top">&nbsp;</td>
</tr>
<tr>
<td width="359" valign="top"><strong>Gekörte Söhne:</strong></td>
<td width="359" valign="top"><strong>Eingetragene Stuten: </strong>1<strong><br />
</strong></td>
</tr>
<tr>
<td width="359" valign="top">&nbsp;</td>
<td width="359" valign="top"><strong>davon StPrSt:</strong></td>
</tr>
<tr>
<td width="359" valign="top"><img loading="lazy" decoding="async" src="https://www.cpv-ev.com/wp-content/uploads/2012/07/trans240x10.gif" alt="trans240x10" width="240" height="10"></td>
<td width="359" valign="top">&nbsp;</td>
</tr>
<tr>
<td width="359" valign="top"><strong>Lebensgewinnsumme:</strong> <img loading="lazy" decoding="async" class="alignnone size-full wp-image-232" title="trans240x10" src="https://www.cpv-ev.com/wp-content/uploads/2012/07/trans240x10.gif" alt="" width="100" height="20"></td>
<td width="359" valign="top"><strong>Nachkommen-LGS:</strong></td>
</tr>
<tr>
<td colspan="2" width="717" valign="top"><img loading="lazy" decoding="async" src="https://www.cpv-ev.com/wp-content/uploads/2012/07/trans240x10.gif" alt="trans240x10" width="240" height="10"></td>
</tr>
<tr>
<td colspan="2" width="717" valign="top"><strong><strong>Züchter: </strong></strong>Elisabeth von Saint Paul, Bonn-Ippendorf<strong><strong><br />
</strong></strong><strong>Besitzer: </strong>Ellen Thörner, Hasbergen<strong><br />
</strong></td>
</tr>
<tr>
<td width="359" valign="top">&nbsp;</td>
<td width="359" valign="top">&nbsp;</td>
</tr>
<tr>
<td colspan="2" width="717" valign="top">&nbsp;</td>
</tr>
</tbody>
</table>
<h5>Pedigree</h5>
<p><img loading="lazy" decoding="async" class="alignnone size-full wp-image-13304" src="https://www.cpv-ev.com/wp-content/uploads/2014/08/Orpheus.jpg" alt="Orpheus" width="680" height="310" srcset="https://www.cpv-ev.com/wp-content/uploads/2014/08/Orpheus.jpg 680w, https://www.cpv-ev.com/wp-content/uploads/2014/08/Orpheus-241x110.jpg 241w, https://www.cpv-ev.com/wp-content/uploads/2014/08/Orpheus-300x136.jpg 300w, https://www.cpv-ev.com/wp-content/uploads/2014/08/Orpheus-500x227.jpg 500w" sizes="auto, (max-width: 680px) 100vw, 680px" /></p>
<p>&nbsp;</p>
<h5>Galerie</h5>
<p>&nbsp;</p>
<h5>Nachkommen</h5>

<table id="tablepress-18" class="tablepress tablepress-id-18 mtr-table mtr-thead-th">
<thead>
<tr class="row-1">
	<th class="column-1 mtr-th-tag" data-mtr-content="FOTO"><div class="mtr-cell-content">FOTO</div></th><th class="column-2 mtr-th-tag" data-mtr-content="NAME"><div class="mtr-cell-content">NAME</div></th><th class="column-3 mtr-th-tag" data-mtr-content="JAHR"><div class="mtr-cell-content">JAHR</div></th><th class="column-4 mtr-th-tag" data-mtr-content="VATER"><div class="mtr-cell-content">VATER</div></th><th class="column-5 mtr-th-tag" data-mtr-content="MUTTER"><div class="mtr-cell-content">MUTTER</div></th><th class="column-6 mtr-th-tag" data-mtr-content="ZÜCHTER"><div class="mtr-cell-content">ZÜCHTER</div></th>
</tr>
</thead>
<tbody class="row-striping row-hover">
<tr class="row-2">
	<td class="column-1 mtr-td-tag" data-mtr-content="FOTO"><div class="mtr-cell-content"></div></td><td class="column-2 mtr-td-tag" data-mtr-content="NAME"><div class="mtr-cell-content"><b>MOY WOOD SILVERLADY</b><br><br>Stute<br>Schimmel<br>*01.05.1976<br><br></div></td><td class="column-3 mtr-td-tag" data-mtr-content="JAHR"><div class="mtr-cell-content">1976</div></td><td class="column-4 mtr-td-tag" data-mtr-content="VATER"><div class="mtr-cell-content">Orpheus</div></td><td class="column-5 mtr-td-tag" data-mtr-content="MUTTER"><div class="mtr-cell-content">Moy Wood Sorrel<br>v. Rebel Wind 127</div></td><td class="column-6 mtr-td-tag" data-mtr-content="ZÜCHTER"><div class="mtr-cell-content">Ellen Thörner<br>Voltlage<br></div></td>
</tr>
</tbody>
</table>
<!-- #tablepress-18 from cache -->

<p>&nbsp; Farbe: Schimmel Hengstbuch: Weser-Ems HB I Geboren: 24.05.1973 Leistungsprüfung: Stockmaß: 145 cm Träger des Creme-Faktors: unbekannt Röhrbein: Träger des Fuchsgens: unbekannt Ausgeschieden: 1975 kastriert &nbsp; &nbsp; Gekörte Söhne: Eingetragene Stuten: 1 &nbsp; davon StPrSt: &nbsp; Lebensgewinnsumme: Nachkommen-LGS: Züchter: Elisabeth <a class="more-link" href="https://www.cpv-ev.com/?page_id=10527"><span class="screen-reader-text">  Orpheus</span> weiterlesen<span class="meta-nav">&rarr;</span></a></p>
